{"id":74121,"date":"2024-04-10T11:08:12","date_gmt":"2024-04-10T10:08:12","guid":{"rendered":"https:\/\/www.memoria.cat\/vila-closes\/?page_id=74121"},"modified":"2024-06-04T16:13:52","modified_gmt":"2024-06-04T15:13:52","slug":"credits","status":"publish","type":"page","link":"https:\/\/www.memoria.cat\/vila-closes\/credits\/","title":{"rendered":"Cr\u00e8dits"},"content":{"rendered":"<p>&nbsp;<\/p>\n<p><strong>Autor<\/strong>:\u00a0Joaquim Aloy<\/p>\n<p><strong>Fons documental i fotogr\u00e0fic<\/strong>: fam\u00edlia Vila Roca,\u00a0V\u00edctor Feliu, Arxiu de l&#8217;Associaci\u00f3 de Ve\u00efns Barriada Saldes-Pla\u00e7a de Catalunya<\/p>\n<p><strong>Disseny<\/strong>: Arnau Aloy i Oliv\u00e9<\/p>\n<p><strong>Maquetaci\u00f3<\/strong>: Sergi Selvas i Llu\u00eds Puy Sorribas<\/p>\n<p><strong>Agra\u00efments<\/strong>: Margot Vila, V\u00edctor Feliu, Oriol Perramon<\/p>\n<p>Manresa, abril del 2017. Renovaci\u00f3: juny del 2024<\/p>\n","protected":false},"excerpt":{"rendered":"<p>&nbsp; Autor:\u00a0Joaquim Aloy Fons documental i fotogr\u00e0fic: fam\u00edlia Vila Roca,\u00a0V\u00edctor Feliu, Arxiu de l&#8217;Associaci\u00f3 de Ve\u00efns Barriada Saldes-Pla\u00e7a de Catalunya Disseny: Arnau Aloy i Oliv\u00e9 Maquetaci\u00f3: Sergi Selvas i Llu\u00eds Puy Sorribas Agra\u00efments: Margot Vila, V\u00edctor Feliu, Oriol Perramon Manresa, abril del 2017. Renovaci\u00f3: juny del 2024<\/p>\n","protected":false},"author":66,"featured_media":0,"parent":0,"menu_order":0,"comment_status":"closed","ping_status":"closed","template":"","meta":{"iawp_total_views":0,"footnotes":""},"class_list":["post-74121","page","type-page","status-publish","hentry"],"_links":{"self":[{"href":"https:\/\/www.memoria.cat\/vila-closes\/wp-json\/wp\/v2\/pages\/74121","targetHints":{"allow":["GET"]}}],"collection":[{"href":"https:\/\/www.memoria.cat\/vila-closes\/wp-json\/wp\/v2\/pages"}],"about":[{"href":"https:\/\/www.memoria.cat\/vila-closes\/wp-json\/wp\/v2\/types\/page"}],"author":[{"embeddable":true,"href":"https:\/\/www.memoria.cat\/vila-closes\/wp-json\/wp\/v2\/users\/66"}],"replies":[{"embeddable":true,"href":"https:\/\/www.memoria.cat\/vila-closes\/wp-json\/wp\/v2\/comments?post=74121"}],"version-history":[{"count":0,"href":"https:\/\/www.memoria.cat\/vila-closes\/wp-json\/wp\/v2\/pages\/74121\/revisions"}],"wp:attachment":[{"href":"https:\/\/www.memoria.cat\/vila-closes\/wp-json\/wp\/v2\/media?parent=74121"}],"curies":[{"name":"wp","href":"https:\/\/api.w.org\/{rel}","templated":true}]}}