{"id":73890,"date":"2024-04-04T15:58:14","date_gmt":"2024-04-04T14:58:14","guid":{"rendered":"https:\/\/www.memoria.cat\/vila-closes\/?page_id=73890"},"modified":"2024-04-04T16:06:13","modified_gmt":"2024-04-04T15:06:13","slug":"textos-de-victor-feliu-i-j-m-massegu-sobre-vila-closes","status":"publish","type":"page","link":"https:\/\/www.memoria.cat\/vila-closes\/textos-de-victor-feliu-i-j-m-massegu-sobre-vila-closes\/","title":{"rendered":"Textos de V\u00edctor Feliu i J. M. Masseg\u00fa sobre Vila Closes"},"content":{"rendered":"<div id=\"jig1\" class=\"justified-image-grid jig-e92ca804d0ce1b44eb4737bf5278950f jig-preset-c2 jig-source-wp-gallery jig-rml-id-8\"><div class=\"jig-clearfix\"><\/div><noscript id=\"jig1-html\" class=\"justified-image-grid-html\" data-lazy-src=\"skiplazyload\" data-src=\"skipunveillazyload\"><ul><li><a href=\"https:\/\/www.memoria.cat\/vila-closes\/wp-content\/uploads\/sites\/136\/2024\/04\/escrit_de_massegu_amb_motiu_concessio_medalla_de_la_ciutat_-_lesquellot_num.1.jpg\"><img decoding=\"async\" src=\"https:\/\/www.memoria.cat\/vila-closes\/wp-content\/plugins\/justified-image-grid\/timthumb.php?src=https%3A%2F%2Fwww.memoria.cat%2Fvila-closes%2Fwp-content%2Fuploads%2Fsites%2F136%2F2024%2F04%2Fescrit_de_massegu_amb_motiu_concessio_medalla_de_la_ciutat_-_lesquellot_num.1.jpg&amp;h=230&amp;q=90&amp;f=.jpg\" alt=\"\" width=\"167\" height=\"230\" \/><\/a><\/li><li><a href=\"https:\/\/www.memoria.cat\/vila-closes\/wp-content\/uploads\/sites\/136\/2024\/04\/escrit_de_victor_feliu_amb_motiu_de_la_concessio_de_la_medalla_de_la_ciutat_-_lesquellot_-_abril_2001.jpg\"><img decoding=\"async\" src=\"https:\/\/www.memoria.cat\/vila-closes\/wp-content\/plugins\/justified-image-grid\/timthumb.php?src=https%3A%2F%2Fwww.memoria.cat%2Fvila-closes%2Fwp-content%2Fuploads%2Fsites%2F136%2F2024%2F04%2Fescrit_de_victor_feliu_amb_motiu_de_la_concessio_de_la_medalla_de_la_ciutat_-_lesquellot_-_abril_2001.jpg&amp;h=230&amp;q=90&amp;f=.jpg\" alt=\"\" width=\"167\" height=\"230\" \/><\/a><\/li><li><a href=\"https:\/\/www.memoria.cat\/vila-closes\/wp-content\/uploads\/sites\/136\/2024\/04\/favm._butlleti_federacio_dassociacions_de_veins_de_manresa_-_num._5_-_marc_2016.jpg\"><img decoding=\"async\" src=\"https:\/\/www.memoria.cat\/vila-closes\/wp-content\/plugins\/justified-image-grid\/timthumb.php?src=https%3A%2F%2Fwww.memoria.cat%2Fvila-closes%2Fwp-content%2Fuploads%2Fsites%2F136%2F2024%2F04%2Ffavm._butlleti_federacio_dassociacions_de_veins_de_manresa_-_num._5_-_marc_2016.jpg&amp;h=230&amp;q=90&amp;f=.jpg\" alt=\"\" width=\"162\" height=\"230\" \/><\/a><\/li><\/ul><\/noscript><\/div>\n<p>Escrits de Josep M. Masseg\u00fa i V\u00edctor Feliu amb motiu de la concessi\u00f3 de la Medalla de la Ciutat a Josep Vila Closes (abril 2001) i text de V\u00edctor Feliu publicat al Butllet\u00ed de la Federaci\u00f3 d&#8217;Associacions de Ve\u00efns de Manresa, amb motiu dels 10 anys de la seva mort\u00a0(mar\u00e7 de 2016).<\/p>\n<p>&nbsp;<\/p>\n<p><a href=\"https:\/\/www.memoria.cat\/vila-closes\/wp-content\/uploads\/sites\/136\/2024\/04\/Microsoft-Word-Glossa_de_Victor_Feliu_i_Ferrer.doc.pdf\" target=\"_blank\" rel=\"noopener\">Glossa de V\u00edctor Feliu, president durant molts anys de l\u2019Associaci\u00f3 de Ve\u00efns de la Barriada Saldes-Pla\u00e7a de Catalunya, llegida durant la inauguraci\u00f3 de l\u2019escultura.<\/a><\/p>\n","protected":false},"excerpt":{"rendered":"<p>Escrits de Josep M. Masseg\u00fa i V\u00edctor Feliu amb motiu de la concessi\u00f3 de la Medalla de la Ciutat a Josep Vila Closes (abril 2001) i text de V\u00edctor Feliu publicat al Butllet\u00ed de la Federaci\u00f3 d&#8217;Associacions de Ve\u00efns de Manresa, amb motiu dels 10 anys de la seva mort\u00a0(mar\u00e7 de 2016). &nbsp; Glossa de [&hellip;]<\/p>\n","protected":false},"author":66,"featured_media":0,"parent":0,"menu_order":0,"comment_status":"closed","ping_status":"closed","template":"","meta":{"iawp_total_views":0,"footnotes":""},"class_list":["post-73890","page","type-page","status-publish","hentry"],"_links":{"self":[{"href":"https:\/\/www.memoria.cat\/vila-closes\/wp-json\/wp\/v2\/pages\/73890","targetHints":{"allow":["GET"]}}],"collection":[{"href":"https:\/\/www.memoria.cat\/vila-closes\/wp-json\/wp\/v2\/pages"}],"about":[{"href":"https:\/\/www.memoria.cat\/vila-closes\/wp-json\/wp\/v2\/types\/page"}],"author":[{"embeddable":true,"href":"https:\/\/www.memoria.cat\/vila-closes\/wp-json\/wp\/v2\/users\/66"}],"replies":[{"embeddable":true,"href":"https:\/\/www.memoria.cat\/vila-closes\/wp-json\/wp\/v2\/comments?post=73890"}],"version-history":[{"count":0,"href":"https:\/\/www.memoria.cat\/vila-closes\/wp-json\/wp\/v2\/pages\/73890\/revisions"}],"wp:attachment":[{"href":"https:\/\/www.memoria.cat\/vila-closes\/wp-json\/wp\/v2\/media?parent=73890"}],"curies":[{"name":"wp","href":"https:\/\/api.w.org\/{rel}","templated":true}]}}