{"id":73404,"date":"2019-11-11T13:18:10","date_gmt":"2019-11-11T12:18:10","guid":{"rendered":"https:\/\/www.memoria.cat\/vila-closes\/?page_id=73404"},"modified":"2024-05-21T07:23:30","modified_gmt":"2024-05-21T06:23:30","slug":"portada","status":"publish","type":"page","link":"https:\/\/www.memoria.cat\/vila-closes\/","title":{"rendered":"Portada"},"content":{"rendered":"<p>&nbsp;<\/p>\n<p><strong>Josep Vila Closes i el seu barri<\/strong><\/p>\n<p><a href=\"https:\/\/ca.wikipedia.org\/wiki\/Josep_Vila_Closes\" target=\"_blank\" rel=\"noopener\">Josep Vila Closes<\/a>\u00a0(Manresa, 1921 \u2013 2005) va ser un pintor molt popular. L&#8217;any 2001 va rebre la Medalla de la Ciutat de Manresa. En aquest web volem recuperar una faceta seva poc divulgada, la del ve\u00ed comprom\u00e8s de ple amb el \u201cseu\u201d barri (la barriada Saldes-Pla\u00e7a de Catalunya), un barri que estimava profundament.<\/p>\n<p>Repassarem algunes de les moltes\u00a0<a href=\"https:\/\/www.memoria.cat\/vila-closes\/els-murals-de-la-placa-de-catalunya\/\" target=\"_self\" rel=\"noopener\">pintades murals<\/a>\u00a0que va fer a la pla\u00e7a, comen\u00e7ant per<a href=\"https:\/\/www.memoria.cat\/vila-closes\/les-pintades-reivindicatives-del-1976\/\">\u00a0les m\u00e9s reivindicatives (a l\u2019any 1976)<\/a>; recordarem una\u00a0<a href=\"https:\/\/www.memoria.cat\/vila-closes\/lexposicio-antologica-de-vila-closes-5-29-4-2001\/\" target=\"_self\" rel=\"noopener\">exposici\u00f3 antol\u00f2gica<\/a>\u00a0celebrada al barri i\u00a0<a href=\"https:\/\/www.memoria.cat\/vila-closes\/indrets-del-barri-pintats-per-vila-closes\/\">alguns indrets que va pintar<\/a>;\u00a0<a href=\"https:\/\/www.memoria.cat\/vila-closes\/homenatge-de-joves-artistes-a-vila-closes-21-4-2001\/\" target=\"_self\" rel=\"noopener\">tamb\u00e9 l\u2019homenatge que li van tributar diferents joves artistes<\/a>,\u00a0<a href=\"https:\/\/www.memoria.cat\/vila-closes\/vila-closes-amb-els-infants-de-lespurna\/\" target=\"_self\" rel=\"noopener\">dues visites seves a la llar d\u2019infants l\u2019Espurna<\/a>,\u00a0<a href=\"https:\/\/www.memoria.cat\/vila-closes\/la-maleta-del-barri-setembre-2004\/\">la maleta del barri que va decorar<\/a>\u00a0i els<a href=\"https:\/\/www.memoria.cat\/vila-closes\/textos-de-victor-feliu-i-j-m-massegu-sobre-vila-closes\/\" target=\"_self\" rel=\"noopener\">\u00a0escrits que V\u00edctor Feliu i Josep M. Masseg\u00fa li dedicaren<\/a>. Tamb\u00e9\u00a0recordarem dues iniciatives de l&#8217;Associaci\u00f3 de Ve\u00efns per recordar la seva figura, un cop ja traspassat:\u00a0<a href=\"https:\/\/www.memoria.cat\/vila-closes\/el-parc-pintor-vila-closes\/\">la recollida de signatures perqu\u00e8 el parc de la pla\u00e7a de Catalunya port\u00e9s el seu nom<\/a>\u00a0i\u00a0<a href=\"https:\/\/www.memoria.cat\/vila-closes\/plaques-de-cava-dedicades-a-vila-closes\/\">la dedicaci\u00f3 de dues plaques de cava al pintor<\/a>.<\/p>\n<p>De la revista del barri, \u201cL\u2019Esquellot\u201d, recuperem els seus\u00a0<a href=\"https:\/\/www.memoria.cat\/vila-closes\/escrits-de-vila-closes-a-lesquellot\/\" target=\"_self\" rel=\"noopener\">escrits<\/a>, els seus\u00a0<a href=\"https:\/\/www.memoria.cat\/vila-closes\/dibuixos-per-a-la-revista-lesquellot-organ-de-lassociacio-de-veins\/\" target=\"_self\" rel=\"noopener\">dibuixos<\/a>\u00a0i les\u00a0<a href=\"https:\/\/www.memoria.cat\/vila-closes\/entrevistes-a-vila-closes-publicades-a-lesquellot\/\" target=\"_self\" rel=\"noopener\">entrevistes<\/a>\u00a0que li feren. I ens podrem aturar al darrer acte que es va celebrar en record a la seva personalitat:\u00a0<a href=\"https:\/\/www.memoria.cat\/vila-closes\/la-inauguracio-de-lescultura-dedicada-a-josep-vila-closes-25-4-2015\/\" target=\"_self\" rel=\"noopener\">la inauguraci\u00f3 de l\u2019escultura (2015)<\/a>, on V\u00edctor Feliu va llegir\u00a0<a href=\"https:\/\/www.memoria.cat\/vila-closes\/wp-content\/uploads\/sites\/136\/2024\/04\/Microsoft-Word-Glossa_de_Victor_Feliu_i_Ferrer.doc-Glossa_de_Victor_Feliu_i_Ferrer.pdf\" target=\"_self\" rel=\"noopener\">un text<\/a>\u00a0que explica molt b\u00e9 qui era Josep Vila Closes i per qu\u00e8 era tan estimat.<\/p>\n<p class=\"rtecenter\">\u00a0 \u00a0 \u00a0 \u00a0 \u00a0 \u00a0 \u00a0 \u00a0 \u00a0 \u00a0 \u00a0 \u00a0 \u00a0 \u00a0 \u00a0 \u00a0 \u00a0 \u00a0 \u00a0 \u00a0 \u00a0 \u00a0 \u00a0 \u00a0 \u00a0 \u00a0 \u00a0 \u00a0 \u00a0 \u00a0 \u00a0 \u00a0 \u00a0 \u00a0 \u00a0 \u00a0 \u00a0 \u00a0 \u00a0 \u00a0 \u00a0 \u00a0 \u00a0 \u00a0 \u00a0 \u00a0 \u00a0 \u00a0 \u00a0 \u00a0 \u00a0 \u00a0 \u00a0 \u00a0 Joaquim Aloy<\/p>\n<p>&nbsp;<\/p>\n","protected":false},"excerpt":{"rendered":"<p>&nbsp; Josep Vila Closes i el seu barri Josep Vila Closes\u00a0(Manresa, 1921 \u2013 2005) va ser un pintor molt popular. L&#8217;any 2001 va rebre la Medalla de la Ciutat de Manresa. En aquest web volem recuperar una faceta seva poc divulgada, la del ve\u00ed comprom\u00e8s de ple amb el \u201cseu\u201d barri (la barriada Saldes-Pla\u00e7a de [&hellip;]<\/p>\n","protected":false},"author":1,"featured_media":0,"parent":0,"menu_order":0,"comment_status":"closed","ping_status":"closed","template":"","meta":{"iawp_total_views":7,"footnotes":""},"class_list":["post-73404","page","type-page","status-publish","hentry"],"_links":{"self":[{"href":"https:\/\/www.memoria.cat\/vila-closes\/wp-json\/wp\/v2\/pages\/73404","targetHints":{"allow":["GET"]}}],"collection":[{"href":"https:\/\/www.memoria.cat\/vila-closes\/wp-json\/wp\/v2\/pages"}],"about":[{"href":"https:\/\/www.memoria.cat\/vila-closes\/wp-json\/wp\/v2\/types\/page"}],"author":[{"embeddable":true,"href":"https:\/\/www.memoria.cat\/vila-closes\/wp-json\/wp\/v2\/users\/1"}],"replies":[{"embeddable":true,"href":"https:\/\/www.memoria.cat\/vila-closes\/wp-json\/wp\/v2\/comments?post=73404"}],"version-history":[{"count":0,"href":"https:\/\/www.memoria.cat\/vila-closes\/wp-json\/wp\/v2\/pages\/73404\/revisions"}],"wp:attachment":[{"href":"https:\/\/www.memoria.cat\/vila-closes\/wp-json\/wp\/v2\/media?parent=73404"}],"curies":[{"name":"wp","href":"https:\/\/api.w.org\/{rel}","templated":true}]}}