{"id":73404,"date":"2019-11-11T13:18:10","date_gmt":"2019-11-11T12:18:10","guid":{"rendered":"https:\/\/www.memoria.cat\/sitjes\/?page_id=73404"},"modified":"2023-12-16T11:24:16","modified_gmt":"2023-12-16T10:24:16","slug":"portada","status":"publish","type":"page","link":"https:\/\/www.memoria.cat\/sitjes\/","title":{"rendered":"Portada"},"content":{"rendered":"<p>Us presentem una gravaci\u00f3 en v\u00eddeo d\u2019uns 90 minuts, dividida en 44 talls, d\u2019una entrevista a l\u2019advocat, erudit i humanista Xavier Sitjes i Molins, realitzada per Joaquim Aloy i Pere Gasol, el gener de 2010.<\/p>\n<p>Xavier Sitjes i Molins, nascut a Sallent el 1921 i establert a Manresa el 1946, \u00e9s una persona \u00a0compromesa amb la ciutat, la comarca i el pa\u00eds, i amb els ideals del catalanisme, la llibertat i la just\u00edcia social. \u00c9s, a m\u00e9s, un rellevant investigador i divulgador especialitzat en patrimoni medieval i barroc, tot un referent per als estudiosos en aquests \u00e0mbits. El proper 8 d&#8217;octubre rebr\u00e0 la Medalla de la Ciutat de Manresa al M\u00e8rit Cultural. (Vegeu: \u201c<a href=\"http:\/\/www.regio7.cat\/manresa\/2012\/05\/17\/xavier-sitjes-humanista-merit-cultural\/197941.html\">Xavier Sitjes, un humanista amb m\u00e8rit cultural<\/a>\u201d).<\/p>\n<p>Durant l\u2019entrevista, Xavier Sitjes parla dels seus records de la Rep\u00fablica, la guerra i el franquisme, entona \u201cEl cant del poble\u201d, parla de com va veure l\u2019intent d\u2019assassinat del l\u00edder d\u2019Estat Catal\u00e0 Mari\u00e0 Homs, de com van saber que el seu pare no estava a la llista dels que el Comit\u00e8 Revolucionari de Sallent volia matar, de les persones que coneixia que van ser assassinades el 1936 i d\u2019altres que van ser executades el 1939. Tamb\u00e9 refereix les seves trobades amb maquis, la negativa a assistir a la recepci\u00f3 del general Franco durant la primera visita que f\u00e9u a Manresa, les seves conviccions independentistes, el fet que va ser la primera persona que va publicar en catal\u00e0 a Manresa durant el franquisme, les seves trobades amb Jordi Pujol, les discrep\u00e0ncies que -com a militant d&#8217;Uni\u00f3 Democr\u00e0tica de Catalunya- mantingu\u00e9 amb Josep Antoni Duran i Lleida, la seva participaci\u00f3 a l\u2019Assemblea del Bages i a l\u2019Assemblea de Catalunya i diferents aspectes de la repressi\u00f3 franquista. En un altre ordre de coses, Sitjes ofereix la seva opini\u00f3 sobre la restauraci\u00f3 de Sant Benet de Bages i la desaparici\u00f3 de Caixa Manresa.<\/p>\n<p>&nbsp;<\/p>\n","protected":false},"excerpt":{"rendered":"<p>Us presentem una gravaci\u00f3 en v\u00eddeo d\u2019uns 90 minuts, dividida en 44 talls, d\u2019una entrevista a l\u2019advocat, erudit i humanista Xavier Sitjes i Molins, realitzada per Joaquim Aloy i Pere Gasol, el gener de 2010. Xavier Sitjes i Molins, nascut a Sallent el 1921 i establert a Manresa el 1946, \u00e9s una persona \u00a0compromesa amb [&hellip;]<\/p>\n","protected":false},"author":1,"featured_media":0,"parent":0,"menu_order":0,"comment_status":"closed","ping_status":"closed","template":"","meta":{"footnotes":""},"class_list":["post-73404","page","type-page","status-publish","hentry"],"_links":{"self":[{"href":"https:\/\/www.memoria.cat\/sitjes\/wp-json\/wp\/v2\/pages\/73404","targetHints":{"allow":["GET"]}}],"collection":[{"href":"https:\/\/www.memoria.cat\/sitjes\/wp-json\/wp\/v2\/pages"}],"about":[{"href":"https:\/\/www.memoria.cat\/sitjes\/wp-json\/wp\/v2\/types\/page"}],"author":[{"embeddable":true,"href":"https:\/\/www.memoria.cat\/sitjes\/wp-json\/wp\/v2\/users\/1"}],"replies":[{"embeddable":true,"href":"https:\/\/www.memoria.cat\/sitjes\/wp-json\/wp\/v2\/comments?post=73404"}],"version-history":[{"count":0,"href":"https:\/\/www.memoria.cat\/sitjes\/wp-json\/wp\/v2\/pages\/73404\/revisions"}],"wp:attachment":[{"href":"https:\/\/www.memoria.cat\/sitjes\/wp-json\/wp\/v2\/media?parent=73404"}],"curies":[{"name":"wp","href":"https:\/\/api.w.org\/{rel}","templated":true}]}}