{"id":73937,"date":"2024-02-05T18:53:53","date_gmt":"2024-02-05T17:53:53","guid":{"rendered":"https:\/\/www.memoria.cat\/rosal\/?page_id=73937"},"modified":"2024-08-15T11:23:18","modified_gmt":"2024-08-15T10:23:18","slug":"montserrat","status":"publish","type":"page","link":"https:\/\/www.memoria.cat\/rosal\/fons-fotografic\/fotos-de-la-comarca-del-bages\/montserrat\/","title":{"rendered":"Montserrat"},"content":{"rendered":"<p>Vistes del monestir i la muntanya de Montserrat.<\/p>\n<div id=\"jig1\" class=\"justified-image-grid jig-81a26e64d43bfb88a9f48e4a1c8cc41d jig-preset-c3 jig-source-wp-gallery jig-rml-id-35\"><div class=\"jig-clearfix\"><\/div><noscript id=\"jig1-html\" class=\"justified-image-grid-html\" data-lazy-src=\"skiplazyload\" data-src=\"skipunveillazyload\"><ul><li><a href=\"https:\/\/www.memoria.cat\/rosal\/wp-content\/uploads\/sites\/117\/2024\/08\/639-Rosal-Manresa.jpg\"><img decoding=\"async\" src=\"https:\/\/www.memoria.cat\/rosal\/wp-content\/uploads\/sites\/117\/2024\/08\/639-Rosal-Manresa.jpg\" alt=\"\" width=\"207\" height=\"230\" \/><\/a><\/li><li><a href=\"https:\/\/www.memoria.cat\/rosal\/wp-content\/uploads\/sites\/117\/2024\/08\/640-Rosal-Manresa.jpg\"><img fetchpriority=\"high\" decoding=\"async\" src=\"https:\/\/www.memoria.cat\/rosal\/wp-content\/uploads\/sites\/117\/2024\/08\/640-Rosal-Manresa.jpg\" alt=\"\" width=\"220\" height=\"230\" \/><\/a><\/li><li><a href=\"https:\/\/www.memoria.cat\/rosal\/wp-content\/uploads\/sites\/117\/2024\/08\/641-Rosal-Manresa.jpg\"><img decoding=\"async\" src=\"https:\/\/www.memoria.cat\/rosal\/wp-content\/uploads\/sites\/117\/2024\/08\/641-Rosal-Manresa.jpg\" alt=\"\" width=\"208\" height=\"230\" \/><\/a><\/li><li><a href=\"https:\/\/www.memoria.cat\/rosal\/wp-content\/uploads\/sites\/117\/2024\/08\/645-Rosal-Manresa.jpg\"><img loading=\"lazy\" decoding=\"async\" src=\"https:\/\/www.memoria.cat\/rosal\/wp-content\/uploads\/sites\/117\/2024\/08\/645-Rosal-Manresa.jpg\" alt=\"\" width=\"217\" height=\"230\" \/><\/a><\/li><li><a href=\"https:\/\/www.memoria.cat\/rosal\/wp-content\/uploads\/sites\/117\/2024\/08\/636-Rosal-Manresa.jpg\" title=\"El cremallera.\"><img loading=\"lazy\" decoding=\"async\" src=\"https:\/\/www.memoria.cat\/rosal\/wp-content\/uploads\/sites\/117\/2024\/08\/636-Rosal-Manresa.jpg\" alt=\"El cremallera.\" width=\"209\" height=\"230\" \/><\/a><p class=\"jig-HTMLdescription\">El cremallera.<\/p><\/li><li><a href=\"https:\/\/www.memoria.cat\/rosal\/wp-content\/uploads\/sites\/117\/2024\/08\/637-Rosal-Manresa.jpg\" title=\"Cinqu\u00e8 misteri de dolor, la crucifixi\u00f3, del rosari monumental constru\u00eft en el cam\u00ed de la Cova, obra de Josep Puig i Cadafalch i Josep Llimona.\"><img loading=\"lazy\" decoding=\"async\" src=\"https:\/\/www.memoria.cat\/rosal\/wp-content\/uploads\/sites\/117\/2024\/08\/637-Rosal-Manresa.jpg\" alt=\"Cinqu\u00e8 misteri de dolor, la crucifixi\u00f3, del rosari monumental constru\u00eft en el cam\u00ed de la Cova, obra de Josep Puig i Cadafalch i Josep Llimona.\" width=\"215\" height=\"230\" \/><\/a><p class=\"jig-HTMLdescription\">Cinqu\u00e8 misteri de dolor, la crucifixi\u00f3, del rosari monumental constru\u00eft en el cam\u00ed de la Cova, obra de Josep Puig i Cadafalch i Josep Llimona.<\/p><\/li><li><a href=\"https:\/\/www.memoria.cat\/rosal\/wp-content\/uploads\/sites\/117\/2024\/08\/643-Rosal-Manresa.jpg\" title=\"Edifici de la Cova.\"><img loading=\"lazy\" decoding=\"async\" src=\"https:\/\/www.memoria.cat\/rosal\/wp-content\/uploads\/sites\/117\/2024\/08\/643-Rosal-Manresa.jpg\" alt=\"Edifici de la Cova.\" width=\"216\" height=\"230\" \/><\/a><p class=\"jig-HTMLdescription\">Edifici de la Cova.<\/p><\/li><li><a href=\"https:\/\/www.memoria.cat\/rosal\/wp-content\/uploads\/sites\/117\/2024\/08\/p92-Rosal-Manresa.jpg\" title=\"Grup davant de les restes del claustre g\u00f2tic.\"><img loading=\"lazy\" decoding=\"async\" src=\"https:\/\/www.memoria.cat\/rosal\/wp-content\/uploads\/sites\/117\/2024\/08\/p92-Rosal-Manresa.jpg\" alt=\"Grup davant de les restes del claustre g\u00f2tic.\" width=\"331\" height=\"230\" \/><\/a><p class=\"jig-HTMLdescription\">Grup davant de les restes del claustre g\u00f2tic.<\/p><\/li><\/ul><\/noscript><\/div>\n","protected":false},"excerpt":{"rendered":"<p>Vistes del monestir i la muntanya de Montserrat.<\/p>\n","protected":false},"author":28,"featured_media":0,"parent":73844,"menu_order":0,"comment_status":"closed","ping_status":"closed","template":"","meta":{"iawp_total_views":1,"footnotes":""},"class_list":["post-73937","page","type-page","status-publish","hentry"],"_links":{"self":[{"href":"https:\/\/www.memoria.cat\/rosal\/wp-json\/wp\/v2\/pages\/73937","targetHints":{"allow":["GET"]}}],"collection":[{"href":"https:\/\/www.memoria.cat\/rosal\/wp-json\/wp\/v2\/pages"}],"about":[{"href":"https:\/\/www.memoria.cat\/rosal\/wp-json\/wp\/v2\/types\/page"}],"author":[{"embeddable":true,"href":"https:\/\/www.memoria.cat\/rosal\/wp-json\/wp\/v2\/users\/28"}],"replies":[{"embeddable":true,"href":"https:\/\/www.memoria.cat\/rosal\/wp-json\/wp\/v2\/comments?post=73937"}],"version-history":[{"count":0,"href":"https:\/\/www.memoria.cat\/rosal\/wp-json\/wp\/v2\/pages\/73937\/revisions"}],"up":[{"embeddable":true,"href":"https:\/\/www.memoria.cat\/rosal\/wp-json\/wp\/v2\/pages\/73844"}],"wp:attachment":[{"href":"https:\/\/www.memoria.cat\/rosal\/wp-json\/wp\/v2\/media?parent=73937"}],"curies":[{"name":"wp","href":"https:\/\/api.w.org\/{rel}","templated":true}]}}