{"id":73927,"date":"2024-02-05T18:50:55","date_gmt":"2024-02-05T17:50:55","guid":{"rendered":"https:\/\/www.memoria.cat\/rosal\/?page_id=73927"},"modified":"2024-08-15T10:52:45","modified_gmt":"2024-08-15T09:52:45","slug":"escola-de-balsareny","status":"publish","type":"page","link":"https:\/\/www.memoria.cat\/rosal\/fons-fotografic\/fotos-de-la-comarca-del-bages\/escola-de-balsareny\/","title":{"rendered":"Escola de Balsareny"},"content":{"rendered":"<p>El dia 13 de novembre de 1927 es van inaugurar el nou edifici de les escoles de Balsareny, batejat amb el nom de Grup Escolar Marqu\u00e9s de Estella. L\u2019acte va ser presidit pel capit\u00e0 general, Emilio Barrera, que va estar acompanyat del governador civil, Joaquim Milans del Bosch; el vicepresident de la Diputaci\u00f3, comte de F\u00edgols; i el rector de la Universitat de Barcelona, Eusebio D\u00edaz Gonz\u00e1lez, a m\u00e9s d\u2019altres autoritats locals i comarcals. El capit\u00e0 general i els seus acompanyants van ser rebuts a l\u2019entrada del poble, on, despr\u00e9s de passar revista al sometent, es van dirigir cap a les escoles, que van visitar. Tot seguit, el rector de Balsareny va beneir el nou edifici i, despr\u00e9s dels discursos, les autoritats i convidats van anar a la rectoria on els van servir un banquet.<\/p>\n<div id=\"jig1\" class=\"justified-image-grid jig-0fe86b47b8020814aab79999349b1dd9 jig-preset-c1 jig-source-wp-gallery jig-rml-id-30\"><div class=\"jig-clearfix\"><\/div><noscript id=\"jig1-html\" class=\"justified-image-grid-html\" data-lazy-src=\"skiplazyload\" data-src=\"skipunveillazyload\"><ul><li><a href=\"https:\/\/www.memoria.cat\/rosal\/wp-content\/uploads\/sites\/117\/2024\/08\/1-Rosal-Manresa-scaled.jpg\"><img fetchpriority=\"high\" decoding=\"async\" src=\"https:\/\/www.memoria.cat\/rosal\/wp-content\/uploads\/sites\/117\/2024\/08\/1-Rosal-Manresa-scaled.jpg\" alt=\"\" width=\"300\" height=\"230\" \/><\/a><\/li><li><a href=\"https:\/\/www.memoria.cat\/rosal\/wp-content\/uploads\/sites\/117\/2024\/08\/2-Rosal-Manresa-scaled.jpg\"><img decoding=\"async\" src=\"https:\/\/www.memoria.cat\/rosal\/wp-content\/uploads\/sites\/117\/2024\/08\/2-Rosal-Manresa-scaled.jpg\" alt=\"\" width=\"299\" height=\"230\" \/><\/a><\/li><li><a href=\"https:\/\/www.memoria.cat\/rosal\/wp-content\/uploads\/sites\/117\/2024\/08\/6-Rosal-Manresa-scaled.jpg\"><img decoding=\"async\" src=\"https:\/\/www.memoria.cat\/rosal\/wp-content\/uploads\/sites\/117\/2024\/08\/6-Rosal-Manresa-scaled.jpg\" alt=\"\" width=\"301\" height=\"230\" \/><\/a><\/li><li><a href=\"https:\/\/www.memoria.cat\/rosal\/wp-content\/uploads\/sites\/117\/2024\/08\/7-Rosal-Manresa-scaled.jpg\"><img loading=\"lazy\" decoding=\"async\" src=\"https:\/\/www.memoria.cat\/rosal\/wp-content\/uploads\/sites\/117\/2024\/08\/7-Rosal-Manresa-scaled.jpg\" alt=\"\" width=\"300\" height=\"230\" \/><\/a><\/li><li><a href=\"https:\/\/www.memoria.cat\/rosal\/wp-content\/uploads\/sites\/117\/2024\/08\/8-Rosal-Manresa-scaled.jpg\"><img loading=\"lazy\" decoding=\"async\" src=\"https:\/\/www.memoria.cat\/rosal\/wp-content\/uploads\/sites\/117\/2024\/08\/8-Rosal-Manresa-scaled.jpg\" alt=\"\" width=\"304\" height=\"230\" \/><\/a><\/li><\/ul><\/noscript><\/div>\n<p>&nbsp;<\/p>\n","protected":false},"excerpt":{"rendered":"<p>El dia 13 de novembre de 1927 es van inaugurar el nou edifici de les escoles de Balsareny, batejat amb el nom de Grup Escolar Marqu\u00e9s de Estella. L\u2019acte va ser presidit pel capit\u00e0 general, Emilio Barrera, que va estar acompanyat del governador civil, Joaquim Milans del Bosch; el vicepresident de la Diputaci\u00f3, comte de [&hellip;]<\/p>\n","protected":false},"author":28,"featured_media":0,"parent":73844,"menu_order":0,"comment_status":"closed","ping_status":"closed","template":"","meta":{"iawp_total_views":2,"footnotes":""},"class_list":["post-73927","page","type-page","status-publish","hentry"],"_links":{"self":[{"href":"https:\/\/www.memoria.cat\/rosal\/wp-json\/wp\/v2\/pages\/73927","targetHints":{"allow":["GET"]}}],"collection":[{"href":"https:\/\/www.memoria.cat\/rosal\/wp-json\/wp\/v2\/pages"}],"about":[{"href":"https:\/\/www.memoria.cat\/rosal\/wp-json\/wp\/v2\/types\/page"}],"author":[{"embeddable":true,"href":"https:\/\/www.memoria.cat\/rosal\/wp-json\/wp\/v2\/users\/28"}],"replies":[{"embeddable":true,"href":"https:\/\/www.memoria.cat\/rosal\/wp-json\/wp\/v2\/comments?post=73927"}],"version-history":[{"count":0,"href":"https:\/\/www.memoria.cat\/rosal\/wp-json\/wp\/v2\/pages\/73927\/revisions"}],"up":[{"embeddable":true,"href":"https:\/\/www.memoria.cat\/rosal\/wp-json\/wp\/v2\/pages\/73844"}],"wp:attachment":[{"href":"https:\/\/www.memoria.cat\/rosal\/wp-json\/wp\/v2\/media?parent=73927"}],"curies":[{"name":"wp","href":"https:\/\/api.w.org\/{rel}","templated":true}]}}