{"id":96,"date":"2010-05-01T13:02:09","date_gmt":"2010-05-01T11:02:09","guid":{"rendered":"http:\/\/publish"},"modified":"2025-07-15T00:25:05","modified_gmt":"2025-07-14T23:25:05","slug":"lescola-municipal-de-musica","status":"publish","type":"page","link":"https:\/\/www.memoria.cat\/republica\/lescola-municipal-de-musica\/","title":{"rendered":"L&#8217;Escola Municipal de M\u00fasica"},"content":{"rendered":"<p class=\"normal\">En el curs escolar 1932-1933 entr\u00e0 en funcionament l\u2019Escola Municipal de M\u00fasica de Manresa. L\u2019Orfe\u00f3 Manres\u00e0, una de les entitats que m\u00e9s havia lluitat per assolir aquest objectiu, ced\u00ed provisionalment els seus locals del Teatre Conservatori perqu\u00e8 la nova Escola Municipal de M\u00fasica pogu\u00e9s comen\u00e7ar immediatament les seves activitats.<\/p>\n<p class=\"normal\">El primer director de l\u2019Escola fou Miquel Blanch i Roig (el \u201cMestre Blanch\u201d), que aconsegu\u00ed el c\u00e0rrec despr\u00e9s de guanyar un concurs-oposici\u00f3 en el qual intervingu\u00e9, com a membre del tribunal, el c\u00e8lebre m\u00fasic Llu\u00eds Millet, director de l\u2019Orfe\u00f3 Catal\u00e0.<\/p>\n<p class=\"normal\">L\u2019Escola Municipal de M\u00fasica estabilitz\u00e0 la seva matr\u00edcula a l\u2019entorn dels 90 alumnes. Tanmateix, les seves condicions materials eren m\u00e9s aviat prec\u00e0ries: ocupava un espai cedit provisionalment, instruments musicals \u2013com ara el piano- eren de lloguer, i s\u2019hi passava fred. En aquest sentit \u2013i com a exemple de la dif\u00edcil situaci\u00f3 que travessava- cal dir que durant el curs 1935-1936 \u2013en ple Bienni Negre- professors i alumnes de l\u2019Escola, a ra\u00f3 de 25 c\u00e8ntims mensuals, hagueren de comprar les serradures per escalfar-se ja que aquell curs \u2013a difer\u00e8ncia dels altres- l\u2019Ajuntament no sufrag\u00e0 aquesta despesa.<\/p>\n<p class=\"normal\">Miquel Blanch fou assassinat al comen\u00e7ament de la Guerra Civil i fou substitu\u00eft com a director per Mari\u00e0 Homs i Montserrat, c\u00e0rrec del qual fou depurat pel franquisme.<\/p>\n<p>&nbsp;<\/p>\n<h2><del>Documents<\/del><\/h2>\n<div id=\"jig1\" class=\"justified-image-grid jig-523f179f8f9d16ed459849ead73a63e4 jig-preset-c2 jig-source-wp-gallery jig-rml-id-247\"><div class=\"jig-clearfix\"><\/div><noscript id=\"jig1-html\" class=\"justified-image-grid-html\" data-lazy-src=\"skiplazyload\" data-src=\"skipunveillazyload\"><ul><li><a href=\"https:\/\/mcat.b-cdn.net\/republica\/wp-content\/uploads\/sites\/73\/2022\/02\/Manresa-republica-1-escrit-orfeo-manresa.jpg\"><img decoding=\"async\" src=\"https:\/\/mcat.b-cdn.net\/republica\/wp-content\/uploads\/sites\/73\/2022\/02\/Manresa-republica-1-escrit-orfeo-manresa.jpg\" alt=\"\" width=\"177\" height=\"230\" \/><\/a><\/li><li><a href=\"https:\/\/mcat.b-cdn.net\/republica\/wp-content\/uploads\/sites\/73\/2021\/12\/10.6.Escola.3.Memoria-Escola-de-Musica1.jpg\"><img decoding=\"async\" src=\"https:\/\/mcat.b-cdn.net\/republica\/wp-content\/uploads\/sites\/73\/2021\/12\/10.6.Escola.3.Memoria-Escola-de-Musica1.jpg\" alt=\"\" width=\"156\" height=\"230\" \/><\/a><\/li><li><a href=\"https:\/\/mcat.b-cdn.net\/republica\/wp-content\/uploads\/sites\/73\/2022\/02\/Manresa-republica-3-memoria-escola-de-musica1.jpg\"><img fetchpriority=\"high\" decoding=\"async\" src=\"https:\/\/mcat.b-cdn.net\/republica\/wp-content\/uploads\/sites\/73\/2022\/02\/Manresa-republica-3-memoria-escola-de-musica1.jpg\" alt=\"\" width=\"361\" height=\"230\" \/><\/a><\/li><li><a href=\"https:\/\/mcat.b-cdn.net\/republica\/wp-content\/uploads\/sites\/73\/2022\/02\/Manresa-republica-4-memoria-escola-de-musica2.jpg\"><img loading=\"lazy\" decoding=\"async\" src=\"https:\/\/mcat.b-cdn.net\/republica\/wp-content\/uploads\/sites\/73\/2022\/02\/Manresa-republica-4-memoria-escola-de-musica2.jpg\" alt=\"\" width=\"306\" height=\"230\" \/><\/a><\/li><\/ul><\/noscript><\/div>\n","protected":false},"excerpt":{"rendered":"<p>En el curs escolar 1932-1933 entr\u00e0 en funcionament l\u2019Escola Municipal de M\u00fasica de Manresa. L\u2019Orfe\u00f3 Manres\u00e0, una de les entitats que m\u00e9s havia lluitat per assolir aquest objectiu, ced\u00ed provisionalment els seus locals del Teatre Conservatori perqu\u00e8 la nova Escola Municipal de M\u00fasica pogu\u00e9s comen\u00e7ar immediatament les seves activitats. El primer director de l\u2019Escola fou [&hellip;]<\/p>\n","protected":false},"author":1,"featured_media":0,"parent":0,"menu_order":152,"comment_status":"closed","ping_status":"closed","template":"","meta":{"iawp_total_views":6,"footnotes":""},"class_list":["post-96","page","type-page","status-publish","hentry"],"_links":{"self":[{"href":"https:\/\/www.memoria.cat\/republica\/wp-json\/wp\/v2\/pages\/96","targetHints":{"allow":["GET"]}}],"collection":[{"href":"https:\/\/www.memoria.cat\/republica\/wp-json\/wp\/v2\/pages"}],"about":[{"href":"https:\/\/www.memoria.cat\/republica\/wp-json\/wp\/v2\/types\/page"}],"author":[{"embeddable":true,"href":"https:\/\/www.memoria.cat\/republica\/wp-json\/wp\/v2\/users\/1"}],"replies":[{"embeddable":true,"href":"https:\/\/www.memoria.cat\/republica\/wp-json\/wp\/v2\/comments?post=96"}],"version-history":[{"count":0,"href":"https:\/\/www.memoria.cat\/republica\/wp-json\/wp\/v2\/pages\/96\/revisions"}],"wp:attachment":[{"href":"https:\/\/www.memoria.cat\/republica\/wp-json\/wp\/v2\/media?parent=96"}],"curies":[{"name":"wp","href":"https:\/\/api.w.org\/{rel}","templated":true}]}}