{"id":73786,"date":"2010-04-26T15:15:18","date_gmt":"2010-04-26T14:15:18","guid":{"rendered":"https:\/\/www.memoria.cat\/republica\/portada\/"},"modified":"2022-07-12T00:16:27","modified_gmt":"2022-07-11T23:16:27","slug":"portada","status":"publish","type":"page","link":"https:\/\/www.memoria.cat\/republica\/","title":{"rendered":"Portada"},"content":{"rendered":"<p>Aquest web tracta sobre la II Rep\u00fablica a Manresa (1931-1936) i ofereix nombrosos recursos gr\u00e0fics i documentals d\u2019aquest per\u00edode:<\/p>\n<ul>\n<li>m\u00e9s de 250 not\u00edcies o temes comentats, sobre la vida pol\u00edtica, econ\u00f2mica, cultural i social de Manresa i els personatges rellevants d\u2019aquell moment (vegeu l\u2019\u00cdndex de temes)<\/li>\n<li>uns 1.300 documents de l\u2019\u00e8poca, molts d\u2019ells in\u00e8dits<\/li>\n<li>m\u00e9s de 250 documents del col\u00b7leccionable \u201cEls nostres papers a Salamanca\u201d, penjat on-line, perqu\u00e8 tothom els pugui consultar<\/li>\n<li>m\u00e9s de 400 reproduccions de not\u00edcies de la premsa manresana d\u2019aquells anys<\/li>\n<li>m\u00e9s de 600 fotografies i 6 curtmetratges de la Manresa republicana<\/li>\n<li>prop de 170 fragments de v\u00eddeos de 25 testimonis que van viure l\u2019\u00e8poca i ens l\u2019expliquen<\/li>\n<li>m\u00e9s de 40 talls de veu d\u2019alguns manresans ja desapareguts, per\u00f2 que, abans de morir, van deixar gravat el seu testimoni d\u2019aquells anys<\/li>\n<li>25 textos de gran inter\u00e8s sobre fets rellevants de l\u2019\u00e8poca<\/li>\n<li>m\u00e9s de 100 frases significatives de destacats republicans de la Catalunya central i que reflecteixen ben gr\u00e0ficament la realitat i els projectes d\u2019aquella \u00e8poca<\/li>\n<\/ul>\n<p>&nbsp;<\/p>\n<p>Segurament aquest constitueix un dels esfor\u00e7os m\u00e9s grans i innovadors que s\u2019hagi fet mai en un municipi pel que fa a la recerca, agrupaci\u00f3 i divulgaci\u00f3 dels documents de l\u2019\u00e8poca de la Rep\u00fablica.<\/p>\n<p>Aquest nombr\u00f3s volum d\u2019informaci\u00f3 apareix agrupat i classificat en temes i cap\u00edtols per a facilitar-ne la recerca i la comprensi\u00f3. Per\u00f2 per a treure el m\u00e0xim rendiment del web, us recomanem consultar l\u2019apartat: \u201c<a href=\"https:\/\/www.memoria.cat\/republica\/explicacio-dels-continguts-del-web\/\">Explicaci\u00f3 del contingut del web<\/a>\u201d.<\/p>\n<p>Aquest treball es va realitzar amb motiu del 75\u00e8 aniversari de la proclamaci\u00f3 de la II Rep\u00fablica, com una aportaci\u00f3 sistem\u00e0tica i actualitzada des de l\u2019escala local i\/o comarcal que enriqueix el coneixement de la hist\u00f2ria global d\u2019un per\u00edode transcendental del segle XX, alhora que en facilita la seva comprensi\u00f3 i consulta mitjan\u00e7ant una utilitzaci\u00f3 senzilla i pr\u00e0ctica de les noves tecnologies.<\/p>\n<p>Igualment, tamb\u00e9 pot ser una eina \u00fatil per a l\u2019alumnat de secund\u00e0ria a l\u2019hora d\u2019ampliar els continguts d\u2019hist\u00f2ria d\u2019aquest per\u00edode (treballs de recerca, cr\u00e8dits de s\u00edntesi, monografies&#8230;). I, per descomptat, per al p\u00fablic en general, i als investigadors i persones interessades en l\u2019estudi i divulgaci\u00f3 de temes hist\u00f2rics. Per tant, creiem que aquest web, al posar a l\u2019abast de tothom una s\u00e8rie de fonts prim\u00e0ries a vegades in\u00e8dites (documents, premsa, testimonis, imatges&#8230;), pot ajudar a obrir nous camins de recerca.<\/p>\n<p>Aquesta obra est\u00e0 subjecta a una <a href=\"https:\/\/www.memoria.cat\/llicencia-memoria-cat\/\" rel=\"license\">Llic\u00e8ncia de Creative Commons<\/a><\/p>\n","protected":false},"excerpt":{"rendered":"<p>Aquest web tracta sobre la II Rep\u00fablica a Manresa (1931-1936) i ofereix nombrosos recursos gr\u00e0fics i documentals d\u2019aquest per\u00edode: m\u00e9s de 250 not\u00edcies o temes comentats, sobre la vida pol\u00edtica, econ\u00f2mica, cultural i social de Manresa i els personatges rellevants d\u2019aquell moment (vegeu l\u2019\u00cdndex de temes) uns 1.300 documents de l\u2019\u00e8poca, molts d\u2019ells in\u00e8dits m\u00e9s [&hellip;]<\/p>\n","protected":false},"author":1,"featured_media":0,"parent":0,"menu_order":272,"comment_status":"closed","ping_status":"closed","template":"","meta":{"footnotes":""},"class_list":["post-73786","page","type-page","status-publish","hentry"],"_links":{"self":[{"href":"https:\/\/www.memoria.cat\/republica\/wp-json\/wp\/v2\/pages\/73786","targetHints":{"allow":["GET"]}}],"collection":[{"href":"https:\/\/www.memoria.cat\/republica\/wp-json\/wp\/v2\/pages"}],"about":[{"href":"https:\/\/www.memoria.cat\/republica\/wp-json\/wp\/v2\/types\/page"}],"author":[{"embeddable":true,"href":"https:\/\/www.memoria.cat\/republica\/wp-json\/wp\/v2\/users\/1"}],"replies":[{"embeddable":true,"href":"https:\/\/www.memoria.cat\/republica\/wp-json\/wp\/v2\/comments?post=73786"}],"version-history":[{"count":0,"href":"https:\/\/www.memoria.cat\/republica\/wp-json\/wp\/v2\/pages\/73786\/revisions"}],"wp:attachment":[{"href":"https:\/\/www.memoria.cat\/republica\/wp-json\/wp\/v2\/media?parent=73786"}],"curies":[{"name":"wp","href":"https:\/\/api.w.org\/{rel}","templated":true}]}}