{"id":623,"date":"2010-07-05T11:18:46","date_gmt":"2010-07-05T09:18:46","guid":{"rendered":"http:\/\/publish"},"modified":"2022-03-12T18:37:37","modified_gmt":"2022-03-12T17:37:37","slug":"leon-garre-aniceto","status":"publish","type":"page","link":"https:\/\/www.memoria.cat\/republica\/leon-garre-aniceto\/","title":{"rendered":"Le\u00f3n Garre, Aniceto"},"content":{"rendered":"<h2>Biografia<\/h2>\n<p><strong><span class=\"normal\">(Torrepacheco, M\u00farcia, 1901 &#8211; Barcelona 1980)<\/span><\/strong><br \/>\nMestre, llicenciat i catedr\u00e0tic d\u2019institut de batxillerat.<\/p>\n<p>El 1919 obtingu\u00e9 la titulaci\u00f3 de Mestre de Primera Ensenyan\u00e7a a l\u2019Escola de Magisteri de M\u00farcia. El 1927 es llicenci\u00e0 en Ci\u00e8ncies, Secci\u00f3 de Qu\u00edmica, a la Universitat de Madrid. Dos anys m\u00e9s tard supera les oposicions de catedr\u00e0tic d\u2019institut a la pla\u00e7a d\u2019Agricultura i terminologia cient\u00edfica, industrial i art\u00edstica de l\u2019Institut de 2\u00aa Ensenyan\u00e7a de Manresa.<\/p>\n<p>El 1931 es casa amb la manresana Llu\u00efsa Morera.<\/p>\n<p>Fou secretari i director de l&#8217;institut manres\u00e0. La seva gesti\u00f3 reb\u00e9 algunes cr\u00edtiques pel fet de no impulsar la utilitzaci\u00f3 del catal\u00e0 a les classes d\u2019aquest centre educatiu. El 1932 \u00e9s estinat a dirigir un institut nou a Granada que portaria el nom d'&#8221;\u00c1ngel Ganivet&#8221;.<\/p>\n<p>Home d\u2019idees liberals i democr\u00e0tiques, form\u00e0 part de la Junta de Govern Provisional de Manresa al proclamar-se la Rep\u00fablica el 14 d\u2019abril de 1931.<\/p>\n<p>El 1936 torn\u00e0 a Manresa on fou, durant la guerra, comissari-director de l\u2019Institut manres\u00e0. Com a tal, depur\u00e0 a nombrosos estudiants pel fet de considerar-los de fam\u00edlies poc addictes a la rep\u00fablica i a la revoluci\u00f3, motiu pel qual foren expulsats de l\u2019Institut.<\/p>\n<p>Cal ressenyar tamb\u00e9 la seva tasca com a secretari de la Junta de Defensa Passiva Civil de la ciutat \u2013 tot treballant en previsi\u00f3 dels efectes que els bombardeigs aeris podien ocasionar-, secretari de l\u2019institut catal\u00e0 del mateix ram a Barcelona (mar\u00e7 de 1938) i inspector d\u2019aprovisionament de la Subsecretaria d\u2019Armament (juny de 1938).<\/p>\n<p>El febrer de 1939 s\u2019exili\u00e0 cap a Fran\u00e7a. De Par\u00eds, va marxar amb la fam\u00edlia cap a la Rep\u00fablica Dominicana l\u2019octubre de 1939. All\u00e0 va ocupar diversos c\u00e0rrecs a la Secretaria d&#8217;Estat d&#8217;Educaci\u00f3 i Belles Arts i a la d\u2019Agricultura fins el 1948 que va tornar cap a Espanya.<\/p>\n<p>El 1951 es trasllada a Barcelona alhora que \u00e9s readm\u00e8s al cos de Catedr\u00e0tics. Mentre no es produ\u00ed llur rehabilitaci\u00f3 treball\u00e0 a les editorials Seix Barral i Salvat. Despr\u00e9s de treballar a l\u2019institut de Tarragona i al &#8220;Jaume Balmes&#8221; de Barcelona d\u2019on fou cap d\u2019estudis i director, va jubilar-se l\u2019any 1971.<\/p>\n<p>Va publicar diversos llibres i articles majorit\u00e0riament sobre agricultura.<\/p>\n<h2>Documents<\/h2>\n<p><b>Aniceto Le\u00f3n Garre.\u00a0<\/b>(Documents procedents de l\u2019Arxiu Comarcal del Bages).<\/p>\n<div id=\"jig1\" class=\"justified-image-grid jig-c1b6d81aa1dd013ec008e7185ceae2ee jig-preset-c2 jig-source-wp-gallery jig-rml-id-331\"><div class=\"jig-clearfix\"><\/div><noscript id=\"jig1-html\" class=\"justified-image-grid-html\" data-lazy-src=\"skiplazyload\" data-src=\"skipunveillazyload\"><ul><li><a href=\"https:\/\/mcat.b-cdn.net\/republica\/wp-content\/uploads\/sites\/73\/2021\/12\/Pers-Leon.1.5.5.311-2_1.jpg\"><img fetchpriority=\"high\" decoding=\"async\" src=\"https:\/\/mcat.b-cdn.net\/republica\/wp-content\/uploads\/sites\/73\/2021\/12\/Pers-Leon.1.5.5.311-2_1.jpg\" alt=\"\" width=\"325\" height=\"230\" \/><\/a><\/li><li><a href=\"https:\/\/mcat.b-cdn.net\/republica\/wp-content\/uploads\/sites\/73\/2021\/12\/Pers-Leon.2.5.5.312-2_1.jpg\"><img decoding=\"async\" src=\"https:\/\/mcat.b-cdn.net\/republica\/wp-content\/uploads\/sites\/73\/2021\/12\/Pers-Leon.2.5.5.312-2_1.jpg\" alt=\"\" width=\"313\" height=\"230\" \/><\/a><\/li><li><a href=\"https:\/\/mcat.b-cdn.net\/republica\/wp-content\/uploads\/sites\/73\/2021\/12\/Pers-Leon.3.7.7.31-1-2.jpg\"><img decoding=\"async\" src=\"https:\/\/mcat.b-cdn.net\/republica\/wp-content\/uploads\/sites\/73\/2021\/12\/Pers-Leon.3.7.7.31-1-2.jpg\" alt=\"\" width=\"331\" height=\"230\" \/><\/a><\/li><li><a href=\"https:\/\/mcat.b-cdn.net\/republica\/wp-content\/uploads\/sites\/73\/2021\/12\/Pers-Leon.4.7.7.31-2-2.jpg\"><img loading=\"lazy\" decoding=\"async\" src=\"https:\/\/mcat.b-cdn.net\/republica\/wp-content\/uploads\/sites\/73\/2021\/12\/Pers-Leon.4.7.7.31-2-2.jpg\" alt=\"\" width=\"332\" height=\"230\" \/><\/a><\/li><li><a href=\"https:\/\/mcat.b-cdn.net\/republica\/wp-content\/uploads\/sites\/73\/2021\/12\/Pers-Leon.5.telegrama-A-1-2.jpg\"><img loading=\"lazy\" decoding=\"async\" src=\"https:\/\/mcat.b-cdn.net\/republica\/wp-content\/uploads\/sites\/73\/2021\/12\/Pers-Leon.5.telegrama-A-1-2.jpg\" alt=\"\" width=\"576\" height=\"230\" \/><\/a><\/li><li><a href=\"https:\/\/mcat.b-cdn.net\/republica\/wp-content\/uploads\/sites\/73\/2021\/12\/Pers-Leon.6.telegrama-A-2-2.jpg\"><img loading=\"lazy\" decoding=\"async\" src=\"https:\/\/mcat.b-cdn.net\/republica\/wp-content\/uploads\/sites\/73\/2021\/12\/Pers-Leon.6.telegrama-A-2-2.jpg\" alt=\"\" width=\"551\" height=\"230\" \/><\/a><\/li><li><a href=\"https:\/\/mcat.b-cdn.net\/republica\/wp-content\/uploads\/sites\/73\/2021\/12\/Pers-Leon.7.26.09.32-1-2.jpg\"><img loading=\"lazy\" decoding=\"async\" src=\"https:\/\/mcat.b-cdn.net\/republica\/wp-content\/uploads\/sites\/73\/2021\/12\/Pers-Leon.7.26.09.32-1-2.jpg\" alt=\"\" width=\"325\" height=\"230\" \/><\/a><\/li><li><a href=\"https:\/\/mcat.b-cdn.net\/republica\/wp-content\/uploads\/sites\/73\/2021\/12\/Pers-Leon.8.26.09.32-2-2.jpg\"><img loading=\"lazy\" decoding=\"async\" src=\"https:\/\/mcat.b-cdn.net\/republica\/wp-content\/uploads\/sites\/73\/2021\/12\/Pers-Leon.8.26.09.32-2-2.jpg\" alt=\"\" width=\"317\" height=\"230\" \/><\/a><\/li><li><a href=\"https:\/\/mcat.b-cdn.net\/republica\/wp-content\/uploads\/sites\/73\/2021\/12\/Pers-Leon.9.08.10.32.jpg\"><img loading=\"lazy\" decoding=\"async\" src=\"https:\/\/mcat.b-cdn.net\/republica\/wp-content\/uploads\/sites\/73\/2021\/12\/Pers-Leon.9.08.10.32.jpg\" alt=\"\" width=\"313\" height=\"230\" \/><\/a><\/li><\/ul><\/noscript><\/div>\n","protected":false},"excerpt":{"rendered":"<p>Biografia (Torrepacheco, M\u00farcia, 1901 &#8211; Barcelona 1980) Mestre, llicenciat i catedr\u00e0tic d\u2019institut de batxillerat. El 1919 obtingu\u00e9 la titulaci\u00f3 de Mestre de Primera Ensenyan\u00e7a a l\u2019Escola de Magisteri de M\u00farcia. El 1927 es llicenci\u00e0 en Ci\u00e8ncies, Secci\u00f3 de Qu\u00edmica, a la Universitat de Madrid. Dos anys m\u00e9s tard supera les oposicions de catedr\u00e0tic d\u2019institut a [&hellip;]<\/p>\n","protected":false},"author":1,"featured_media":0,"parent":0,"menu_order":225,"comment_status":"closed","ping_status":"closed","template":"","meta":{"iawp_total_views":2,"footnotes":""},"class_list":["post-623","page","type-page","status-publish","hentry"],"_links":{"self":[{"href":"https:\/\/www.memoria.cat\/republica\/wp-json\/wp\/v2\/pages\/623","targetHints":{"allow":["GET"]}}],"collection":[{"href":"https:\/\/www.memoria.cat\/republica\/wp-json\/wp\/v2\/pages"}],"about":[{"href":"https:\/\/www.memoria.cat\/republica\/wp-json\/wp\/v2\/types\/page"}],"author":[{"embeddable":true,"href":"https:\/\/www.memoria.cat\/republica\/wp-json\/wp\/v2\/users\/1"}],"replies":[{"embeddable":true,"href":"https:\/\/www.memoria.cat\/republica\/wp-json\/wp\/v2\/comments?post=623"}],"version-history":[{"count":0,"href":"https:\/\/www.memoria.cat\/republica\/wp-json\/wp\/v2\/pages\/623\/revisions"}],"wp:attachment":[{"href":"https:\/\/www.memoria.cat\/republica\/wp-json\/wp\/v2\/media?parent=623"}],"curies":[{"name":"wp","href":"https:\/\/api.w.org\/{rel}","templated":true}]}}