{"id":588,"date":"2010-07-05T11:02:35","date_gmt":"2010-07-05T09:02:35","guid":{"rendered":"http:\/\/publish"},"modified":"2022-03-11T01:46:57","modified_gmt":"2022-03-11T00:46:57","slug":"armengou-i-torra-ignasi","status":"publish","type":"page","link":"https:\/\/www.memoria.cat\/republica\/armengou-i-torra-ignasi\/","title":{"rendered":"Armengou i Torra, Ignasi"},"content":{"rendered":"<h2>Biografia<\/h2>\n<p><strong><span class=\"normal\">(Manresa 1895 &#8211; Buenos Aires 1954)<\/span> <\/strong><br \/>\nAdvocat\u00a0 i promotor cultural.<\/p>\n<p>\u00c0nima de les revistes &#8220;Cenacle&#8221; i &#8220;Ciutat&#8221;, conjuntament amb Fidel Riu. A Manresa fund\u00e0 el setmanari nacionalista &#8220;Jovent&#8221; (1918). Dirig\u00ed el diari &#8220;El Pla de Bages&#8221;. Col\u00b7labor\u00e0 a la revista &#8220;Ciutat&#8221; de Manresa i al setmanari barcelon\u00ed &#8220;Mirador&#8221;. Tamb\u00e9 va promoure una secci\u00f3 en catal\u00e0 a l\u2019edici\u00f3 del vespre del diari &#8220;La Publicidad&#8221;.<\/p>\n<p>Estudi\u00e0 la carrera de Dret i despr\u00e9s s\u2019establ\u00ed a Barcelona. S\u2019afili\u00e0 a la Uni\u00f3 Socialista de Catalunya. F\u00e9u molts articles a l\u2019\u00f2rgan d\u2019aquest partit, &#8220;Just\u00edcia Social&#8221;, sota el pseud\u00f2nim de\u00a0 M\u00e0rius Vidal.<\/p>\n<p>El 1925 fund\u00e0 les Edicions Diana on publica les primeres obres de Josep Pla i d\u2019altres escriptors rellevants. El 1930 se\u2019n va a Madrid, on ocupa la secretaria de la C\u00e1mara Oficial Hotelera. El juny del 1932 fou nomenat director de l&#8217;Oficina de Turisme de Catalunya.<\/p>\n<p>A l\u2019inici de la Guerra Civil, s\u2019exili\u00e0\u00a0 a Par\u00eds i el 1938 marx\u00e0 cap a\u00a0 Buenos Aires, on es relacion\u00e0 amb el Casal de Catalunya. Fou gerent d\u2019Iberamer, distribu\u00efdora de llibres d\u2019Am\u00e8rica del Sud. A la capital argentina invent\u00e0 l\u2019esl\u00f2gan &#8220;el libro y la flor&#8221; durant la Diada del Llibre.<\/p>\n","protected":false},"excerpt":{"rendered":"<p>Biografia (Manresa 1895 &#8211; Buenos Aires 1954) Advocat\u00a0 i promotor cultural. \u00c0nima de les revistes &#8220;Cenacle&#8221; i &#8220;Ciutat&#8221;, conjuntament amb Fidel Riu. A Manresa fund\u00e0 el setmanari nacionalista &#8220;Jovent&#8221; (1918). Dirig\u00ed el diari &#8220;El Pla de Bages&#8221;. Col\u00b7labor\u00e0 a la revista &#8220;Ciutat&#8221; de Manresa i al setmanari barcelon\u00ed &#8220;Mirador&#8221;. Tamb\u00e9 va promoure una secci\u00f3 en [&hellip;]<\/p>\n","protected":false},"author":1,"featured_media":0,"parent":0,"menu_order":21,"comment_status":"closed","ping_status":"closed","template":"","meta":{"iawp_total_views":2,"footnotes":""},"class_list":["post-588","page","type-page","status-publish","hentry"],"_links":{"self":[{"href":"https:\/\/www.memoria.cat\/republica\/wp-json\/wp\/v2\/pages\/588","targetHints":{"allow":["GET"]}}],"collection":[{"href":"https:\/\/www.memoria.cat\/republica\/wp-json\/wp\/v2\/pages"}],"about":[{"href":"https:\/\/www.memoria.cat\/republica\/wp-json\/wp\/v2\/types\/page"}],"author":[{"embeddable":true,"href":"https:\/\/www.memoria.cat\/republica\/wp-json\/wp\/v2\/users\/1"}],"replies":[{"embeddable":true,"href":"https:\/\/www.memoria.cat\/republica\/wp-json\/wp\/v2\/comments?post=588"}],"version-history":[{"count":0,"href":"https:\/\/www.memoria.cat\/republica\/wp-json\/wp\/v2\/pages\/588\/revisions"}],"wp:attachment":[{"href":"https:\/\/www.memoria.cat\/republica\/wp-json\/wp\/v2\/media?parent=588"}],"curies":[{"name":"wp","href":"https:\/\/api.w.org\/{rel}","templated":true}]}}