{"id":581,"date":"2010-07-05T10:46:50","date_gmt":"2010-07-05T08:46:50","guid":{"rendered":"http:\/\/publish"},"modified":"2025-07-15T00:47:13","modified_gmt":"2025-07-14T23:47:13","slug":"revista-ilustrada-jorba","status":"publish","type":"page","link":"https:\/\/www.memoria.cat\/republica\/revista-ilustrada-jorba\/","title":{"rendered":"\u201cRevista Ilustrada Jorba\u201d"},"content":{"rendered":"<p class=\"normal\" align=\"left\">Publicaci\u00f3 econ\u00f2mica manresana que va sortir mensualment des del juliol de 1909 fins al desembre de 1937. Durant l\u2019\u00e8poca republicana, els seus directors foren Antoni Busquets i Punset i Miquel Bosch i Jover. El seu tiratge assolia els quinze mil exemplars mensuals i es repartia gratu\u00eftament als clients i prove\u00efdors que la Casa Jorba tenia arreu de l\u2019Estat, per la qual cosa era escrita b\u00e0sicament en castell\u00e0.<\/p>\n<p class=\"normal\" align=\"left\">A m\u00e9s de la seva funci\u00f3 comercial i propagand\u00edstica, la Revista tenia un caire l\u00fadic i cultural molt remarcable. Aix\u00f2, juntament amb l\u2019abund\u00e0ncia d\u2019il\u00b7lustracions -normalment obra de Llu\u00eds Ur\u00f3- la feien molt popular.<\/p>\n<p align=\"left\">\n<h2 align=\"left\"><del>Documents<\/del><\/h2>\n<p>(Document procedent de l\u2019Arxiu Comarcal del Bages).<\/p>\n<p>ANY 1932.\u00a0 Carta de Joan Jorba i Rius a l\u2019alcalde Prun\u00e9s on li demana perm\u00eds per accedir a l\u2019Arxiu Municipal. El motiu era documentar-se, per a la publicaci\u00f3 d\u2019un article a la Revista Jorba, sobre les v\u00edctimes que hi havia hagut l\u2019any 1902 al Pont de Vilomara arran de l\u2019explosi\u00f3 d\u2019una caldera.<\/p>\n<div id=\"jig1\" class=\"justified-image-grid jig-acf3930b69a90315ec7e96de2a1d3bae jig-preset-c2 jig-source-wp-gallery jig-rml-id-348\"><div class=\"jig-clearfix\"><\/div><noscript id=\"jig1-html\" class=\"justified-image-grid-html\" data-lazy-src=\"skiplazyload\" data-src=\"skipunveillazyload\"><ul><li><a href=\"https:\/\/mcat.b-cdn.net\/republica\/wp-content\/uploads\/sites\/73\/2021\/12\/14.20.Revista.15.6.32_1.jpg\"><img decoding=\"async\" src=\"https:\/\/mcat.b-cdn.net\/republica\/wp-content\/uploads\/sites\/73\/2021\/12\/14.20.Revista.15.6.32_1.jpg\" alt=\"\" width=\"182\" height=\"230\" \/><\/a><\/li><\/ul><\/noscript><\/div>\n","protected":false},"excerpt":{"rendered":"<p>Publicaci\u00f3 econ\u00f2mica manresana que va sortir mensualment des del juliol de 1909 fins al desembre de 1937. Durant l\u2019\u00e8poca republicana, els seus directors foren Antoni Busquets i Punset i Miquel Bosch i Jover. El seu tiratge assolia els quinze mil exemplars mensuals i es repartia gratu\u00eftament als clients i prove\u00efdors que la Casa Jorba tenia [&hellip;]<\/p>\n","protected":false},"author":1,"featured_media":0,"parent":0,"menu_order":10,"comment_status":"closed","ping_status":"closed","template":"","meta":{"iawp_total_views":16,"footnotes":""},"class_list":["post-581","page","type-page","status-publish","hentry"],"_links":{"self":[{"href":"https:\/\/www.memoria.cat\/republica\/wp-json\/wp\/v2\/pages\/581","targetHints":{"allow":["GET"]}}],"collection":[{"href":"https:\/\/www.memoria.cat\/republica\/wp-json\/wp\/v2\/pages"}],"about":[{"href":"https:\/\/www.memoria.cat\/republica\/wp-json\/wp\/v2\/types\/page"}],"author":[{"embeddable":true,"href":"https:\/\/www.memoria.cat\/republica\/wp-json\/wp\/v2\/users\/1"}],"replies":[{"embeddable":true,"href":"https:\/\/www.memoria.cat\/republica\/wp-json\/wp\/v2\/comments?post=581"}],"version-history":[{"count":0,"href":"https:\/\/www.memoria.cat\/republica\/wp-json\/wp\/v2\/pages\/581\/revisions"}],"wp:attachment":[{"href":"https:\/\/www.memoria.cat\/republica\/wp-json\/wp\/v2\/media?parent=581"}],"curies":[{"name":"wp","href":"https:\/\/api.w.org\/{rel}","templated":true}]}}