{"id":73836,"date":"2024-02-21T18:14:16","date_gmt":"2024-02-21T17:14:16","guid":{"rendered":"https:\/\/www.memoria.cat\/perez-vengut\/?page_id=73836"},"modified":"2024-03-07T07:43:20","modified_gmt":"2024-03-07T06:43:20","slug":"credits","status":"publish","type":"page","link":"https:\/\/www.memoria.cat\/perez-vengut\/credits\/","title":{"rendered":"Cr\u00e8dits"},"content":{"rendered":"<p><strong><br \/>\nContinguts<\/strong>: Joaquim Aloy, Jordi Pons i Aleix Solernou<\/p>\n<p><strong>Fons documental<\/strong>: Archivo General Militar de Segovia, Repositori digital Mem\u00f3rica i col\u00b7lecci\u00f3 familiar.<\/p>\n<p>Vam entrevistar la Rosario P\u00e9rez Morera en dues ocasions a casa seva, el 17 de desembre del 2023 i el 4 de febrer del 2024.<\/p>\n<p><strong>Fotografies de l\u2019entrevista<\/strong>: Aleix Solernou<\/p>\n<p><strong>Maquetaci\u00f3 del web<\/strong>: Jordi Griera-Cors<\/p>\n<p><strong>Disseny<\/strong>: Arnau Aloy Oliv\u00e9.\u00a0\u00a0\u00a0 <strong>Cap\u00e7alera<\/strong>: Carla M\u00e9ndez<\/p>\n<p><strong>Agra\u00efments<\/strong>: Rosario P\u00e9rez Morera i Dolors Gim\u00e9nez P\u00e9rez<\/p>\n<p>Manresa, mar\u00e7 del 2024<\/p>\n<p>&nbsp;<\/p>\n","protected":false},"excerpt":{"rendered":"<p>Continguts: Joaquim Aloy, Jordi Pons i Aleix Solernou Fons documental: Archivo General Militar de Segovia, Repositori digital Mem\u00f3rica i col\u00b7lecci\u00f3 familiar. Vam entrevistar la Rosario P\u00e9rez Morera en dues ocasions a casa seva, el 17 de desembre del 2023 i el 4 de febrer del 2024. Fotografies de l\u2019entrevista: Aleix Solernou Maquetaci\u00f3 del web: Jordi [&hellip;]<\/p>\n","protected":false},"author":28,"featured_media":0,"parent":0,"menu_order":0,"comment_status":"closed","ping_status":"closed","template":"","meta":{"footnotes":""},"class_list":["post-73836","page","type-page","status-publish","hentry"],"_links":{"self":[{"href":"https:\/\/www.memoria.cat\/perez-vengut\/wp-json\/wp\/v2\/pages\/73836","targetHints":{"allow":["GET"]}}],"collection":[{"href":"https:\/\/www.memoria.cat\/perez-vengut\/wp-json\/wp\/v2\/pages"}],"about":[{"href":"https:\/\/www.memoria.cat\/perez-vengut\/wp-json\/wp\/v2\/types\/page"}],"author":[{"embeddable":true,"href":"https:\/\/www.memoria.cat\/perez-vengut\/wp-json\/wp\/v2\/users\/28"}],"replies":[{"embeddable":true,"href":"https:\/\/www.memoria.cat\/perez-vengut\/wp-json\/wp\/v2\/comments?post=73836"}],"version-history":[{"count":0,"href":"https:\/\/www.memoria.cat\/perez-vengut\/wp-json\/wp\/v2\/pages\/73836\/revisions"}],"wp:attachment":[{"href":"https:\/\/www.memoria.cat\/perez-vengut\/wp-json\/wp\/v2\/media?parent=73836"}],"curies":[{"name":"wp","href":"https:\/\/api.w.org\/{rel}","templated":true}]}}