{"id":74295,"date":"2025-09-01T17:16:02","date_gmt":"2025-09-01T16:16:02","guid":{"rendered":"https:\/\/www.memoria.cat\/pau-casals-josep-bares\/?page_id=74295"},"modified":"2025-09-01T21:20:25","modified_gmt":"2025-09-01T20:20:25","slug":"paraules-de-josep-bares-en-la-descoberta-34-del-museu-de-manresa-sobre-el-monument-a-pau-casals-30-8-2025","status":"publish","type":"page","link":"https:\/\/www.memoria.cat\/pau-casals-josep-bares\/paraules-de-josep-bares-en-la-descoberta-34-del-museu-de-manresa-sobre-el-monument-a-pau-casals-30-8-2025\/","title":{"rendered":"Paraules de Josep Bar\u00e9s en la Descoberta 34, del Museu de Manresa, sobre el monument a Pau Casals (30\/8\/2025)"},"content":{"rendered":"<p>(Coincidint en la inauguraci\u00f3 de \u00a0<a href=\"https:\/\/www.memoria.cat\/blog\/lassemblea-democratica-del-bages-una-pionera-oposicio-al-franquisme\/\">l\u2019exposici\u00f3 \u201cL\u2019Assemblea del Bages: una pionera oposici\u00f3 democr\u00e0tica al franquisme\u201d<\/a>)<\/p>\n<p>&nbsp;<\/p>\n<p>Bona vesprada a tothom.<\/p>\n<p>El director del museu, en Francesc Vil\u00e0, em deman\u00e0 que expliqu\u00e9s la motivaci\u00f3 i disseny del petit monument en homenatge al mestre Pau Casals i amb tot l\u2019agra\u00efment per l&#8217;oportunitat, aix\u00ed ho far\u00e9, tot i que per les persones que dediquem la vida a crear art\u00edsticament se\u2019ns fa dif\u00edcil destriar del treball de recerca, les intu\u00efcions, dif\u00edcilment explicables, dels raonaments i tal vegada tamb\u00e9 de viv\u00e8ncies personals sense oblidar els condicionals materials; el resultat final potser es podr\u00e0 expressar en poques paraules per\u00f2 la realitzaci\u00f3 al taller \u00e9s gaireb\u00e9 sempre llarga i complexa.<\/p>\n<p>El pare va estudiar al Conservatori, triant com a instrument el viol\u00ed; en la seva joventut va formar part d\u2019un grup amb tres companys m\u00fasics, fins que de la guerra en sort\u00ed mutilat, com tants d\u2019altres i de tantes maneres diferents, impossibilitant la seva continu\u00eftat com a m\u00fasic. Aquest petit pre\u00e0mbul serveixi per explicar la meva proximitat a la m\u00fasica i sobretot a l\u2019admiraci\u00f3 pel mestre Pau Casals, que el pare escoltava i admirava. Al pas del temps va fer que aquesta sensibilitat, que compart\u00edem vers al m\u00fasic, agaf\u00e9s una altra dimensi\u00f3, a m\u00e9s a m\u00e9s del seu mestratge musical, la de la seva humanitat i comportament amb el m\u00f3n, diguem-ne atrafegat, que ens toc\u00e0 viure.<\/p>\n<p>A la mort del mestre, l\u2019any 1973, vaig voler dedicar temps i esfor\u00e7 a retre-li el petit homenatge que podia, humilment, dedicar-li. Vaig fer la recerca de la forma amb dibuixos que inclo\u00efen el violoncel, la m\u00e0, part del cos (un d\u2019ells fou cedit a Montserrat l\u2019any 1980 ), per\u00f2 molt aviat em concentr\u00e0, pels motius abans esmentats, m\u00e9s en la persona que no en el m\u00fasic, que \u00f2bviament es mereixia tot el reconeixement possible, per\u00f2 jo volia centrar-me en la persona humil i compromesa en l\u2019entorn que vivia; la import\u00e0ncia de qu\u00e8 gaudia com a m\u00fasic li hauria perm\u00e8s una altra actitud, per\u00f2 ell va escollir la lluita per all\u00f2 que creia just, fent servir no nom\u00e9s la m\u00fasica, sin\u00f3 un tarann\u00e0 reivindicatiu per la nostra terra i la nostra llengua.<\/p>\n<p>L\u2019obra resultant que vaig concebre vol ser el retrat d\u2019una persona concentrada, en una de les cares d\u2019un bloc de bronze, immersa no nom\u00e9s en la creaci\u00f3 musical, tamb\u00e9 en l\u2019honradesa com a \u00e9sser hum\u00e0, despullat de tot all\u00f2 quotidi\u00e0, per important que pugui ser; el bronze suggereix la mateixa fermesa, suportat per un altre bloc vertical, tot d\u2019una geometria volgudament senzilla per\u00f2 ferma i s\u00f2lida tamb\u00e9 i, alhora, tot a la nostra al\u00e7ada per suggerir fermesa, s\u00ed, per\u00f2 alhora proximitat.<\/p>\n<p>Tant de bo tingu\u00e9ssim, ara i sempre, persones donant l\u2019exemple que ens va deixar.<\/p>\n<p>Tenint en compte el context en el qu\u00e8 ens trobem, un acte dedicat a l\u2019Assemblea Democr\u00e0tica del Bages, crec important parlar de la traject\u00f2ria necess\u00e0ria per poder portar a cap finalment l\u2019homenatge. A finals del 1974 es va fer una primera proposta i a primers de 1975 el pl\u00e0nol d\u2019un possible empla\u00e7ament conjuntament amb la inst\u00e0ncia a l\u2019Ajuntament. La participaci\u00f3 de les entitats va ser massiva, encap\u00e7alades pel Cercle Art\u00edstic i el president d\u2019aquells anys, Antol\u00ed Bausili, recolzat si no sobrepassat per en Josep Guardiola.<\/p>\n<p>El silenci fou la resposta, el mestre i el que significava era mal vist pel poder imperant. Van passar gaireb\u00e9 dos anys d\u2019insist\u00e8ncia amb articles a diferents mitjans i empenyent on es podia, fins que aquest pas del temps i un altre alcalde, en Ramon Roqueta, va fer possible que fos aprovat l\u2019homenatge, encara que desterrat al parc de Puigterr\u00e0.<\/p>\n<p>El dia de la inauguraci\u00f3, amb la pres\u00e8ncia de l\u2019alcalde, el pare abat de Montserrat Cassi\u00e0 M. Just, el president del Cercle Art\u00edstic, Antol\u00ed Bausili, i l\u2019assist\u00e8ncia de moltes entitats i un gran nombre de persones fou el 26 de desembre de 1976.<\/p>\n<p>Els interessats per saber de forma m\u00e9s detallada el que acabo de resumir, poden consultar a Mem\u00f2ria.cat, on a cura de Salvador Red\u00f3 i Quim Aloy, que han fet una gran tasca amb tot el meu agra\u00efment, trobareu tot el que pugui interessar.<\/p>\n<p>Finalment, nom\u00e9s em queda expressar el desig del fet que seria un bon moment per reivindicar i aconseguir una posada al dia d\u2019aquell humil monument, substituint el peu -que ja en el seu dia el company Subirachs em coment\u00e0 la sensaci\u00f3 de pobresa d\u2019aquest, fet de ciment per motius econ\u00f2mics d\u2019aleshores- per un bloc de marbre o granit i la dedicat\u00f2ria amb lletres adossades; la sensaci\u00f3 de senzillesa no es perdria, ja que la geometria continuaria sent simple, per\u00f2 subratllar\u00edem la import\u00e0ncia de l\u2019homenatjat ennoblint el conjunt; alhora plantejar la reubicaci\u00f3 del monument en el lloc c\u00e8ntric que estava previst d\u2019antuvi per assolir aquesta proximitat desitjada o un altre de similar al centre de la ciutat; en cas de no ser aix\u00ed, si la soluci\u00f3 pass\u00e9s per anar a la perif\u00e8ria i amb els mateixos materials, deixem-lo on \u00e9s i, ja que no el podr\u00edem tenir millor ni m\u00e9s proper, almenys en la visita al parc ens acompanyaria el cant dels ocells.<\/p>\n<p style=\"text-align: right\">Gr\u00e0cies<\/p>\n<p style=\"text-align: right\">Josep Bar\u00e9s<br \/>\nManresa, 30 d\u2019agost de 2025<\/p>\n<p>&nbsp;<\/p>\n","protected":false},"excerpt":{"rendered":"<p>(Coincidint en la inauguraci\u00f3 de \u00a0l\u2019exposici\u00f3 \u201cL\u2019Assemblea del Bages: una pionera oposici\u00f3 democr\u00e0tica al franquisme\u201d) &nbsp; Bona vesprada a tothom. El director del museu, en Francesc Vil\u00e0, em deman\u00e0 que expliqu\u00e9s la motivaci\u00f3 i disseny del petit monument en homenatge al mestre Pau Casals i amb tot l\u2019agra\u00efment per l&#8217;oportunitat, aix\u00ed ho far\u00e9, tot i [&hellip;]<\/p>\n","protected":false},"author":28,"featured_media":0,"parent":0,"menu_order":0,"comment_status":"closed","ping_status":"closed","template":"","meta":{"footnotes":""},"class_list":["post-74295","page","type-page","status-publish","hentry"],"_links":{"self":[{"href":"https:\/\/www.memoria.cat\/pau-casals-josep-bares\/wp-json\/wp\/v2\/pages\/74295","targetHints":{"allow":["GET"]}}],"collection":[{"href":"https:\/\/www.memoria.cat\/pau-casals-josep-bares\/wp-json\/wp\/v2\/pages"}],"about":[{"href":"https:\/\/www.memoria.cat\/pau-casals-josep-bares\/wp-json\/wp\/v2\/types\/page"}],"author":[{"embeddable":true,"href":"https:\/\/www.memoria.cat\/pau-casals-josep-bares\/wp-json\/wp\/v2\/users\/28"}],"replies":[{"embeddable":true,"href":"https:\/\/www.memoria.cat\/pau-casals-josep-bares\/wp-json\/wp\/v2\/comments?post=74295"}],"version-history":[{"count":2,"href":"https:\/\/www.memoria.cat\/pau-casals-josep-bares\/wp-json\/wp\/v2\/pages\/74295\/revisions"}],"predecessor-version":[{"id":74298,"href":"https:\/\/www.memoria.cat\/pau-casals-josep-bares\/wp-json\/wp\/v2\/pages\/74295\/revisions\/74298"}],"wp:attachment":[{"href":"https:\/\/www.memoria.cat\/pau-casals-josep-bares\/wp-json\/wp\/v2\/media?parent=74295"}],"curies":[{"name":"wp","href":"https:\/\/api.w.org\/{rel}","templated":true}]}}