{"id":74159,"date":"2025-08-20T10:29:09","date_gmt":"2025-08-20T09:29:09","guid":{"rendered":"https:\/\/www.memoria.cat\/pau-casals-josep-bares\/?page_id=74159"},"modified":"2025-08-28T00:45:43","modified_gmt":"2025-08-27T23:45:43","slug":"credits","status":"publish","type":"page","link":"https:\/\/www.memoria.cat\/pau-casals-josep-bares\/credits\/","title":{"rendered":"Cr\u00e8dits"},"content":{"rendered":"<p>&nbsp;<\/p>\n<p><strong>Autors del web i de l\u2019entrevista<\/strong>: Salvador Red\u00f3 i Joaquim Aloy<\/p>\n<p><strong>C\u00e0mera i edici\u00f3<\/strong>: Xavier Gil<\/p>\n<p><strong>Maquetaci\u00f3 del web:<\/strong>\u00a0Jordi Griera-Cors<\/p>\n<p><strong>Disseny del web:<\/strong>\u00a0Arnau Aloy i Oliv\u00e9<\/p>\n<p><strong>Cap\u00e7alera<\/strong>: Carla M\u00e9ndez<\/p>\n<p><strong>Tractament de les imatges<\/strong>:\u00a0Salvador Red\u00f3<\/p>\n<p><strong>Digitalitzaci\u00f3<\/strong> de l\u2019\u00e0udio del programa \u201cRess\u00f2\u201d de R\u00e0dio Manresa i del v\u00eddeo del \u201cdi\u00e0leg\u201d entre Manel Camp i Josep Bar\u00e9s: \u00c0ngel L\u00f3pez Tormes<\/p>\n<p><strong>Proced\u00e8ncia dels fons:<\/strong><strong>\u00a0<\/strong>Josep Bar\u00e9s, Arxiu Comarcal del Bages, Arxiu Municipal de Manresa, Cercle Art\u00edstic de Manresa, Jordi Estrada i Joaquim Aloy<\/p>\n<p><strong>Agra\u00efments<\/strong>: Josep Bar\u00e9s, Jordi Estrada, Llu\u00efsa Felip, Marc Prat i \u00c0ngel L\u00f3pez<\/p>\n<p>Manresa, agost del 2025<\/p>\n<p>&nbsp;<\/p>\n","protected":false},"excerpt":{"rendered":"<p>&nbsp; Autors del web i de l\u2019entrevista: Salvador Red\u00f3 i Joaquim Aloy C\u00e0mera i edici\u00f3: Xavier Gil Maquetaci\u00f3 del web:\u00a0Jordi Griera-Cors Disseny del web:\u00a0Arnau Aloy i Oliv\u00e9 Cap\u00e7alera: Carla M\u00e9ndez Tractament de les imatges:\u00a0Salvador Red\u00f3 Digitalitzaci\u00f3 de l\u2019\u00e0udio del programa \u201cRess\u00f2\u201d de R\u00e0dio Manresa i del v\u00eddeo del \u201cdi\u00e0leg\u201d entre Manel Camp i Josep Bar\u00e9s: [&hellip;]<\/p>\n","protected":false},"author":28,"featured_media":0,"parent":0,"menu_order":0,"comment_status":"closed","ping_status":"closed","template":"","meta":{"footnotes":""},"class_list":["post-74159","page","type-page","status-publish","hentry"],"_links":{"self":[{"href":"https:\/\/www.memoria.cat\/pau-casals-josep-bares\/wp-json\/wp\/v2\/pages\/74159","targetHints":{"allow":["GET"]}}],"collection":[{"href":"https:\/\/www.memoria.cat\/pau-casals-josep-bares\/wp-json\/wp\/v2\/pages"}],"about":[{"href":"https:\/\/www.memoria.cat\/pau-casals-josep-bares\/wp-json\/wp\/v2\/types\/page"}],"author":[{"embeddable":true,"href":"https:\/\/www.memoria.cat\/pau-casals-josep-bares\/wp-json\/wp\/v2\/users\/28"}],"replies":[{"embeddable":true,"href":"https:\/\/www.memoria.cat\/pau-casals-josep-bares\/wp-json\/wp\/v2\/comments?post=74159"}],"version-history":[{"count":0,"href":"https:\/\/www.memoria.cat\/pau-casals-josep-bares\/wp-json\/wp\/v2\/pages\/74159\/revisions"}],"wp:attachment":[{"href":"https:\/\/www.memoria.cat\/pau-casals-josep-bares\/wp-json\/wp\/v2\/media?parent=74159"}],"curies":[{"name":"wp","href":"https:\/\/api.w.org\/{rel}","templated":true}]}}