{"id":74157,"date":"2025-08-20T10:28:50","date_gmt":"2025-08-20T09:28:50","guid":{"rendered":"https:\/\/www.memoria.cat\/pau-casals-josep-bares\/?page_id=74157"},"modified":"2025-08-29T13:12:38","modified_gmt":"2025-08-29T12:12:38","slug":"video-del-dialeg-entre-josep-bares-i-manel-camp-pels-15-anys-de-quaderns-de-taller-a-lauditori-de-la-plana-de-lom-el-10-de-marc-del-1998","status":"publish","type":"page","link":"https:\/\/www.memoria.cat\/pau-casals-josep-bares\/video-del-dialeg-entre-josep-bares-i-manel-camp-pels-15-anys-de-quaderns-de-taller-a-lauditori-de-la-plana-de-lom-el-10-de-marc-del-1998\/","title":{"rendered":"V\u00eddeo del \u201cdi\u00e0leg\u201d entre Josep Bar\u00e9s i Manel Camp pels 15 anys de Quaderns de Taller, a l&#8217;auditori  de la Plana de l\u2019Om, el 10 de mar\u00e7 del 1998"},"content":{"rendered":"<h3><\/h3>\n<p>&nbsp;<\/p>\n<h3 style=\"text-align: left\">Els dos artistes van convertir l&#8217;escenari en un espai de creaci\u00f3 en directe<\/h3>\n<p>&nbsp;<\/p>\n<p>El 10 de mar\u00e7 de 1998 se celebrava a l\u2019auditori de La Plana de l\u2019Om de Manresa un acte que portava per t\u00edtol \u201cImatge i m\u00fasica: un di\u00e0leg\u201d. Els protagonistes eren l\u2019artista Josep Bar\u00e9s i el m\u00fasic Manel Camp, tots dos membres del col\u00b7lectiu art\u00edstic interdisciplinari manres\u00e0 Quaderns de Taller. La presentaci\u00f3 va anar a c\u00e0rrec de Joaquim Noguero.<\/p>\n<p>Era un dels actes que celebrava aquesta prestigiosa entitat manresana amb motiu dels seus 15 anys. Paral\u00b7lelament, la sala d\u2019exposicions de l\u2019auditori acollia l\u2019exposici\u00f3 \u201cQuaderns de Taller. 15 anys. En Espiral\u201d, en qu\u00e8 tots els seus membres mostraven el seu darrer treball creatiu.<\/p>\n<p>Aqu\u00ed podeu veure el v\u00eddeo d\u2019aquesta acci\u00f3 conjunta de Josep Bar\u00e9s i Manel Camp, que comen\u00e7a amb els papers intercanviats: Josep Bar\u00e9s al piano i Manel Camp pintant. Al final s\u2019estableix un di\u00e0leg amb el p\u00fablic assistent.<\/p>\n<p>L\u2019acte fou enregistrat per la Fundaci\u00f3 Caixa Manresa, propiet\u00e0ria aleshores del local i que don\u00e0 suport a tots els actes del quinz\u00e8 aniversari. El v\u00eddeo es conserva a l\u2019Arxiu Comarcal del Bages i fins ara ha restat in\u00e8dit..<\/p>\n<p><iframe title=\"\u201cImatge i m\u00fasica: un di\u00e0leg\u201d Manel Camp i Josep Bar\u00e9s. 10\/03\/1998\" src=\"https:\/\/player.vimeo.com\/video\/1111727413?dnt=1&amp;app_id=122963\" width=\"787\" height=\"576\" frameborder=\"0\" allow=\"autoplay; fullscreen; picture-in-picture; clipboard-write; encrypted-media; web-share\" referrerpolicy=\"strict-origin-when-cross-origin\"><\/iframe><\/p>\n","protected":false},"excerpt":{"rendered":"<p>&nbsp; Els dos artistes van convertir l&#8217;escenari en un espai de creaci\u00f3 en directe &nbsp; El 10 de mar\u00e7 de 1998 se celebrava a l\u2019auditori de La Plana de l\u2019Om de Manresa un acte que portava per t\u00edtol \u201cImatge i m\u00fasica: un di\u00e0leg\u201d. Els protagonistes eren l\u2019artista Josep Bar\u00e9s i el m\u00fasic Manel Camp, tots [&hellip;]<\/p>\n","protected":false},"author":28,"featured_media":0,"parent":0,"menu_order":0,"comment_status":"closed","ping_status":"closed","template":"","meta":{"footnotes":""},"class_list":["post-74157","page","type-page","status-publish","hentry"],"_links":{"self":[{"href":"https:\/\/www.memoria.cat\/pau-casals-josep-bares\/wp-json\/wp\/v2\/pages\/74157","targetHints":{"allow":["GET"]}}],"collection":[{"href":"https:\/\/www.memoria.cat\/pau-casals-josep-bares\/wp-json\/wp\/v2\/pages"}],"about":[{"href":"https:\/\/www.memoria.cat\/pau-casals-josep-bares\/wp-json\/wp\/v2\/types\/page"}],"author":[{"embeddable":true,"href":"https:\/\/www.memoria.cat\/pau-casals-josep-bares\/wp-json\/wp\/v2\/users\/28"}],"replies":[{"embeddable":true,"href":"https:\/\/www.memoria.cat\/pau-casals-josep-bares\/wp-json\/wp\/v2\/comments?post=74157"}],"version-history":[{"count":0,"href":"https:\/\/www.memoria.cat\/pau-casals-josep-bares\/wp-json\/wp\/v2\/pages\/74157\/revisions"}],"wp:attachment":[{"href":"https:\/\/www.memoria.cat\/pau-casals-josep-bares\/wp-json\/wp\/v2\/media?parent=74157"}],"curies":[{"name":"wp","href":"https:\/\/api.w.org\/{rel}","templated":true}]}}