{"id":73554,"date":"2020-10-12T15:47:04","date_gmt":"2020-10-12T14:47:04","guid":{"rendered":"https:\/\/www.memoria.cat\/manuel-companys\/?page_id=73554"},"modified":"2020-10-12T23:12:08","modified_gmt":"2020-10-12T22:12:08","slug":"qui-era-manuel-companys-i-jover","status":"publish","type":"page","link":"https:\/\/www.memoria.cat\/manuel-companys\/qui-era-manuel-companys-i-jover\/","title":{"rendered":"Qui era Manuel Companys i Jover?"},"content":{"rendered":"<p class=\"Standard\"><span lang=\"CA\">Manuel Companys i Jover era un dels germans barons del president. Perit mercantil, era militant d\u2019ERC i membre de la L\u00f2gia Ma\u00e7\u00f2nica Themis. Des del 1933 form\u00e0 part del consell d\u2019administraci\u00f3 de l\u2019empresa propiet\u00e0ria dels diaris <i>La Humanitat<\/i> (\u00f2rgan d\u2019ERC), <i>La Campana de Gr\u00e0cia<\/i> i <i>\u00daltima Hora<\/i>. Fou escollit en les eleccions a compromissari a la presid\u00e8ncia de la Rep\u00fablica del 26 d\u2019abril de 1936, dins la candidatura del Front d\u2019Esquerres. El gener de 1939 va marxar a l&#8217;exili franc\u00e8s junt amb els seus germans Josep i Camil. Els tres es van instal\u00b7lar a Montpeller. Posteriorment va aconseguir que es reunissin amb ell la seva dona i fills.<\/span><\/p>\n<p class=\"Standard\"><span lang=\"CA\"><a href=\"https:\/\/www.memoria.cat\/camil-companys\/\">El seu germ\u00e0 Camil<\/a>, que havia hagut de fugir de l\u2019ocupaci\u00f3 alemanya de Par\u00eds i s\u2019allotjava a casa seva, patia una profunda depressi\u00f3. El 20 de setembre de 1940 es va su\u00efcidar en saber la not\u00edcia de la detenci\u00f3 de Llu\u00eds Companys. Manuel fou l\u2019encarregat d\u2019identificar el cos del seu germ\u00e0 i de rebre de mans de la policia les pertinences personals de Camil.<\/span><span lang=\"CA\">\u00a0<\/span><\/p>\n<p class=\"Standard\"><span lang=\"CA\">Manuel Companys, segons sembla, s\u2019hauria plantejat marxar a M\u00e8xic amb la fam\u00edlia, per\u00f2 la interrupci\u00f3 dels trajectes des de Marsella ho hauria fet inviable. Romandr\u00e0 a Montpeller fins que, a principis de 1944, i segons l\u2019epistolari d\u2019Antoni Rovira i Virgili, trobi casa a La Bastide de S\u00e9rou, a l\u2019Arieja, entre Foix i Saint-Girons. \u00c9s justament a Saint-Girons on viu Jaume Creus i Ventura.<\/span><\/p>\n<p class=\"Standard\"><span lang=\"CA\">A partir de la tardor de 1944 participa en l\u2019esfor\u00e7 per recompondre ERC. En el Congr\u00e9s de Tolosa de juny de 1945 fou nomenat membre del seu nou consell directiu, que substitu\u00efa formalment el darrer consell executiu del partit nomenat el 1938.<\/span><\/p>\n<p class=\"Standard\"><span lang=\"CA\">El 1948 torna a Catalunya amb la seva dona i la seva filla. Morir\u00e0 a Barcelona el setembre de 1956 als 69 anys.<\/span><\/p>\n<p>&nbsp;<\/p>\n","protected":false},"excerpt":{"rendered":"<p>Manuel Companys i Jover era un dels germans barons del president. Perit mercantil, era militant d\u2019ERC i membre de la L\u00f2gia Ma\u00e7\u00f2nica Themis. Des del 1933 form\u00e0 part del consell d\u2019administraci\u00f3 de l\u2019empresa propiet\u00e0ria dels diaris La Humanitat (\u00f2rgan d\u2019ERC), La Campana de Gr\u00e0cia i \u00daltima Hora. Fou escollit en les eleccions a compromissari a [&hellip;]<\/p>\n","protected":false},"author":28,"featured_media":0,"parent":0,"menu_order":0,"comment_status":"closed","ping_status":"closed","template":"","meta":{"footnotes":""},"class_list":["post-73554","page","type-page","status-publish","hentry"],"_links":{"self":[{"href":"https:\/\/www.memoria.cat\/manuel-companys\/wp-json\/wp\/v2\/pages\/73554","targetHints":{"allow":["GET"]}}],"collection":[{"href":"https:\/\/www.memoria.cat\/manuel-companys\/wp-json\/wp\/v2\/pages"}],"about":[{"href":"https:\/\/www.memoria.cat\/manuel-companys\/wp-json\/wp\/v2\/types\/page"}],"author":[{"embeddable":true,"href":"https:\/\/www.memoria.cat\/manuel-companys\/wp-json\/wp\/v2\/users\/28"}],"replies":[{"embeddable":true,"href":"https:\/\/www.memoria.cat\/manuel-companys\/wp-json\/wp\/v2\/comments?post=73554"}],"version-history":[{"count":0,"href":"https:\/\/www.memoria.cat\/manuel-companys\/wp-json\/wp\/v2\/pages\/73554\/revisions"}],"wp:attachment":[{"href":"https:\/\/www.memoria.cat\/manuel-companys\/wp-json\/wp\/v2\/media?parent=73554"}],"curies":[{"name":"wp","href":"https:\/\/api.w.org\/{rel}","templated":true}]}}