{"id":73404,"date":"2019-11-11T13:18:10","date_gmt":"2019-11-11T12:18:10","guid":{"rendered":"https:\/\/www.memoria.cat\/manuel-companys\/?page_id=73404"},"modified":"2020-10-13T08:10:43","modified_gmt":"2020-10-13T07:10:43","slug":"portada","status":"publish","type":"page","link":"https:\/\/www.memoria.cat\/manuel-companys\/","title":{"rendered":"Portada"},"content":{"rendered":"<p>En aquest web us presentem 10 cartes in\u00e8dites de la correspond\u00e8ncia entre Manuel Companys i Jover, germ\u00e0 del president, i <a href=\"https:\/\/www.memoria.cat\/creus\">Jaume Creus i Ventura<\/a>, industrial i amic personal dels presidents Maci\u00e0 i Companys, durant el seu exili a Fran\u00e7a. 8 d\u2019aquestes cartes van ser escrites per Manuel Companys. Les altres dues per Jaume Creus. Estan datades entre els anys 1945 i 1948. Les cartes s\u2019han localitzat a l\u2019Arxiu Comarcal del Pallars Sobir\u00e0.<\/p>\n<p>Les cartes corresponen a tres moments ben diferents. Les de l\u2019any 1945 fan refer\u00e8ncia a la reconstrucci\u00f3 del partit d\u2019Esquerra Republicana de Catalunya a Fran\u00e7a; les de 1947 parlen de les gestions per fer arribar les ajudes del Servei d\u2019Ajut de la Generalitat als exiliats necessitats i de l\u2019acte d\u2019homenatge a Pau Casals del juny de 1947 a Foix; les dues cartes de 1948, en canvi, reflecteixen el retorn de Manuel Companys a Catalunya.<\/p>\n<p>Especialment significativa \u00e9s la referencia que el 1945 Manuel Companys feia de la informaci\u00f3 que li arribava sobre la repressi\u00f3 a Espanya:<\/p>\n<p>\u201c<em>Un amic d\u2019Andorra, que darrerament ha estat a Catalunya, m\u2019escriu: no cregueu res de la magnanimitat, perd\u00f3n i just\u00edcia (?) de Franco; que no li vingui el mal pensament de tornar a casa, car la repressi\u00f3 \u00e9s m\u00e9s forta que mai, sobretot contra Catalunya<\/em>\u201d.<\/p>\n<p>L\u2019amargor de viure a l\u2019exili es barreja amb l\u2019esperan\u00e7a de poder tornar aviat a una Catalunya lliure:<\/p>\n<p>\u00ab<em>Malgrat el Gobern de la Rep\u00fablica (ara en crisis), malgrat totes les divisions en partits i grupets, malgrat els anglo-sajons i la O.N.U., hem d\u2019al\u00e7ar el cor i repetir la vella adre\u00e7a: aquest any ser\u00e0 el que veurem nostra Catalunya lliberada<\/em>\u201d.<\/p>\n<p>En aquest web podeu veure <a href=\"https:\/\/www.memoria.cat\/manuel-companys\/les-cartes-de-manuel-companys-a-jaume-creus\/\">la reproducci\u00f3 de totes les cartes (amb la transcripci\u00f3 de les cartes manuscrites i la seva contextualitzaci\u00f3)<\/a> i tamb\u00e9 unes <a href=\"https:\/\/www.memoria.cat\/manuel-companys\/qui-era-manuel-companys-i-jover\/\">dades biogr\u00e0fiques de Manuel Companys i Jover<\/a>.<\/p>\n<p>&nbsp;<\/p>\n<p>Localitzaci\u00f3 de la documentaci\u00f3:\u00a0Joaquim Aloy<\/p>\n<p>Continguts del web: Joaquim Aloy i Jordi Pons<\/p>\n<p>&nbsp;<\/p>\n<p>&nbsp;<\/p>\n<p>&nbsp;<\/p>\n","protected":false},"excerpt":{"rendered":"<p>En aquest web us presentem 10 cartes in\u00e8dites de la correspond\u00e8ncia entre Manuel Companys i Jover, germ\u00e0 del president, i Jaume Creus i Ventura, industrial i amic personal dels presidents Maci\u00e0 i Companys, durant el seu exili a Fran\u00e7a. 8 d\u2019aquestes cartes van ser escrites per Manuel Companys. Les altres dues per Jaume Creus. Estan [&hellip;]<\/p>\n","protected":false},"author":1,"featured_media":0,"parent":0,"menu_order":0,"comment_status":"closed","ping_status":"closed","template":"","meta":{"footnotes":""},"class_list":["post-73404","page","type-page","status-publish","hentry"],"_links":{"self":[{"href":"https:\/\/www.memoria.cat\/manuel-companys\/wp-json\/wp\/v2\/pages\/73404","targetHints":{"allow":["GET"]}}],"collection":[{"href":"https:\/\/www.memoria.cat\/manuel-companys\/wp-json\/wp\/v2\/pages"}],"about":[{"href":"https:\/\/www.memoria.cat\/manuel-companys\/wp-json\/wp\/v2\/types\/page"}],"author":[{"embeddable":true,"href":"https:\/\/www.memoria.cat\/manuel-companys\/wp-json\/wp\/v2\/users\/1"}],"replies":[{"embeddable":true,"href":"https:\/\/www.memoria.cat\/manuel-companys\/wp-json\/wp\/v2\/comments?post=73404"}],"version-history":[{"count":0,"href":"https:\/\/www.memoria.cat\/manuel-companys\/wp-json\/wp\/v2\/pages\/73404\/revisions"}],"wp:attachment":[{"href":"https:\/\/www.memoria.cat\/manuel-companys\/wp-json\/wp\/v2\/media?parent=73404"}],"curies":[{"name":"wp","href":"https:\/\/api.w.org\/{rel}","templated":true}]}}