{"id":73575,"date":"2020-11-11T15:54:13","date_gmt":"2020-11-11T14:54:13","guid":{"rendered":"https:\/\/www.memoria.cat\/manresanes-guerra-civil-i-repressio\/?page_id=73575"},"modified":"2022-02-12T22:15:52","modified_gmt":"2022-02-12T21:15:52","slug":"les-cronistes-de-la-guerra","status":"publish","type":"page","link":"https:\/\/www.memoria.cat\/manresanes-guerra-civil-i-repressio\/les-cronistes-de-la-guerra\/","title":{"rendered":"Cronistes i propagandistes"},"content":{"rendered":"<p>Des de la proclamaci\u00f3 de la Rep\u00fablica l&#8217;any 1931, les dones van tenir m\u00e9s pres\u00e8ncia a la premsa local, sobretot incentivant el vot femen\u00ed. Els anys de la guerra, trobem fonamentalment crides dels grups femenins del partits i les organitzacions existents per mobilitzar les dones a la rereguarda. Amb signatura pr\u00f2pia, la dona m\u00e9s constant a la premsa i que hi va escriure m\u00e9s articles va ser l&#8217;<a href=\"https:\/\/www.memoria.cat\/manresanes-guerra-civil-i-repressio\/anna-sola-sardans\/\">Anna Sol\u00e0 Sardans,<\/a> al diari <em>UGT.<\/em> Alguns els va signar com a representant de la Uni\u00f3 de Dones de Catalunya.<\/p>\n<p><strong>Podeu llegir els articles a<\/strong>:<\/p>\n<p><a href=\"https:\/\/www.memoria.cat\/manresanes-guerra-civil-i-repressio\/anna-sola-sardans\/\">Anna Sol\u00e0 Sardans (25)<\/a><br \/>\n<a href=\"https:\/\/www.memoria.cat\/manresanes-guerra-civil-i-repressio\/marina-oliver\/\">Marina Oliver (18)<\/a><strong><br \/>\n<\/strong><a href=\"https:\/\/www.memoria.cat\/manresanes-guerra-civil-i-repressio\/antonieta-feliu-miro\/\">Antonieta Feliu Mir\u00f3<\/a> (5)<br \/>\n<a href=\"https:\/\/www.memoria.cat\/manresanes-guerra-civil-i-repressio\/olga-del-poum\/\">Olga del POUM (5)<\/a><br \/>\n<a href=\"https:\/\/www.memoria.cat\/manresanes-guerra-civil-i-repressio\/rosa-fontcuberta\/\">Rosa Fontcuberta Figueras (4)<\/a><br \/>\n<a href=\"https:\/\/www.memoria.cat\/manresanes-guerra-civil-i-repressio\/agnes-marzo\/\">Agn\u00e8s Marzo Rierola (4)<\/a><br \/>\n<a href=\"https:\/\/www.memoria.cat\/manresanes-guerra-civil-i-repressio\/paquita-tremul\/\">Paquita Tremul Huguet (4)<\/a><br \/>\n<a href=\"https:\/\/www.memoria.cat\/manresanes-guerra-civil-i-repressio\/teresa-pinto\/\">Teresa Pint\u00f3 (3)<\/a><br \/>\n<a href=\"https:\/\/www.memoria.cat\/manresanes-guerra-civil-i-repressio\/dolors-capellas\/\">Dolors Capellas Massan\u00e9s (2)<\/a><br \/>\n<a href=\"https:\/\/www.memoria.cat\/manresanes-guerra-civil-i-repressio\/isabel-arderiu\/\">Isabel Arderiu Mercader (2)<\/a><br \/>\n<a href=\"https:\/\/www.memoria.cat\/manresanes-guerra-civil-i-repressio\/m-teresa-ayuso\/\">M. Teresa Ayuso L\u00f3pez<\/a> (2)<br \/>\n<a href=\"https:\/\/www.memoria.cat\/manresanes-guerra-civil-i-repressio\/gracieta\/\">Gracieta<\/a> (2)<br \/>\n<a href=\"https:\/\/www.memoria.cat\/manresanes-guerra-civil-i-repressio\/lluisa-pujades\/\">Llu\u00efsa Pujades<\/a> (2)<\/p>\n<p>Tamb\u00e9 hi van escriure Dolors Soler, <a href=\"https:\/\/www.memoria.cat\/manresanes-guerra-civil-i-repressio\/wp-admin\/upload.php?item=74692\">\u00c1ngeles Arenas<\/a>, <a href=\"https:\/\/www.memoria.cat\/manresanes-guerra-civil-i-repressio\/wp-content\/uploads\/sites\/55\/2021\/10\/1938.05.05-Vicenta-Arilla.jpg\">Vicenta Arilla<\/a>, Ant\u00f2nia Arnaus, <a href=\"https:\/\/www.memoria.cat\/manresanes-guerra-civil-i-repressio\/maria-bergua-armisen\/\">Maria Bergua<\/a>, <a href=\"https:\/\/www.memoria.cat\/manresanes-guerra-civil-i-repressio\/wp-content\/uploads\/sites\/55\/2021\/10\/1938.03.08-Angelina-Compte-scaled.jpg\">Angelina Compte<\/a>, <a href=\"https:\/\/www.memoria.cat\/manresanes-guerra-civil-i-repressio\/wp-content\/uploads\/sites\/55\/2021\/10\/1938.02.22-Teresa-Gros-scaled.jpg\">Teresa Gros<\/a>, <a href=\"https:\/\/www.memoria.cat\/manresanes-guerra-civil-i-repressio\/wp-content\/uploads\/sites\/55\/2021\/10\/Guillaumet.jpg\">A. Guillaumet<\/a>, <a href=\"https:\/\/www.memoria.cat\/manresanes-guerra-civil-i-repressio\/wp-content\/uploads\/sites\/55\/2021\/10\/1937.04.03-Laura-Serra.jpg\">Laura Serra<\/a>, M. Serra Massana (1), entre altres.<\/p>\n<p>&nbsp;<\/p>\n<p><strong>Articulistes de fora de<\/strong><strong> Manresa<\/strong><br \/>\nA la premsa manresana hi podem llegir Anita Brenner, Margarita Nelken, Dolores Ib\u00e1rruri, Teresa P\u00e0mies, Lloren\u00e7a Garc\u00eda de Riu, Maria P\u00e9rez Enciso, Carme D\u00edaz, Elionor Madrenas, Merc\u00e8 Sauch, etc.<\/p>\n<p>&nbsp;<\/p>\n<p><strong>Intervencions p\u00fabliques (manresanes)\u00a0<\/strong><br \/>\nActivistes manresanes com\u00a0 <a href=\"https:\/\/www.memoria.cat\/manresanes-guerra-civil-i-repressio\/ramona-berni-toldra\/\">Ramona Berni Toldr\u00e0<\/a>, <a href=\"https:\/\/www.memoria.cat\/manresanes-guerra-civil-i-repressio\/anna-maria-espelt-vilalta\/\">Anna M. Espelt Vilalta<\/a>, <a href=\"https:\/\/www.memoria.cat\/manresanes-guerra-civil-i-repressio\/antonieta-feliu-miro\/\">Antonieta Feliu Mir\u00f3<\/a>, <a href=\"https:\/\/www.memoria.cat\/manresanes-guerra-civil-i-repressio\/m-teresa-ayuso\/\">M. Teresa Ayuso L\u00f3pez<\/a> o <a href=\"https:\/\/www.memoria.cat\/manresanes-guerra-civil-i-repressio\/anna-sola-sardans\/\">Anna Sol\u00e0 Sardans<\/a>, entre altres, van participar com a oradores en actes p\u00fablics a Manresa.<\/p>\n<p><strong>Conferenciants de fora de Manresa\u00a0<\/strong><br \/>\nTamb\u00e9 activistes de fora de la ciutat van venir a fer-hi confer\u00e8ncies, algunes ressenyades a la premsa local:<br \/>\nTina Rinc\u00f3n i Dolors Bargall\u00f3, en nom del Socors Roig Internacional (24\/01\/1937)<br \/>\nDolors Piera, del PSUC (23\/02\/1937)<br \/>\nGavina Viana, del PSUC (11\/04\/1937)<br \/>\nTeresa P\u00e0mies, de les JSUC (07\/06\/1937)<br \/>\nRosa Robert, de la UGT (29\/01\/1938)<br \/>\nDolors Bargall\u00f3 i Dolors Piera, en nom de la Uni\u00f3 de Dones de Catalunya (05\/03\/1938)<br \/>\nCarme Romeu, de la UGT (17\/03\/1938 i 13\/11\/1938)<br \/>\nTeresa Palau, del PSUC (06\/1938)<br \/>\nMargarida Abril, del PSUC (16\/10\/1938), entre altres<\/p>\n","protected":false},"excerpt":{"rendered":"<p>Des de la proclamaci\u00f3 de la Rep\u00fablica l&#8217;any 1931, les dones van tenir m\u00e9s pres\u00e8ncia a la premsa local, sobretot incentivant el vot femen\u00ed. Els anys de la guerra, trobem fonamentalment crides dels grups femenins del partits i les organitzacions existents per mobilitzar les dones a la rereguarda. Amb signatura pr\u00f2pia, la dona m\u00e9s constant [&hellip;]<\/p>\n","protected":false},"author":20,"featured_media":0,"parent":0,"menu_order":0,"comment_status":"closed","ping_status":"closed","template":"","meta":{"footnotes":""},"class_list":["post-73575","page","type-page","status-publish","hentry"],"_links":{"self":[{"href":"https:\/\/www.memoria.cat\/manresanes-guerra-civil-i-repressio\/wp-json\/wp\/v2\/pages\/73575","targetHints":{"allow":["GET"]}}],"collection":[{"href":"https:\/\/www.memoria.cat\/manresanes-guerra-civil-i-repressio\/wp-json\/wp\/v2\/pages"}],"about":[{"href":"https:\/\/www.memoria.cat\/manresanes-guerra-civil-i-repressio\/wp-json\/wp\/v2\/types\/page"}],"author":[{"embeddable":true,"href":"https:\/\/www.memoria.cat\/manresanes-guerra-civil-i-repressio\/wp-json\/wp\/v2\/users\/20"}],"replies":[{"embeddable":true,"href":"https:\/\/www.memoria.cat\/manresanes-guerra-civil-i-repressio\/wp-json\/wp\/v2\/comments?post=73575"}],"version-history":[{"count":0,"href":"https:\/\/www.memoria.cat\/manresanes-guerra-civil-i-repressio\/wp-json\/wp\/v2\/pages\/73575\/revisions"}],"wp:attachment":[{"href":"https:\/\/www.memoria.cat\/manresanes-guerra-civil-i-repressio\/wp-json\/wp\/v2\/media?parent=73575"}],"curies":[{"name":"wp","href":"https:\/\/api.w.org\/{rel}","templated":true}]}}