{"id":73662,"date":"2015-09-12T14:00:27","date_gmt":"2015-09-12T13:00:27","guid":{"rendered":"https:\/\/www.memoria.cat\/lluis-companys-nova-dossierpolicial\/enllacos\/"},"modified":"2020-10-08T15:16:36","modified_gmt":"2020-10-08T14:16:36","slug":"enllacos","status":"publish","type":"page","link":"https:\/\/www.memoria.cat\/lluis-companys-dossierpolicial\/enllacos\/","title":{"rendered":"Enlla\u00e7os"},"content":{"rendered":"<ul>\n<li><a href=\"https:\/\/www.memoria.cat\/companys-nova\/\" target=\"_blank\" rel=\"noopener noreferrer\">Documents in\u00e8dits de Llu\u00eds Companys i Carme Ballester, localitzats a l\u2019Institut Internacional d\u2019Hist\u00f2ria Social d\u2019Amsterdam<\/a><\/li>\n<li><a href=\"http:\/\/www1.memoria.cat\/creus\/content\/correspond%C3%A8ncia-amb-el-president-llu%C3%ADs-companys-15-cartes\" target=\"_blank\" rel=\"noopener noreferrer\">Correspond\u00e8ncia in\u00e8dita de Llu\u00eds Companys, Pau Casals i altres personalitats catalanes, amb cinc cartes que el president va escriure des de la pres\u00f3 els anys 1934 i 1935, trobades per un drapaire en un pis de Gr\u00e0cia.<\/a><\/li>\n<li><a href=\"https:\/\/www.memoria.cat\/lluis-companys-avila\/\" target=\"_blank\" rel=\"noopener noreferrer\">Documents sobre Llu\u00eds Companys conservats a l\u2019Archivo General Militar d\u2019\u00c0vila<\/a><\/li>\n<li><a href=\"https:\/\/www.memoria.cat\/lluis-companys-salamanca\/\" target=\"_blank\" rel=\"noopener noreferrer\">L\u2019expedient de Llu\u00eds Companys de l\u2019Arxiu de Salamanca<\/a><\/li>\n<li><a href=\"https:\/\/www.memoria.cat\/camil-companys\/\">Documents de Camil Companys, germ\u00e0 del President<\/a><\/li>\n<li><a href=\"https:\/\/www.memoria.cat\/lluis-companys-mico\/\">Documents de Llu\u00eds Companys i Mic\u00f3, fill del president<\/a><\/li>\n<\/ul>\n","protected":false},"excerpt":{"rendered":"<ul>\n<li><a href=\"http:\/\/www1.memoria.cat\/companys\/\" target=\"_blank\" rel=\"noopener noreferrer\">Documents in\u00e8dits de Llu\u00eds Companys i Carme Ballester, localitzats a l\u2019Institut Internacional d\u2019Hist\u00f2ria Social d\u2019Amsterdam<\/a><\/li>\n<li><a href=\"http:\/\/www1.memoria.cat\/creus\/content\/correspond%C3%A8ncia-amb-el-president-llu%C3%ADs-companys-15-cartes\" target=\"_blank\" rel=\"noopener noreferrer\">Correspond\u00e8ncia in\u00e8dita de Llu\u00eds Companys, Pau Casals i altres personalitats catalanes, amb cinc cartes que el president va escriure des de la pres\u00f3 els anys 1934 i 1935, trobades per un drapaire en un pis de Gr\u00e0cia.<\/a><\/li>\n<li><a href=\"http:\/\/www1.memoria.cat\/lluis \n<br \/>\n","protected":false},"author":1,"featured_media":0,"parent":0,"menu_order":0,"comment_status":"closed","ping_status":"closed","template":"","meta":{"iawp_total_views":0,"footnotes":""},"class_list":["post-73662","page","type-page","status-publish","hentry"],"_links":{"self":[{"href":"https:\/\/www.memoria.cat\/lluis-companys-dossierpolicial\/wp-json\/wp\/v2\/pages\/73662","targetHints":{"allow":["GET"]}}],"collection":[{"href":"https:\/\/www.memoria.cat\/lluis-companys-dossierpolicial\/wp-json\/wp\/v2\/pages"}],"about":[{"href":"https:\/\/www.memoria.cat\/lluis-companys-dossierpolicial\/wp-json\/wp\/v2\/types\/page"}],"author":[{"embeddable":true,"href":"https:\/\/www.memoria.cat\/lluis-companys-dossierpolicial\/wp-json\/wp\/v2\/users\/1"}],"replies":[{"embeddable":true,"href":"https:\/\/www.memoria.cat\/lluis-companys-dossierpolicial\/wp-json\/wp\/v2\/comments?post=73662"}],"version-history":[{"count":0,"href":"https:\/\/www.memoria.cat\/lluis-companys-dossierpolicial\/wp-json\/wp\/v2\/pages\/73662\/revisions"}],"wp:attachment":[{"href":"https:\/\/www.memoria.cat\/lluis-companys-dossierpolicial\/wp-json\/wp\/v2\/media?parent=73662"}],"curies":[{"name":"wp","href":"https:\/\/api.w.org\/{rel}","templated":true}]}}