{"id":96,"date":"2015-05-30T09:38:11","date_gmt":"2015-05-30T08:38:11","guid":{"rendered":"https:\/\/www.memoria.cat\/lluis-companys-avila-nova\/enllacos\/"},"modified":"2020-10-08T14:58:48","modified_gmt":"2020-10-08T13:58:48","slug":"enllacos","status":"publish","type":"page","link":"https:\/\/www.memoria.cat\/lluis-companys-avila\/enllacos\/","title":{"rendered":"Enlla\u00e7os"},"content":{"rendered":"<ul>\n<li><a href=\"https:\/\/www.memoria.cat\/companys-nova\/\" target=\"_blank\" rel=\"noopener noreferrer\">Documents in\u00e8dits de Llu\u00eds Companys i Carme Ballester, localitzats a l\u2019Institut Internacional d\u2019Hist\u00f2ria Social d\u2019Amsterdam<\/a><\/li>\n<li><a href=\"http:\/\/www1.memoria.cat\/creus\/content\/correspond%C3%A8ncia-amb-el-president-llu%C3%ADs-companys-15-cartes\" target=\"_blank\" rel=\"noopener noreferrer\">Correspond\u00e8ncia in\u00e8dita de Llu\u00eds Companys, Pau Casals i altres personalitats catalanes, amb cinc cartes que el president va escriure des de la pres\u00f3 els anys 1934 i 1935, trobades per un drapaire en un pis de Gr\u00e0cia<\/a><\/li>\n<li><a href=\"https:\/\/www.memoria.cat\/lluis-companys-salamanca\/\" target=\"_blank\" rel=\"noopener noreferrer\">L\u2019expedient de Llu\u00eds Companys de l\u2019Arxiu de Salamanca<\/a><\/li>\n<li><a href=\"https:\/\/www.memoria.cat\/lluis-companys-dossierpolicial\/portada\/\" target=\"_blank\" rel=\"noopener noreferrer\">Dossier policial franc\u00e8s sobre Llu\u00eds Companys<\/a><\/li>\n<li><a href=\"https:\/\/www.memoria.cat\/camil-companys\/\">Documents de Camil Companys, germ\u00e0 del President<\/a><\/li>\n<li><a href=\"https:\/\/www.memoria.cat\/lluis-companys-mico\/\">Documents de Llu\u00eds Companys i Mic\u00f3, fill del president<\/a><\/li>\n<li style=\"list-style-type: none;\"><\/li>\n<\/ul>\n","protected":false},"excerpt":{"rendered":"<p>Documents in\u00e8dits de Llu\u00eds Companys i Carme Ballester, localitzats a l\u2019Institut Internacional d\u2019Hist\u00f2ria Social d\u2019Amsterdam Correspond\u00e8ncia in\u00e8dita de Llu\u00eds Companys, Pau Casals i altres personalitats catalanes, amb cinc cartes que el president va escriure des de la pres\u00f3 els anys 1934 i 1935, trobades per un drapaire en un pis de Gr\u00e0cia L\u2019expedient de Llu\u00eds [&hellip;]<\/p>\n","protected":false},"author":1,"featured_media":0,"parent":0,"menu_order":0,"comment_status":"closed","ping_status":"closed","template":"","meta":{"footnotes":""},"class_list":["post-96","page","type-page","status-publish","hentry"],"yoast_head":"<!-- This site is optimized with the Yoast SEO plugin v27.4 - https:\/\/yoast.com\/product\/yoast-seo-wordpress\/ -->\n<title>Enlla\u00e7os - Documents sobre Llu\u00eds Companys conservats a l\u2019Archivo General Militar d\u2019\u00c0vila<\/title>\n<meta name=\"robots\" content=\"index, follow, max-snippet:-1, max-image-preview:large, max-video-preview:-1\" \/>\n<link rel=\"canonical\" href=\"https:\/\/www.memoria.cat\/lluis-companys-avila\/enllacos\/\" \/>\n<meta property=\"og:locale\" content=\"ca_ES\" \/>\n<meta property=\"og:type\" content=\"article\" \/>\n<meta property=\"og:title\" content=\"Enlla\u00e7os - Documents sobre Llu\u00eds Companys conservats a l\u2019Archivo General Militar d\u2019\u00c0vila\" \/>\n<meta property=\"og:description\" content=\"Documents in\u00e8dits de Llu\u00eds Companys i Carme Ballester, localitzats a l\u2019Institut Internacional d\u2019Hist\u00f2ria Social d\u2019Amsterdam Correspond\u00e8ncia in\u00e8dita de Llu\u00eds Companys, Pau Casals i altres personalitats catalanes, amb cinc cartes que el president va escriure des de la pres\u00f3 els anys 1934 i 1935, trobades per un drapaire en un pis de Gr\u00e0cia L\u2019expedient de Llu\u00eds [&hellip;]\" \/>\n<meta property=\"og:url\" content=\"https:\/\/www.memoria.cat\/lluis-companys-avila\/enllacos\/\" \/>\n<meta property=\"og:site_name\" content=\"Documents sobre Llu\u00eds Companys conservats a l\u2019Archivo General Militar d\u2019\u00c0vila\" \/>\n<meta property=\"article:modified_time\" content=\"2020-10-08T13:58:48+00:00\" \/>\n<meta name=\"twitter:card\" content=\"summary_large_image\" \/>\n<script type=\"application\/ld+json\" class=\"yoast-schema-graph\">{\"@context\":\"https:\\\/\\\/schema.org\",\"@graph\":[{\"@type\":\"WebPage\",\"@id\":\"https:\\\/\\\/www.memoria.cat\\\/lluis-companys-avila\\\/enllacos\\\/\",\"url\":\"https:\\\/\\\/www.memoria.cat\\\/lluis-companys-avila\\\/enllacos\\\/\",\"name\":\"Enlla\u00e7os - Documents sobre Llu\u00eds Companys conservats a l\u2019Archivo General Militar d\u2019\u00c0vila\",\"isPartOf\":{\"@id\":\"https:\\\/\\\/www.memoria.cat\\\/lluis-companys-avila\\\/#website\"},\"datePublished\":\"2015-05-30T08:38:11+00:00\",\"dateModified\":\"2020-10-08T13:58:48+00:00\",\"breadcrumb\":{\"@id\":\"https:\\\/\\\/www.memoria.cat\\\/lluis-companys-avila\\\/enllacos\\\/#breadcrumb\"},\"inLanguage\":\"ca\",\"potentialAction\":[{\"@type\":\"ReadAction\",\"target\":[\"https:\\\/\\\/www.memoria.cat\\\/lluis-companys-avila\\\/enllacos\\\/\"]}]},{\"@type\":\"BreadcrumbList\",\"@id\":\"https:\\\/\\\/www.memoria.cat\\\/lluis-companys-avila\\\/enllacos\\\/#breadcrumb\",\"itemListElement\":[{\"@type\":\"ListItem\",\"position\":1,\"name\":\"Inici\",\"item\":\"https:\\\/\\\/www.memoria.cat\\\/lluis-companys-avila\\\/\"},{\"@type\":\"ListItem\",\"position\":2,\"name\":\"Enlla\u00e7os\"}]},{\"@type\":\"WebSite\",\"@id\":\"https:\\\/\\\/www.memoria.cat\\\/lluis-companys-avila\\\/#website\",\"url\":\"https:\\\/\\\/www.memoria.cat\\\/lluis-companys-avila\\\/\",\"name\":\"Documents sobre Llu\u00eds Companys conservats a l\u2019Archivo General Militar d\u2019\u00c0vila\",\"description\":\"\",\"potentialAction\":[{\"@type\":\"SearchAction\",\"target\":{\"@type\":\"EntryPoint\",\"urlTemplate\":\"https:\\\/\\\/www.memoria.cat\\\/lluis-companys-avila\\\/?s={search_term_string}\"},\"query-input\":{\"@type\":\"PropertyValueSpecification\",\"valueRequired\":true,\"valueName\":\"search_term_string\"}}],\"inLanguage\":\"ca\"}]}<\/script>\n<!-- \/ Yoast SEO plugin. -->","yoast_head_json":{"title":"Enlla\u00e7os - Documents sobre Llu\u00eds Companys conservats a l\u2019Archivo General Militar d\u2019\u00c0vila","robots":{"index":"index","follow":"follow","max-snippet":"max-snippet:-1","max-image-preview":"max-image-preview:large","max-video-preview":"max-video-preview:-1"},"canonical":"https:\/\/www.memoria.cat\/lluis-companys-avila\/enllacos\/","og_locale":"ca_ES","og_type":"article","og_title":"Enlla\u00e7os - Documents sobre Llu\u00eds Companys conservats a l\u2019Archivo General Militar d\u2019\u00c0vila","og_description":"Documents in\u00e8dits de Llu\u00eds Companys i Carme Ballester, localitzats a l\u2019Institut Internacional d\u2019Hist\u00f2ria Social d\u2019Amsterdam Correspond\u00e8ncia in\u00e8dita de Llu\u00eds Companys, Pau Casals i altres personalitats catalanes, amb cinc cartes que el president va escriure des de la pres\u00f3 els anys 1934 i 1935, trobades per un drapaire en un pis de Gr\u00e0cia L\u2019expedient de Llu\u00eds [&hellip;]","og_url":"https:\/\/www.memoria.cat\/lluis-companys-avila\/enllacos\/","og_site_name":"Documents sobre Llu\u00eds Companys conservats a l\u2019Archivo General Militar d\u2019\u00c0vila","article_modified_time":"2020-10-08T13:58:48+00:00","twitter_card":"summary_large_image","schema":{"@context":"https:\/\/schema.org","@graph":[{"@type":"WebPage","@id":"https:\/\/www.memoria.cat\/lluis-companys-avila\/enllacos\/","url":"https:\/\/www.memoria.cat\/lluis-companys-avila\/enllacos\/","name":"Enlla\u00e7os - Documents sobre Llu\u00eds Companys conservats a l\u2019Archivo General Militar d\u2019\u00c0vila","isPartOf":{"@id":"https:\/\/www.memoria.cat\/lluis-companys-avila\/#website"},"datePublished":"2015-05-30T08:38:11+00:00","dateModified":"2020-10-08T13:58:48+00:00","breadcrumb":{"@id":"https:\/\/www.memoria.cat\/lluis-companys-avila\/enllacos\/#breadcrumb"},"inLanguage":"ca","potentialAction":[{"@type":"ReadAction","target":["https:\/\/www.memoria.cat\/lluis-companys-avila\/enllacos\/"]}]},{"@type":"BreadcrumbList","@id":"https:\/\/www.memoria.cat\/lluis-companys-avila\/enllacos\/#breadcrumb","itemListElement":[{"@type":"ListItem","position":1,"name":"Inici","item":"https:\/\/www.memoria.cat\/lluis-companys-avila\/"},{"@type":"ListItem","position":2,"name":"Enlla\u00e7os"}]},{"@type":"WebSite","@id":"https:\/\/www.memoria.cat\/lluis-companys-avila\/#website","url":"https:\/\/www.memoria.cat\/lluis-companys-avila\/","name":"Documents sobre Llu\u00eds Companys conservats a l\u2019Archivo General Militar d\u2019\u00c0vila","description":"","potentialAction":[{"@type":"SearchAction","target":{"@type":"EntryPoint","urlTemplate":"https:\/\/www.memoria.cat\/lluis-companys-avila\/?s={search_term_string}"},"query-input":{"@type":"PropertyValueSpecification","valueRequired":true,"valueName":"search_term_string"}}],"inLanguage":"ca"}]}},"_links":{"self":[{"href":"https:\/\/www.memoria.cat\/lluis-companys-avila\/wp-json\/wp\/v2\/pages\/96","targetHints":{"allow":["GET"]}}],"collection":[{"href":"https:\/\/www.memoria.cat\/lluis-companys-avila\/wp-json\/wp\/v2\/pages"}],"about":[{"href":"https:\/\/www.memoria.cat\/lluis-companys-avila\/wp-json\/wp\/v2\/types\/page"}],"author":[{"embeddable":true,"href":"https:\/\/www.memoria.cat\/lluis-companys-avila\/wp-json\/wp\/v2\/users\/1"}],"replies":[{"embeddable":true,"href":"https:\/\/www.memoria.cat\/lluis-companys-avila\/wp-json\/wp\/v2\/comments?post=96"}],"version-history":[{"count":0,"href":"https:\/\/www.memoria.cat\/lluis-companys-avila\/wp-json\/wp\/v2\/pages\/96\/revisions"}],"wp:attachment":[{"href":"https:\/\/www.memoria.cat\/lluis-companys-avila\/wp-json\/wp\/v2\/media?parent=96"}],"curies":[{"name":"wp","href":"https:\/\/api.w.org\/{rel}","templated":true}]}}