{"id":1,"date":"2015-05-09T14:23:09","date_gmt":"2015-05-09T13:23:09","guid":{"rendered":"https:\/\/www.memoria.cat\/lluis-companys-avila-nova\/papers-catalans-a-avila\/"},"modified":"2020-10-08T14:52:46","modified_gmt":"2020-10-08T13:52:46","slug":"papers-catalans-a-avila","status":"publish","type":"page","link":"https:\/\/www.memoria.cat\/lluis-companys-avila\/","title":{"rendered":"Papers catalans a \u00c0vila"},"content":{"rendered":"<div class=\"portada\">\n<p>En aquest web us oferim uns documents de gran inter\u00e8s hist\u00f2ric que es conserven a l\u2019Archivo General Militar d\u2019\u00c0vila. Es tracta d\u2019una mostra d\u2019un fons que darrerament ha fet parlar molt, conegut com a \u201cpapers d\u2019\u00c0vila\u201d, de la mateixa manera que els documents dipositats a l\u2019Arxiu de Salamanca reben la denominaci\u00f3 de \u201cpapers de Salamanca\u201d. De fet, s\u00f3n papers catalans a \u00c0vila i a Salamanca i aix\u00ed haurien de ser denominats. El 10 de mar\u00e7 passat la Generalitat va instar el govern central la restituci\u00f3 d\u2019aquesta documentaci\u00f3.<\/p>\n<div class=\"portada\">\n<p>Els papers que us mostrem s\u00f3n alguns dels m\u00e9s rellevants del fons documental inventariat que cont\u00e9 l\u2019Arxiu.\u00a0\u00c9s possible que\u00a0la Gestapo els requis\u00e9s el 1940 a les oficines que la Generalitat tenia a l\u2019exili a Par\u00eds, que despr\u00e9s els lliur\u00e9s a l\u2019ambaixada espanyola i aquesta a la policia franquista.Tots ells estan relacionats amb el president Llu\u00eds Companys. Hi podem veure<a href=\"https:\/\/www.memoria.cat\/lluis-companys-avila\/discurs-del-president-de-la-generalitat-al-poble-de-catalunya-contra-els-traidors-contra-els-invasors-a-les-armes\/\"> un discurs molt emotiu del president, de mar\u00e7 de 1938<\/a> i cartes adre\u00e7ades a Llu\u00eds Companys per part de <a href=\"https:\/\/www.memoria.cat\/lluis-companys-avila\/21-1-1937-carta-de-largo-caballero-ministre-de-la-guerra-a-lluis-companys-en-que-li-demana-la-seva-opinio-sobre-un-replantejament-de-lestrategia-de-lexercit-republica-que-el-gover\/\">Largo Caballero<\/a>, el <a href=\"https:\/\/www.memoria.cat\/lluis-companys-avila\/15-3-1937-carta-de-la-delegacio-de-barcelona-del-comite-internacional-de-la-creu-roja-al-president-lluis-companys-sobre-intercanvis-de-presoners-de-guerra\/\">Comit\u00e8 Internacional de la Creu Roja<\/a>, el <a href=\"https:\/\/www.memoria.cat\/lluis-companys-avila\/12-5-1937-tramesa-dun-informe-confidencial-del-ministeri-de-la-guerra-a-lluis-companys-sobre-el-coneixement-que-lexercit-franquista-te-de-diverses-activitats-de-lexercit-r\/\">ministeri de Guerra<\/a> i <a href=\"https:\/\/www.memoria.cat\/lluis-companys-avila\/18-9-1937-carta-de-josep-maria-batista-i-roca-a-lluis-companys-i-diversos-documents-que-li-adjunta-en-relacio-als-falsos-rumors-que-catalunya-negociava-per-separat-la-fi-de-la-guerra-amb-els-rebels-f\/\">Josep Maria Batista i Roca<\/a>. Aquesta \u00faltima fa refer\u00e8ncia als falsos rumors que corrien el 1937 en el sentit que Catalunya negociava per separat la fi de la guerra amb els rebels franquistes. Tamb\u00e9 s\u2019hi pot veure <a href=\"https:\/\/www.memoria.cat\/lluis-companys-avila\/juliol-de-1937-copia-de-la-carta-del-president-lluis-companys-al-president-del-govern-central-juan-negrin-en-que-protesta-per-la-interferencia-del-govern-central-en-els-serveis-dordre-publi\/\">una carta de Llu\u00eds Companys al president Juan Negr\u00edn, en qu\u00e8 protesta per la interfer\u00e8ncia del govern central en els serveis d\u2019ordre p\u00fablic<\/a>; <a href=\"https:\/\/www.memoria.cat\/lluis-companys-avila\/21-7-1937-teletip-de-lluis-companys-a-juan-negrin-en-que-li-reitera-la-demanda-que-catalunya-sigui-dotada-de-mitjans-de-defensa-antiaeria\/\">un teletip de Companys a Negr\u00edn en qu\u00e8 li reitera la demanda que Catalunya sigui dotada de mitjans de defensa antia\u00e8ria<\/a> i <a href=\"https:\/\/www.memoria.cat\/lluis-companys-avila\/13-12-1937-copia-de-lextensa-carta-del-president-lluis-companys-al-ministre-de-defensa-indalecio-prieto-hi-protesta-pels-nombrosos-i-constants-obstacles-que-el-govern-central-posa-a-les-ind\/\">una carta de 16 folis mecanografiats de Companys al ministre de Defensa, Indalecio Prieto, en qu\u00e8 protesta pels nombrosos obstacles del govern central al desenvolupament de les ind\u00fastries de guerra de Catalunya<\/a>.<\/p>\n<p>Tamb\u00e9 us mostrem <a href=\"https:\/\/www.memoria.cat\/lluis-companys-avila\/juliol-agost-de-1938-cartes-del-ministre-jaume-aiguade-al-president-juan-negrin-i-a-dos-ministres-amb-copia-al-president-lluis-companys-de-denuncia-de-censura-telefonica-per-parlar-en-catala\/\">correspond\u00e8ncia del ministre Jaume Aiguad\u00e9 al president Juan Negr\u00edn i a dos ministres, amb c\u00f2pia al president Companys, sobre un cas de censura telef\u00f2nica per parlar en catal\u00e0<\/a>, i <a href=\"https:\/\/www.memoria.cat\/lluis-companys-avila\/22-12-1937-dos-retalls-de-diari-del-servei-de-premsa-de-la-generalitat-requisats\/\">dos retalls de diari del Servei de Premsa de la Generalitat<\/a>.<\/p>\n<p>Finalment, hi podreu veure <a href=\"https:\/\/www.memoria.cat\/lluis-companys-avila\/resums-de-les-actes-de-les-reunions-del-consell-executiu-de-la-generalitat-de-catalunya-novembre-1936-febrer-1937-fets-pels-franquistes\/\">resums de les actes d\u2019algunes sessions del Consell Executiu de la Generalitat entre 1936 i 1937, redactats pels mateixos confiscadors franquistes<\/a>.<\/p>\n<p>Aquests documents, obtinguts l\u2019any 2004, s\u00f3n una mostra d\u2019un conjunt molt m\u00e9s ampli de papers inventariats i digitalitzats, que es poden consultar des de fa anys. Tanmateix, sembla que l\u2019arxiu d\u2019\u00c0vila tamb\u00e9 conserva m\u00e9s documentaci\u00f3 requisada sense inventariar.<\/p>\n<p>Desitgem que ben aviat es faci just\u00edcia i que tota la documentaci\u00f3 -la inventariada i la que no ho est\u00e0- torni, a trav\u00e9s de les seves institucions, al seu leg\u00edtim propietari, el poble de Catalunya.<\/p>\n<p>Us recordem que al nostre portal de webs, www1.memoria.cat, tamb\u00e9 podeu veure <a href=\"https:\/\/www.memoria.cat\/companys\/portada\/\">nombrosos papers relacionats amb Llu\u00eds Companys que vam trobar en un arxiu d\u2019Amsterdam<\/a> i <a href=\"http:\/\/www1.memoria.cat\/creus\/content\/correspond%C3%A8ncia-amb-el-president-llu%C3%ADs-companys-15-cartes\">cinc cartes que el mateix president va escriure des de la pres\u00f3 els anys 1934 i 1935, trobades per un drapaire en un pis de Gr\u00e0cia<\/a>.<\/p>\n<p>&nbsp;<\/p>\n<p style=\"text-align: right;\">Joaquim Aloy<\/p>\n<\/div>\n<\/div>\n","protected":false},"excerpt":{"rendered":"<p>En aquest web us oferim uns documents de gran inter\u00e8s hist\u00f2ric que es conserven a l\u2019Archivo General Militar d\u2019\u00c0vila. Es tracta d\u2019una mostra d\u2019un fons que darrerament ha fet parlar molt, conegut com a \u201cpapers d\u2019\u00c0vila\u201d, de la mateixa manera que els documents dipositats a l\u2019Arxiu de Salamanca reben la denominaci\u00f3 de \u201cpapers de Salamanca\u201d. [&hellip;]<\/p>\n","protected":false},"author":1,"featured_media":0,"parent":0,"menu_order":0,"comment_status":"closed","ping_status":"closed","template":"","meta":{"footnotes":""},"class_list":["post-1","page","type-page","status-publish","hentry"],"yoast_head":"<!-- This site is optimized with the Yoast SEO plugin v27.4 - https:\/\/yoast.com\/product\/yoast-seo-wordpress\/ -->\n<title>Papers catalans a \u00c0vila - Documents sobre Llu\u00eds Companys conservats a l\u2019Archivo General Militar d\u2019\u00c0vila<\/title>\n<meta name=\"robots\" content=\"index, follow, max-snippet:-1, max-image-preview:large, max-video-preview:-1\" \/>\n<link rel=\"canonical\" href=\"https:\/\/www.memoria.cat\/lluis-companys-avila\/\" \/>\n<meta property=\"og:locale\" content=\"ca_ES\" \/>\n<meta property=\"og:type\" content=\"article\" \/>\n<meta property=\"og:title\" content=\"Papers catalans a \u00c0vila - Documents sobre Llu\u00eds Companys conservats a l\u2019Archivo General Militar d\u2019\u00c0vila\" \/>\n<meta property=\"og:description\" content=\"En aquest web us oferim uns documents de gran inter\u00e8s hist\u00f2ric que es conserven a l\u2019Archivo General Militar d\u2019\u00c0vila. Es tracta d\u2019una mostra d\u2019un fons que darrerament ha fet parlar molt, conegut com a \u201cpapers d\u2019\u00c0vila\u201d, de la mateixa manera que els documents dipositats a l\u2019Arxiu de Salamanca reben la denominaci\u00f3 de \u201cpapers de Salamanca\u201d. [&hellip;]\" \/>\n<meta property=\"og:url\" content=\"https:\/\/www.memoria.cat\/lluis-companys-avila\/\" \/>\n<meta property=\"og:site_name\" content=\"Documents sobre Llu\u00eds Companys conservats a l\u2019Archivo General Militar d\u2019\u00c0vila\" \/>\n<meta property=\"article:modified_time\" content=\"2020-10-08T13:52:46+00:00\" \/>\n<meta name=\"twitter:card\" content=\"summary_large_image\" \/>\n<meta name=\"twitter:label1\" content=\"Temps estimat de lectura\" \/>\n\t<meta name=\"twitter:data1\" content=\"3 minuts\" \/>\n<script type=\"application\/ld+json\" class=\"yoast-schema-graph\">{\"@context\":\"https:\\\/\\\/schema.org\",\"@graph\":[{\"@type\":\"WebPage\",\"@id\":\"https:\\\/\\\/www.memoria.cat\\\/lluis-companys-avila\\\/\",\"url\":\"https:\\\/\\\/www.memoria.cat\\\/lluis-companys-avila\\\/\",\"name\":\"Papers catalans a \u00c0vila - Documents sobre Llu\u00eds Companys conservats a l\u2019Archivo General Militar d\u2019\u00c0vila\",\"isPartOf\":{\"@id\":\"https:\\\/\\\/www.memoria.cat\\\/lluis-companys-avila\\\/#website\"},\"datePublished\":\"2015-05-09T13:23:09+00:00\",\"dateModified\":\"2020-10-08T13:52:46+00:00\",\"breadcrumb\":{\"@id\":\"https:\\\/\\\/www.memoria.cat\\\/lluis-companys-avila\\\/#breadcrumb\"},\"inLanguage\":\"ca\",\"potentialAction\":[{\"@type\":\"ReadAction\",\"target\":[\"https:\\\/\\\/www.memoria.cat\\\/lluis-companys-avila\\\/\"]}]},{\"@type\":\"BreadcrumbList\",\"@id\":\"https:\\\/\\\/www.memoria.cat\\\/lluis-companys-avila\\\/#breadcrumb\",\"itemListElement\":[{\"@type\":\"ListItem\",\"position\":1,\"name\":\"Inici\",\"item\":\"https:\\\/\\\/www.memoria.cat\\\/lluis-companys-avila\\\/\"},{\"@type\":\"ListItem\",\"position\":2,\"name\":\"Papers catalans a \u00c0vila\"}]},{\"@type\":\"WebSite\",\"@id\":\"https:\\\/\\\/www.memoria.cat\\\/lluis-companys-avila\\\/#website\",\"url\":\"https:\\\/\\\/www.memoria.cat\\\/lluis-companys-avila\\\/\",\"name\":\"Documents sobre Llu\u00eds Companys conservats a l\u2019Archivo General Militar d\u2019\u00c0vila\",\"description\":\"\",\"potentialAction\":[{\"@type\":\"SearchAction\",\"target\":{\"@type\":\"EntryPoint\",\"urlTemplate\":\"https:\\\/\\\/www.memoria.cat\\\/lluis-companys-avila\\\/?s={search_term_string}\"},\"query-input\":{\"@type\":\"PropertyValueSpecification\",\"valueRequired\":true,\"valueName\":\"search_term_string\"}}],\"inLanguage\":\"ca\"}]}<\/script>\n<!-- \/ Yoast SEO plugin. -->","yoast_head_json":{"title":"Papers catalans a \u00c0vila - Documents sobre Llu\u00eds Companys conservats a l\u2019Archivo General Militar d\u2019\u00c0vila","robots":{"index":"index","follow":"follow","max-snippet":"max-snippet:-1","max-image-preview":"max-image-preview:large","max-video-preview":"max-video-preview:-1"},"canonical":"https:\/\/www.memoria.cat\/lluis-companys-avila\/","og_locale":"ca_ES","og_type":"article","og_title":"Papers catalans a \u00c0vila - Documents sobre Llu\u00eds Companys conservats a l\u2019Archivo General Militar d\u2019\u00c0vila","og_description":"En aquest web us oferim uns documents de gran inter\u00e8s hist\u00f2ric que es conserven a l\u2019Archivo General Militar d\u2019\u00c0vila. Es tracta d\u2019una mostra d\u2019un fons que darrerament ha fet parlar molt, conegut com a \u201cpapers d\u2019\u00c0vila\u201d, de la mateixa manera que els documents dipositats a l\u2019Arxiu de Salamanca reben la denominaci\u00f3 de \u201cpapers de Salamanca\u201d. [&hellip;]","og_url":"https:\/\/www.memoria.cat\/lluis-companys-avila\/","og_site_name":"Documents sobre Llu\u00eds Companys conservats a l\u2019Archivo General Militar d\u2019\u00c0vila","article_modified_time":"2020-10-08T13:52:46+00:00","twitter_card":"summary_large_image","twitter_misc":{"Temps estimat de lectura":"3 minuts"},"schema":{"@context":"https:\/\/schema.org","@graph":[{"@type":"WebPage","@id":"https:\/\/www.memoria.cat\/lluis-companys-avila\/","url":"https:\/\/www.memoria.cat\/lluis-companys-avila\/","name":"Papers catalans a \u00c0vila - Documents sobre Llu\u00eds Companys conservats a l\u2019Archivo General Militar d\u2019\u00c0vila","isPartOf":{"@id":"https:\/\/www.memoria.cat\/lluis-companys-avila\/#website"},"datePublished":"2015-05-09T13:23:09+00:00","dateModified":"2020-10-08T13:52:46+00:00","breadcrumb":{"@id":"https:\/\/www.memoria.cat\/lluis-companys-avila\/#breadcrumb"},"inLanguage":"ca","potentialAction":[{"@type":"ReadAction","target":["https:\/\/www.memoria.cat\/lluis-companys-avila\/"]}]},{"@type":"BreadcrumbList","@id":"https:\/\/www.memoria.cat\/lluis-companys-avila\/#breadcrumb","itemListElement":[{"@type":"ListItem","position":1,"name":"Inici","item":"https:\/\/www.memoria.cat\/lluis-companys-avila\/"},{"@type":"ListItem","position":2,"name":"Papers catalans a \u00c0vila"}]},{"@type":"WebSite","@id":"https:\/\/www.memoria.cat\/lluis-companys-avila\/#website","url":"https:\/\/www.memoria.cat\/lluis-companys-avila\/","name":"Documents sobre Llu\u00eds Companys conservats a l\u2019Archivo General Militar d\u2019\u00c0vila","description":"","potentialAction":[{"@type":"SearchAction","target":{"@type":"EntryPoint","urlTemplate":"https:\/\/www.memoria.cat\/lluis-companys-avila\/?s={search_term_string}"},"query-input":{"@type":"PropertyValueSpecification","valueRequired":true,"valueName":"search_term_string"}}],"inLanguage":"ca"}]}},"_links":{"self":[{"href":"https:\/\/www.memoria.cat\/lluis-companys-avila\/wp-json\/wp\/v2\/pages\/1","targetHints":{"allow":["GET"]}}],"collection":[{"href":"https:\/\/www.memoria.cat\/lluis-companys-avila\/wp-json\/wp\/v2\/pages"}],"about":[{"href":"https:\/\/www.memoria.cat\/lluis-companys-avila\/wp-json\/wp\/v2\/types\/page"}],"author":[{"embeddable":true,"href":"https:\/\/www.memoria.cat\/lluis-companys-avila\/wp-json\/wp\/v2\/users\/1"}],"replies":[{"embeddable":true,"href":"https:\/\/www.memoria.cat\/lluis-companys-avila\/wp-json\/wp\/v2\/comments?post=1"}],"version-history":[{"count":0,"href":"https:\/\/www.memoria.cat\/lluis-companys-avila\/wp-json\/wp\/v2\/pages\/1\/revisions"}],"wp:attachment":[{"href":"https:\/\/www.memoria.cat\/lluis-companys-avila\/wp-json\/wp\/v2\/media?parent=1"}],"curies":[{"name":"wp","href":"https:\/\/api.w.org\/{rel}","templated":true}]}}