{"id":73844,"date":"2024-01-21T21:00:05","date_gmt":"2024-01-21T20:00:05","guid":{"rendered":"https:\/\/www.memoria.cat\/hospital-militar-montserrat\/?page_id=73844"},"modified":"2024-02-07T01:11:14","modified_gmt":"2024-02-07T00:11:14","slug":"credits","status":"publish","type":"page","link":"https:\/\/www.memoria.cat\/hospital-militar-montserrat\/credits\/","title":{"rendered":"Cr\u00e8dits"},"content":{"rendered":"<p><strong><span lang=\"ca-ES\">Autora del web<\/span><\/strong><span lang=\"ca-ES\">: \u00c0ngels Rius i Bou, bibliotec\u00e0ria de l\u2019Abadia de Montserrat,\u00a0historiadora de l\u2019art\u00a0i membre de l\u2019Associaci\u00f3 Mem\u00f2ria i Hist\u00f2ria de Manresa.<\/span><\/p>\n<p><span lang=\"ca-ES\">Els escrits del web s\u00f3n un extracte <\/span><span lang=\"ca-ES\">d\u2019una part del seu llibre<\/span><span lang=\"ca-ES\">\u00a0<\/span><em><span lang=\"ca-ES\">Impremta i biblioteca a l\u2019hospital militar de Montserrat (1936-193<\/span><\/em><span lang=\"ca-ES\"><em>9)<\/em>.- Barcelona: Publicacions de l\u2019Abadia de Montserrat, 2023.- (Biblioteca Abat Oliba; 315).- ISBN: 9788491912576. El llibre es pot adquirir a la p\u00e0gina web de Publicacions de l\u2019Abadia de Montserrat: <\/span><a href=\"http:\/\/www.pamsa.cat\/\"><span lang=\"ca-ES\">http:\/\/www.pamsa.cat<\/span><\/a><\/p>\n<p><strong>Realitzaci\u00f3 de l\u2019Excel i els gr\u00e0fics del llistat dels 913 soldats<\/strong>: Antoni Puigb\u00f2 i Gelada<\/p>\n<p><strong><span lang=\"ca-ES\">Proced\u00e8ncia de la documentaci\u00f3<\/span><\/strong><span lang=\"ca-ES\">: Arxiu Abadia de Montserrat i David Blasco i Planesas<\/span><\/p>\n<p><strong><span lang=\"ca-ES\">Maquetaci\u00f3 del web<\/span><\/strong><span lang=\"ca-ES\">: Jordi Griera-Cors<\/span><\/p>\n<p><strong><span lang=\"ca-ES\">Disseny<\/span><\/strong><span lang=\"ca-ES\">: Arnau Aloy Oliv\u00e9\u00a0 \u00a0<\/span><strong><span lang=\"ca-ES\">Cap\u00e7alera<\/span><\/strong><span lang=\"ca-ES\">: Carla M\u00e9ndez<\/span><\/p>\n<p><strong>Fotografia de la cap\u00e7alera<\/strong>: 21 de juliol de 1936. El Dr. Pere Tarr\u00e9s i el novici Joan Parellada reben la benedicci\u00f3 d\u2019un monjo abans de sortir de Montserrat per anar a Barcelona a cercar ajuda a la Generalitat de Catalunya (Arxiu Fotogr\u00e0fic de l\u2019Abadia de Montserrat).<\/p>\n<p><strong><span lang=\"ca-ES\">Agra\u00efments<\/span><\/strong><span lang=\"ca-ES\">:<br \/>\n<\/span>Arxiu Fotogr\u00e0fic de l&#8217;Abadia de Montserrat.<br \/>\nAl germ\u00e0 Josep Galobart, arxiver de l\u2019Abadia de Montserrat, per les facilitats donades per poder estudiar i difondre el llibre de registre dels 913 soldats de l\u2019hospital militar de Montserrat<br \/>\nAl David Blasco i Planesas, per la fotografia dels soldats al cim de Sant Jeroni i el programa de festes de Monistrol per recaptar diners en favor dels soldats de l\u2019hospital militar de Montserrat.<br \/>\nAl Xavier Ferrer i la Montserrat Ribas, de Manresa, per la reproducci\u00f3 de l&#8217;aquarel\u00b7la de Carles Casas, on es veu Montserrat durant l&#8217;any 1937.<\/p>\n<p><span lang=\"ca-ES\">Manresa, febrer del 2024<\/span><\/p>\n","protected":false},"excerpt":{"rendered":"<p>Autora del web: \u00c0ngels Rius i Bou, bibliotec\u00e0ria de l\u2019Abadia de Montserrat,\u00a0historiadora de l\u2019art\u00a0i membre de l\u2019Associaci\u00f3 Mem\u00f2ria i Hist\u00f2ria de Manresa. Els escrits del web s\u00f3n un extracte d\u2019una part del seu llibre\u00a0Impremta i biblioteca a l\u2019hospital militar de Montserrat (1936-1939).- Barcelona: Publicacions de l\u2019Abadia de Montserrat, 2023.- (Biblioteca Abat Oliba; 315).- ISBN: 9788491912576. [&hellip;]<\/p>\n","protected":false},"author":28,"featured_media":0,"parent":0,"menu_order":0,"comment_status":"closed","ping_status":"closed","template":"","meta":{"iawp_total_views":7,"footnotes":""},"class_list":["post-73844","page","type-page","status-publish","hentry"],"_links":{"self":[{"href":"https:\/\/www.memoria.cat\/hospital-militar-montserrat\/wp-json\/wp\/v2\/pages\/73844","targetHints":{"allow":["GET"]}}],"collection":[{"href":"https:\/\/www.memoria.cat\/hospital-militar-montserrat\/wp-json\/wp\/v2\/pages"}],"about":[{"href":"https:\/\/www.memoria.cat\/hospital-militar-montserrat\/wp-json\/wp\/v2\/types\/page"}],"author":[{"embeddable":true,"href":"https:\/\/www.memoria.cat\/hospital-militar-montserrat\/wp-json\/wp\/v2\/users\/28"}],"replies":[{"embeddable":true,"href":"https:\/\/www.memoria.cat\/hospital-militar-montserrat\/wp-json\/wp\/v2\/comments?post=73844"}],"version-history":[{"count":0,"href":"https:\/\/www.memoria.cat\/hospital-militar-montserrat\/wp-json\/wp\/v2\/pages\/73844\/revisions"}],"wp:attachment":[{"href":"https:\/\/www.memoria.cat\/hospital-militar-montserrat\/wp-json\/wp\/v2\/media?parent=73844"}],"curies":[{"name":"wp","href":"https:\/\/api.w.org\/{rel}","templated":true}]}}