{"id":73758,"date":"2023-08-08T09:46:55","date_gmt":"2023-08-08T08:46:55","guid":{"rendered":"https:\/\/www.memoria.cat\/web-nova-gros\/?page_id=73758"},"modified":"2023-11-01T20:54:56","modified_gmt":"2023-11-01T19:54:56","slug":"credits","status":"publish","type":"page","link":"https:\/\/www.memoria.cat\/gros\/credits\/","title":{"rendered":"Cr\u00e8dits"},"content":{"rendered":"<p>&nbsp;<\/p>\n<p><strong>Autor<\/strong>: Josep Alert i Puig.<\/p>\n<p><strong>Disseny del web<\/strong>: Arnau Aloy i Oliv\u00e9.<\/p>\n<p><strong>Maquetaci\u00f3<\/strong>: Oriol Perramon i Parcerisas i Llu\u00eds Puy Sorribas<\/p>\n<p><strong>Recerca documental<\/strong>: Conxita Parcerisas i Estruch.<\/p>\n<p><strong>Proced\u00e8ncia de la Documentaci\u00f3<\/strong>: Josefina Serra Gabarr\u00f3s, fons fam\u00edlia Gros-Franco, Arxiu Comarcal del Bages (Fons Junta de Llibertat Vigilada de Manresa), Tribunal Militar Territorial Tercer (Barcelona) i Arxiu Nacional de Catalunya (Fons Pres\u00f3 Model).<\/p>\n<p><strong>Agra\u00efments<\/strong>: Josefina Serra Gabarr\u00f3s, Marta Gros Franco i Isabel Gros Franco.<\/p>\n<p>Manresa, abril de 2014. Renovat l&#8217;octubre de 2023<\/p>\n","protected":false},"excerpt":{"rendered":"<p>&nbsp; Autor: Josep Alert i Puig. Disseny del web: Arnau Aloy i Oliv\u00e9. Maquetaci\u00f3: Oriol Perramon i Parcerisas i Llu\u00eds Puy Sorribas Recerca documental: Conxita Parcerisas i Estruch. Proced\u00e8ncia de la Documentaci\u00f3: Josefina Serra Gabarr\u00f3s, fons fam\u00edlia Gros-Franco, Arxiu Comarcal del Bages (Fons Junta de Llibertat Vigilada de Manresa), Tribunal Militar Territorial Tercer (Barcelona) i [&hellip;]<\/p>\n","protected":false},"author":66,"featured_media":0,"parent":0,"menu_order":0,"comment_status":"closed","ping_status":"closed","template":"","meta":{"footnotes":""},"class_list":["post-73758","page","type-page","status-publish","hentry"],"_links":{"self":[{"href":"https:\/\/www.memoria.cat\/gros\/wp-json\/wp\/v2\/pages\/73758","targetHints":{"allow":["GET"]}}],"collection":[{"href":"https:\/\/www.memoria.cat\/gros\/wp-json\/wp\/v2\/pages"}],"about":[{"href":"https:\/\/www.memoria.cat\/gros\/wp-json\/wp\/v2\/types\/page"}],"author":[{"embeddable":true,"href":"https:\/\/www.memoria.cat\/gros\/wp-json\/wp\/v2\/users\/66"}],"replies":[{"embeddable":true,"href":"https:\/\/www.memoria.cat\/gros\/wp-json\/wp\/v2\/comments?post=73758"}],"version-history":[{"count":0,"href":"https:\/\/www.memoria.cat\/gros\/wp-json\/wp\/v2\/pages\/73758\/revisions"}],"wp:attachment":[{"href":"https:\/\/www.memoria.cat\/gros\/wp-json\/wp\/v2\/media?parent=73758"}],"curies":[{"name":"wp","href":"https:\/\/api.w.org\/{rel}","templated":true}]}}