{"id":73654,"date":"2023-08-03T09:27:54","date_gmt":"2023-08-03T08:27:54","guid":{"rendered":"https:\/\/www.memoria.cat\/web-nova-gros\/?page_id=73654"},"modified":"2023-08-03T09:54:30","modified_gmt":"2023-08-03T08:54:30","slug":"fotos-i-documents","status":"publish","type":"page","link":"https:\/\/www.memoria.cat\/gros\/fotos-i-documents\/","title":{"rendered":"Fotos i documents"},"content":{"rendered":"<p>&nbsp;<\/p>\n<div id=\"jig1\" class=\"justified-image-grid jig-0925ae3456eabb25718b1fe1edd52c13 jig-preset-c3 jig-source-wp-gallery jig-rml-id-4\"><div class=\"jig-clearfix\"><\/div><noscript id=\"jig1-html\" class=\"justified-image-grid-html\" data-lazy-src=\"skiplazyload\" data-src=\"skipunveillazyload\"><ul><li><a href=\"https:\/\/www.memoria.cat\/gros\/wp-content\/uploads\/sites\/87\/2023\/08\/gros-1.jpg\" title=\"Portada del sumari de l\u2019expedient del consell de guerra contra Ramon Gorgui i Francisco Gros. (Tribunal Militar Territorial Tercer. Barcelona).\"><img decoding=\"async\" src=\"https:\/\/www.memoria.cat\/gros\/wp-content\/uploads\/sites\/87\/2023\/08\/gros-1.jpg\" alt=\"Portada del sumari de l\u2019expedient del consell de guerra contra Ramon Gorgui i Francisco Gros. (Tribunal Militar Territorial Tercer. Barcelona).\" width=\"172\" height=\"230\" \/><\/a><p class=\"jig-HTMLdescription\">Portada del sumari de l\u2019expedient del consell de guerra contra Ramon Gorgui i Francisco Gros. (Tribunal Militar Territorial Tercer. Barcelona).<\/p><\/li><li><a href=\"https:\/\/www.memoria.cat\/gros\/wp-content\/uploads\/sites\/87\/2023\/08\/gros-2.jpg\" title=\"05\/02\/1943. Notificaci\u00f3 de la sent\u00e8ncia que condemnava Francisco Gros a la pena de dotze anys i un dia de reclusi\u00f3 temporal pel delicte d\u2019auxilio a la rebeli\u00f3n militar. (Fons fam\u00edlia Gros-Franco).\"><img decoding=\"async\" src=\"https:\/\/www.memoria.cat\/gros\/wp-content\/uploads\/sites\/87\/2023\/08\/gros-2.jpg\" alt=\"05\/02\/1943. Notificaci\u00f3 de la sent\u00e8ncia que condemnava Francisco Gros a la pena de dotze anys i un dia de reclusi\u00f3 temporal pel delicte d\u2019auxilio a la rebeli\u00f3n militar. (Fons fam\u00edlia Gros-Franco).\" width=\"158\" height=\"230\" \/><\/a><p class=\"jig-HTMLdescription\">05\/02\/1943. Notificaci\u00f3 de la sent\u00e8ncia que condemnava Francisco Gros a la pena de dotze anys i un dia de reclusi\u00f3 temporal pel delicte d\u2019auxilio a la rebeli\u00f3n militar. (Fons fam\u00edlia Gros-Franco).<\/p><\/li><li><a href=\"https:\/\/www.memoria.cat\/gros\/wp-content\/uploads\/sites\/87\/2023\/08\/gros-3.jpg\" title=\"31\/07\/1941. Disposici\u00f3 del Bolet\u00edn Oficial del Estado, signada pel director general de presons, relativa a la separaci\u00f3 definitiva del servei i baixa a l\u2019escalaf\u00f3 del cos de presons de Jos\u00e9 Agrela Mej\u00edas, director de la pres\u00f3 de Manresa, per \u201cfaltas muy graves\u201d. L\u2019episodi \u00e9s relatat a les mem\u00f2ries de Francisco Gros.\"><img decoding=\"async\" src=\"https:\/\/www.memoria.cat\/gros\/wp-content\/uploads\/sites\/87\/2023\/08\/gros-3.jpg\" alt=\"31\/07\/1941. Disposici\u00f3 del Bolet\u00edn Oficial del Estado, signada pel director general de presons, relativa a la separaci\u00f3 definitiva del servei i baixa a l\u2019escalaf\u00f3 del cos de presons de Jos\u00e9 Agrela Mej\u00edas, director de la pres\u00f3 de Manresa, per \u201cfaltas muy graves\u201d. L\u2019episodi \u00e9s relatat a les mem\u00f2ries de Francisco Gros.\" width=\"204\" height=\"230\" \/><\/a><p class=\"jig-HTMLdescription\">31\/07\/1941. Disposici\u00f3 del Bolet\u00edn Oficial del Estado, signada pel director general de presons, relativa a la separaci\u00f3 definitiva del servei i baixa a l\u2019escalaf\u00f3 del cos de presons de Jos\u00e9 Agrela Mej\u00edas, director de la pres\u00f3 de Manresa, per \u201cfaltas muy graves\u201d. L\u2019episodi \u00e9s relatat a les mem\u00f2ries de Francisco Gros.<\/p><\/li><li><a href=\"https:\/\/www.memoria.cat\/gros\/wp-content\/uploads\/sites\/87\/2023\/08\/gros-4.jpg\" title=\"Dibuix de Pere Alsina Tany\u00e0, incl\u00f2s a les mem\u00f2ries de Francisco Gros. Gravador de professi\u00f3, Alsina va compartir presidi amb l\u2019autor del text. (Fons Josefina Serra Gabarr\u00f3s).\"><img loading=\"lazy\" decoding=\"async\" src=\"https:\/\/www.memoria.cat\/gros\/wp-content\/uploads\/sites\/87\/2023\/08\/gros-4.jpg\" alt=\"Dibuix de Pere Alsina Tany\u00e0, incl\u00f2s a les mem\u00f2ries de Francisco Gros. Gravador de professi\u00f3, Alsina va compartir presidi amb l\u2019autor del text. (Fons Josefina Serra Gabarr\u00f3s).\" width=\"285\" height=\"230\" \/><\/a><p class=\"jig-HTMLdescription\">Dibuix de Pere Alsina Tany\u00e0, incl\u00f2s a les mem\u00f2ries de Francisco Gros. Gravador de professi\u00f3, Alsina va compartir presidi amb l\u2019autor del text. (Fons Josefina Serra Gabarr\u00f3s).<\/p><\/li><li><a href=\"https:\/\/www.memoria.cat\/gros\/wp-content\/uploads\/sites\/87\/2023\/08\/gros-5.jpg\" title=\"31\/12\/1946. Inst\u00e0ncia de petici\u00f3 d\u2019indult presentada per Francisco Gros. (Tribunal Militar Territorial Tercer. Barcelona).\"><img loading=\"lazy\" decoding=\"async\" src=\"https:\/\/www.memoria.cat\/gros\/wp-content\/uploads\/sites\/87\/2023\/08\/gros-5.jpg\" alt=\"31\/12\/1946. Inst\u00e0ncia de petici\u00f3 d\u2019indult presentada per Francisco Gros. (Tribunal Militar Territorial Tercer. Barcelona).\" width=\"162\" height=\"230\" \/><\/a><p class=\"jig-HTMLdescription\">31\/12\/1946. Inst\u00e0ncia de petici\u00f3 d\u2019indult presentada per Francisco Gros. (Tribunal Militar Territorial Tercer. Barcelona).<\/p><\/li><li><a href=\"https:\/\/www.memoria.cat\/gros\/wp-content\/uploads\/sites\/87\/2023\/08\/gros-6.jpg\" title=\"Fitxa de llibertat vigilada de Francisco Gros Mateo. Al damunt, en tra\u00e7 vermell, s\u2019hi pot llegir \u201cIndultado\u201d. (Arxiu Comarcal del Bages).\"><img loading=\"lazy\" decoding=\"async\" src=\"https:\/\/www.memoria.cat\/gros\/wp-content\/uploads\/sites\/87\/2023\/08\/gros-6.jpg\" alt=\"Fitxa de llibertat vigilada de Francisco Gros Mateo. Al damunt, en tra\u00e7 vermell, s\u2019hi pot llegir \u201cIndultado\u201d. (Arxiu Comarcal del Bages).\" width=\"306\" height=\"230\" \/><\/a><p class=\"jig-HTMLdescription\">Fitxa de llibertat vigilada de Francisco Gros Mateo. Al damunt, en tra\u00e7 vermell, s\u2019hi pot llegir \u201cIndultado\u201d. (Arxiu Comarcal del Bages).<\/p><\/li><li><a href=\"https:\/\/www.memoria.cat\/gros\/wp-content\/uploads\/sites\/87\/2023\/08\/gros-7.jpg\" title=\"Francisco Gros amb la seva neboda Marta (Fons fam\u00edlia Gros-Franco).\"><img loading=\"lazy\" decoding=\"async\" src=\"https:\/\/www.memoria.cat\/gros\/wp-content\/uploads\/sites\/87\/2023\/08\/gros-7.jpg\" alt=\"Francisco Gros amb la seva neboda Marta (Fons fam\u00edlia Gros-Franco).\" width=\"136\" height=\"230\" \/><\/a><p class=\"jig-HTMLdescription\">Francisco Gros amb la seva neboda Marta (Fons fam\u00edlia Gros-Franco).<\/p><\/li><li><a href=\"https:\/\/www.memoria.cat\/gros\/wp-content\/uploads\/sites\/87\/2023\/08\/gros-8.jpg\" title=\"Retrat de Francisco Gros realitzat tamb\u00e9 per Pere Alsina Tany\u00e0. (Fons fam\u00edlia Gros-Franco).\n\n\"><img loading=\"lazy\" decoding=\"async\" src=\"https:\/\/www.memoria.cat\/gros\/wp-content\/uploads\/sites\/87\/2023\/08\/gros-8.jpg\" alt=\"Retrat de Francisco Gros realitzat tamb\u00e9 per Pere Alsina Tany\u00e0. (Fons fam\u00edlia Gros-Franco).\n\n\" width=\"189\" height=\"230\" \/><\/a><p class=\"jig-HTMLdescription\">Retrat de Francisco Gros realitzat tamb\u00e9 per Pere Alsina Tany\u00e0. (Fons fam\u00edlia Gros-Franco).\n\n<\/p><\/li><li><a href=\"https:\/\/www.memoria.cat\/gros\/wp-content\/uploads\/sites\/87\/2023\/08\/gros-9.jpg\" title=\"Portada de l\u2019exemplar de les mem\u00f2ries de Francisco Gros dedicat a Antoni Gabarr\u00f3s. (Fons Josefina Serra Gabarr\u00f3s).\"><img loading=\"lazy\" decoding=\"async\" src=\"https:\/\/www.memoria.cat\/gros\/wp-content\/uploads\/sites\/87\/2023\/08\/gros-9.jpg\" alt=\"Portada de l\u2019exemplar de les mem\u00f2ries de Francisco Gros dedicat a Antoni Gabarr\u00f3s. (Fons Josefina Serra Gabarr\u00f3s).\" width=\"187\" height=\"230\" \/><\/a><p class=\"jig-HTMLdescription\">Portada de l\u2019exemplar de les mem\u00f2ries de Francisco Gros dedicat a Antoni Gabarr\u00f3s. (Fons Josefina Serra Gabarr\u00f3s).<\/p><\/li><\/ul><\/noscript><\/div>\n","protected":false},"excerpt":{"rendered":"<p>&nbsp;<\/p>\n","protected":false},"author":66,"featured_media":0,"parent":0,"menu_order":0,"comment_status":"closed","ping_status":"closed","template":"","meta":{"footnotes":""},"class_list":["post-73654","page","type-page","status-publish","hentry"],"_links":{"self":[{"href":"https:\/\/www.memoria.cat\/gros\/wp-json\/wp\/v2\/pages\/73654","targetHints":{"allow":["GET"]}}],"collection":[{"href":"https:\/\/www.memoria.cat\/gros\/wp-json\/wp\/v2\/pages"}],"about":[{"href":"https:\/\/www.memoria.cat\/gros\/wp-json\/wp\/v2\/types\/page"}],"author":[{"embeddable":true,"href":"https:\/\/www.memoria.cat\/gros\/wp-json\/wp\/v2\/users\/66"}],"replies":[{"embeddable":true,"href":"https:\/\/www.memoria.cat\/gros\/wp-json\/wp\/v2\/comments?post=73654"}],"version-history":[{"count":0,"href":"https:\/\/www.memoria.cat\/gros\/wp-json\/wp\/v2\/pages\/73654\/revisions"}],"wp:attachment":[{"href":"https:\/\/www.memoria.cat\/gros\/wp-json\/wp\/v2\/media?parent=73654"}],"curies":[{"name":"wp","href":"https:\/\/api.w.org\/{rel}","templated":true}]}}