{"id":73572,"date":"2020-08-14T18:06:18","date_gmt":"2020-08-14T17:06:18","guid":{"rendered":"https:\/\/www.memoria.cat\/fotografies-prat-pons\/?page_id=73572"},"modified":"2020-12-22T22:22:12","modified_gmt":"2020-12-22T21:22:12","slug":"12e-album-moia-homenatge-a-la-vellesa-i-festa-de-larbre-1952","status":"publish","type":"page","link":"https:\/\/www.memoria.cat\/fotografies-prat-pons\/12e-album-moia-homenatge-a-la-vellesa-i-festa-de-larbre-1952\/","title":{"rendered":"12\u00e8 \u00e0lbum. Moi\u00e0. Homenatge a la Vellesa i Festa de l\u2019Arbre (1952)"},"content":{"rendered":"<h3><\/h3>\n<p>&nbsp;<\/p>\n<h3><\/h3>\n<h3 style=\"text-align: center\"><a href=\"https:\/\/www.memoria.cat\/fotografies-prat-pons\/blog\/moia-homenatge-a-la-vellesa-i-festa-de-larbre-1952\/\">CLIQUEU AQU\u00cd PER A LA CONTEXTUALITZACI\u00d3 DE LES FOTOGRAFIES<\/a><\/h3>\n<p>&nbsp;<\/p>\n<div id=\"jig1\" class=\"justified-image-grid jig-0ef988161b4e491b79254f1678fcac6c jig-preset-4 jig-source-wp-gallery jig-rml-id-10\"><div class=\"jig-clearfix\"><\/div><noscript id=\"jig1-html\" class=\"justified-image-grid-html\" data-lazy-src=\"skiplazyload\" data-src=\"skipunveillazyload\"><ul><li><a href=\"https:\/\/www.memoria.cat\/fotografies-prat-pons\/wp-content\/uploads\/sites\/42\/2020\/08\/1.Manresa-Moia\u0300.jpg\"><img fetchpriority=\"high\" decoding=\"async\" src=\"https:\/\/www.memoria.cat\/fotografies-prat-pons\/wp-content\/uploads\/sites\/42\/2020\/08\/1.Manresa-Moia\u0300.jpg\" alt=\"\" width=\"501\" height=\"335\" \/><\/a><\/li><li><a href=\"https:\/\/www.memoria.cat\/fotografies-prat-pons\/wp-content\/uploads\/sites\/42\/2020\/08\/2.Manresa-Moia\u0300.jpg\"><img decoding=\"async\" src=\"https:\/\/www.memoria.cat\/fotografies-prat-pons\/wp-content\/uploads\/sites\/42\/2020\/08\/2.Manresa-Moia\u0300.jpg\" alt=\"\" width=\"505\" height=\"335\" \/><\/a><\/li><li><a href=\"https:\/\/www.memoria.cat\/fotografies-prat-pons\/wp-content\/uploads\/sites\/42\/2020\/08\/3.Manresa-Moia\u0300.jpg\"><img decoding=\"async\" src=\"https:\/\/www.memoria.cat\/fotografies-prat-pons\/wp-content\/uploads\/sites\/42\/2020\/08\/3.Manresa-Moia\u0300.jpg\" alt=\"\" width=\"510\" height=\"335\" \/><\/a><\/li><li><a href=\"https:\/\/www.memoria.cat\/fotografies-prat-pons\/wp-content\/uploads\/sites\/42\/2020\/08\/4.Manresa-Moia\u0300.jpg\"><img loading=\"lazy\" decoding=\"async\" src=\"https:\/\/www.memoria.cat\/fotografies-prat-pons\/wp-content\/uploads\/sites\/42\/2020\/08\/4.Manresa-Moia\u0300.jpg\" alt=\"\" width=\"507\" height=\"335\" \/><\/a><\/li><li><a href=\"https:\/\/www.memoria.cat\/fotografies-prat-pons\/wp-content\/uploads\/sites\/42\/2020\/08\/5.Manresa-Moia\u0300.jpg\"><img loading=\"lazy\" decoding=\"async\" src=\"https:\/\/www.memoria.cat\/fotografies-prat-pons\/wp-content\/uploads\/sites\/42\/2020\/08\/5.Manresa-Moia\u0300.jpg\" alt=\"\" width=\"218\" height=\"335\" \/><\/a><\/li><li><a href=\"https:\/\/www.memoria.cat\/fotografies-prat-pons\/wp-content\/uploads\/sites\/42\/2020\/08\/6.Manresa-Moia\u0300.jpg\"><img loading=\"lazy\" decoding=\"async\" src=\"https:\/\/www.memoria.cat\/fotografies-prat-pons\/wp-content\/uploads\/sites\/42\/2020\/08\/6.Manresa-Moia\u0300.jpg\" alt=\"\" width=\"496\" height=\"335\" \/><\/a><\/li><li><a href=\"https:\/\/www.memoria.cat\/fotografies-prat-pons\/wp-content\/uploads\/sites\/42\/2020\/08\/7.Manresa-Moia\u0300.jpg\"><img loading=\"lazy\" decoding=\"async\" src=\"https:\/\/www.memoria.cat\/fotografies-prat-pons\/wp-content\/uploads\/sites\/42\/2020\/08\/7.Manresa-Moia\u0300.jpg\" alt=\"\" width=\"522\" height=\"335\" \/><\/a><\/li><li><a href=\"https:\/\/www.memoria.cat\/fotografies-prat-pons\/wp-content\/uploads\/sites\/42\/2020\/08\/8.Manresa-Moia\u0300.jpg\"><img loading=\"lazy\" decoding=\"async\" src=\"https:\/\/www.memoria.cat\/fotografies-prat-pons\/wp-content\/uploads\/sites\/42\/2020\/08\/8.Manresa-Moia\u0300.jpg\" alt=\"\" width=\"525\" height=\"335\" \/><\/a><\/li><li><a href=\"https:\/\/www.memoria.cat\/fotografies-prat-pons\/wp-content\/uploads\/sites\/42\/2020\/08\/9.Manresa-Moia\u0300.jpg\"><img loading=\"lazy\" decoding=\"async\" src=\"https:\/\/www.memoria.cat\/fotografies-prat-pons\/wp-content\/uploads\/sites\/42\/2020\/08\/9.Manresa-Moia\u0300.jpg\" alt=\"\" width=\"512\" height=\"335\" \/><\/a><\/li><li><a href=\"https:\/\/www.memoria.cat\/fotografies-prat-pons\/wp-content\/uploads\/sites\/42\/2020\/08\/10.Manresa-Moia\u0300.jpg\"><img loading=\"lazy\" decoding=\"async\" src=\"https:\/\/www.memoria.cat\/fotografies-prat-pons\/wp-content\/uploads\/sites\/42\/2020\/08\/10.Manresa-Moia\u0300.jpg\" alt=\"\" width=\"499\" height=\"335\" \/><\/a><\/li><li><a href=\"https:\/\/www.memoria.cat\/fotografies-prat-pons\/wp-content\/uploads\/sites\/42\/2020\/08\/11.Manresa.Moia\u0300.jpg\"><img loading=\"lazy\" decoding=\"async\" src=\"https:\/\/www.memoria.cat\/fotografies-prat-pons\/wp-content\/uploads\/sites\/42\/2020\/08\/11.Manresa.Moia\u0300.jpg\" alt=\"\" width=\"526\" height=\"335\" \/><\/a><\/li><li><a href=\"https:\/\/www.memoria.cat\/fotografies-prat-pons\/wp-content\/uploads\/sites\/42\/2020\/08\/12.Manresa-Moia\u0300.jpg\"><img loading=\"lazy\" decoding=\"async\" src=\"https:\/\/www.memoria.cat\/fotografies-prat-pons\/wp-content\/uploads\/sites\/42\/2020\/08\/12.Manresa-Moia\u0300.jpg\" alt=\"\" width=\"512\" height=\"335\" \/><\/a><\/li><li><a href=\"https:\/\/www.memoria.cat\/fotografies-prat-pons\/wp-content\/uploads\/sites\/42\/2020\/08\/13.Manresa-Moia\u0300.jpg\"><img loading=\"lazy\" decoding=\"async\" src=\"https:\/\/www.memoria.cat\/fotografies-prat-pons\/wp-content\/uploads\/sites\/42\/2020\/08\/13.Manresa-Moia\u0300.jpg\" alt=\"\" width=\"504\" height=\"335\" \/><\/a><\/li><li><a href=\"https:\/\/www.memoria.cat\/fotografies-prat-pons\/wp-content\/uploads\/sites\/42\/2020\/08\/14.Manresa-Moia\u0300.jpg\"><img loading=\"lazy\" decoding=\"async\" src=\"https:\/\/www.memoria.cat\/fotografies-prat-pons\/wp-content\/uploads\/sites\/42\/2020\/08\/14.Manresa-Moia\u0300.jpg\" alt=\"\" width=\"512\" height=\"335\" \/><\/a><\/li><li><a href=\"https:\/\/www.memoria.cat\/fotografies-prat-pons\/wp-content\/uploads\/sites\/42\/2020\/08\/15.Manresa-Moia\u0300.jpg\"><img loading=\"lazy\" decoding=\"async\" src=\"https:\/\/www.memoria.cat\/fotografies-prat-pons\/wp-content\/uploads\/sites\/42\/2020\/08\/15.Manresa-Moia\u0300.jpg\" alt=\"\" width=\"517\" height=\"335\" \/><\/a><\/li><\/ul><\/noscript><\/div>\n<p>&nbsp;<\/p>\n","protected":false},"excerpt":{"rendered":"<p>&nbsp; CLIQUEU AQU\u00cd PER A LA CONTEXTUALITZACI\u00d3 DE LES FOTOGRAFIES &nbsp; &nbsp;<\/p>\n","protected":false},"author":28,"featured_media":0,"parent":0,"menu_order":0,"comment_status":"closed","ping_status":"closed","template":"","meta":{"footnotes":""},"class_list":["post-73572","page","type-page","status-publish","hentry"],"_links":{"self":[{"href":"https:\/\/www.memoria.cat\/fotografies-prat-pons\/wp-json\/wp\/v2\/pages\/73572","targetHints":{"allow":["GET"]}}],"collection":[{"href":"https:\/\/www.memoria.cat\/fotografies-prat-pons\/wp-json\/wp\/v2\/pages"}],"about":[{"href":"https:\/\/www.memoria.cat\/fotografies-prat-pons\/wp-json\/wp\/v2\/types\/page"}],"author":[{"embeddable":true,"href":"https:\/\/www.memoria.cat\/fotografies-prat-pons\/wp-json\/wp\/v2\/users\/28"}],"replies":[{"embeddable":true,"href":"https:\/\/www.memoria.cat\/fotografies-prat-pons\/wp-json\/wp\/v2\/comments?post=73572"}],"version-history":[{"count":0,"href":"https:\/\/www.memoria.cat\/fotografies-prat-pons\/wp-json\/wp\/v2\/pages\/73572\/revisions"}],"wp:attachment":[{"href":"https:\/\/www.memoria.cat\/fotografies-prat-pons\/wp-json\/wp\/v2\/media?parent=73572"}],"curies":[{"name":"wp","href":"https:\/\/api.w.org\/{rel}","templated":true}]}}