{"id":2926,"date":"2017-12-12T17:45:43","date_gmt":"2017-12-12T17:45:43","guid":{"rendered":"https:\/\/www.memoria.cat\/farreras-planas\/?page_id=2926"},"modified":"2017-12-12T17:45:43","modified_gmt":"2017-12-12T17:45:43","slug":"17-22-04-1974-farreras-planas","status":"publish","type":"page","link":"https:\/\/www.memoria.cat\/farreras-planas\/lepistolari-francesc-farreras-duran-joan-planas-marti\/17-22-04-1974-farreras-planas\/","title":{"rendered":"17. 22\/04\/1974 Farreras-Planas"},"content":{"rendered":"<p><a href=\"https:\/\/www.memoria.cat\/farreras-planas\/wp-content\/uploads\/sites\/208\/2017\/12\/Epistolari-Farreras-i-Duran-Joan-Planas.-Fons-570_Pa__gina_06-.jpg\"><img fetchpriority=\"high\" decoding=\"async\" class=\"alignnone size-medium wp-image-2958\" src=\"https:\/\/www.memoria.cat\/farreras-planas\/wp-content\/uploads\/sites\/208\/2017\/12\/Epistolari-Farreras-i-Duran-Joan-Planas.-Fons-570_Pa__gina_06--233x300.jpg\" alt=\"\" width=\"233\" height=\"300\" srcset=\"https:\/\/www.memoria.cat\/farreras-planas\/wp-content\/uploads\/sites\/208\/2017\/12\/Epistolari-Farreras-i-Duran-Joan-Planas.-Fons-570_Pa__gina_06--233x300.jpg 233w, https:\/\/www.memoria.cat\/farreras-planas\/wp-content\/uploads\/sites\/208\/2017\/12\/Epistolari-Farreras-i-Duran-Joan-Planas.-Fons-570_Pa__gina_06--768x988.jpg 768w, https:\/\/www.memoria.cat\/farreras-planas\/wp-content\/uploads\/sites\/208\/2017\/12\/Epistolari-Farreras-i-Duran-Joan-Planas.-Fons-570_Pa__gina_06--796x1024.jpg 796w, https:\/\/www.memoria.cat\/farreras-planas\/wp-content\/uploads\/sites\/208\/2017\/12\/Epistolari-Farreras-i-Duran-Joan-Planas.-Fons-570_Pa__gina_06--1194x1536.jpg 1194w, https:\/\/www.memoria.cat\/farreras-planas\/wp-content\/uploads\/sites\/208\/2017\/12\/Epistolari-Farreras-i-Duran-Joan-Planas.-Fons-570_Pa__gina_06-.jpg 1327w\" sizes=\"(max-width: 233px) 100vw, 233px\" \/><\/a><\/p>\n<p><u>Carta de Francesc Farreras i Duran a Joan Planas i Mart\u00ed (Cuernavaca, 22\/4\/1974)<\/u><\/p>\n<p>Transcripci\u00f3:<\/p>\n<p>Abril 22 de 1974<\/p>\n<p>Sr. D. Joan Planas Mart\u00ed.<\/p>\n<p>Abogado.<\/p>\n<p>Av. Gmo. Franco, 493 \u2013 495, sobre\u00e0tic, 1a.<\/p>\n<p>BARCELONA (15)<\/p>\n<p>Estimat Joan:<\/p>\n<p>Te ser\u00e1 raro recibir carta m\u00eda en mexicano, pero como estoy reci\u00e9n operado de cataratas, escribe por m\u00ed mi secretaria. La operaci\u00f3n ha ido muy bien y con unos gruesos lentes veo todo de lejos y de cerca, pero no puedo a\u00fan leer y escribir, hasta que, desaparecido el trauma completamente, me puedan hacer los lentes correspondientes.<\/p>\n<p>S\u00e9 que tu esposa ya est\u00e1 bien y tu, tambi\u00e9n. Haber si puedes escribirme aunque sea una carta breve para tener noticias tuyas, pues sabes bien que te recuerdo y te aprecio&#8230; Adem\u00e1s me debes carta y cada d\u00eda somos menos los de nuestra generaci\u00f3n y hemos de estar m\u00e1s unidos que nunca.<\/p>\n<p>Espero escribir pronto personalmente y en nuestra propia lengua.<\/p>\n<p>Mientras tanto, te mando mis afectuosos saludos para tu esposa y un abrazo cordial para t\u00ed.<\/p>\n<p>&nbsp;<\/p>\n<p>FFD\/pjch.<\/p>\n<p>&nbsp;<\/p>\n","protected":false},"excerpt":{"rendered":"<p>Carta de Francesc Farreras i Duran a Joan Planas i Mart\u00ed (Cuernavaca, 22\/4\/1974) Transcripci\u00f3: Abril 22 de 1974 Sr. D. Joan Planas Mart\u00ed. Abogado. Av. Gmo. Franco, 493 \u2013 495, sobre\u00e0tic, 1a. BARCELONA (15) Estimat Joan: Te ser\u00e1 raro recibir carta m\u00eda en mexicano, pero como estoy reci\u00e9n operado de cataratas, escribe por m\u00ed mi [&hellip;]<\/p>\n","protected":false},"author":76,"featured_media":0,"parent":2781,"menu_order":0,"comment_status":"closed","ping_status":"closed","template":"","meta":{"footnotes":""},"class_list":["post-2926","page","type-page","status-publish","hentry"],"_links":{"self":[{"href":"https:\/\/www.memoria.cat\/farreras-planas\/wp-json\/wp\/v2\/pages\/2926","targetHints":{"allow":["GET"]}}],"collection":[{"href":"https:\/\/www.memoria.cat\/farreras-planas\/wp-json\/wp\/v2\/pages"}],"about":[{"href":"https:\/\/www.memoria.cat\/farreras-planas\/wp-json\/wp\/v2\/types\/page"}],"author":[{"embeddable":true,"href":"https:\/\/www.memoria.cat\/farreras-planas\/wp-json\/wp\/v2\/users\/76"}],"replies":[{"embeddable":true,"href":"https:\/\/www.memoria.cat\/farreras-planas\/wp-json\/wp\/v2\/comments?post=2926"}],"version-history":[{"count":0,"href":"https:\/\/www.memoria.cat\/farreras-planas\/wp-json\/wp\/v2\/pages\/2926\/revisions"}],"up":[{"embeddable":true,"href":"https:\/\/www.memoria.cat\/farreras-planas\/wp-json\/wp\/v2\/pages\/2781"}],"wp:attachment":[{"href":"https:\/\/www.memoria.cat\/farreras-planas\/wp-json\/wp\/v2\/media?parent=2926"}],"curies":[{"name":"wp","href":"https:\/\/api.w.org\/{rel}","templated":true}]}}