{"id":73839,"date":"2023-09-02T10:21:15","date_gmt":"2023-09-02T09:21:15","guid":{"rendered":"https:\/\/www.memoria.cat\/web-nova-espinas\/?page_id=73839"},"modified":"2023-10-25T16:51:56","modified_gmt":"2023-10-25T15:51:56","slug":"la-biblioteca","status":"publish","type":"page","link":"https:\/\/www.memoria.cat\/espinas\/la-biblioteca\/","title":{"rendered":"La biblioteca"},"content":{"rendered":"<p><span style=\"color: #000000\"><b>Josep Maria <\/b><\/span><b>Espin\u00e0s: <\/b>No recordo haver demanat llibres, d\u2019una manera habitual almenys. No hi anava a buscar llibres, hi anava a buscar un espai, c\u00f2mode, acollidor, independent de la vida militar, i ja est\u00e0.<\/p>\n<p><b>Joaquim Aloy: <\/b>No n\u2019hi devia haver cap m\u00e9s&#8230;<\/p>\n<p><span style=\"color: #000000\"><b>Josep Maria <\/b><\/span><b>Espin\u00e0s: <\/b>Per aix\u00f2, aqu\u00ed hi estic b\u00e9.<\/p>\n<p><b>Joaquim Aloy: <\/b>Es podria dir que vas escriure alguna novel\u00b7la all\u00e0? Alguna cosa que despr\u00e9s es publiqu\u00e9s? O eren impressions?<\/p>\n<p><span style=\"color: #000000\"><b>Josep Maria <\/b><\/span><b>Espin\u00e0s: <\/b>No, no, tampoc vaig escriure gaire, no, no, no. Tampoc tenia tant temps lliure eh. Si jo hagu\u00e9s passat dissabtes i diumenges<\/p>\n<p><i>En aquest moment es talla l\u2019\u00e0udio<\/i><\/p>\n<p style=\"text-align: center\"><a href=\"https:\/\/www.memoria.cat\/espinas\/espinas-explica-els-seus-records-de-manresa\/\">Vegeu l&#8217;entrevista \u00edntegra a Josep Maria Espin\u00e0s<\/a><\/p>\n","protected":false},"excerpt":{"rendered":"<p>Josep Maria Espin\u00e0s: No recordo haver demanat llibres, d\u2019una manera habitual almenys. No hi anava a buscar llibres, hi anava a buscar un espai, c\u00f2mode, acollidor, independent de la vida militar, i ja est\u00e0. Joaquim Aloy: No n\u2019hi devia haver cap m\u00e9s&#8230; Josep Maria Espin\u00e0s: Per aix\u00f2, aqu\u00ed hi estic b\u00e9. Joaquim Aloy: Es podria [&hellip;]<\/p>\n","protected":false},"author":66,"featured_media":0,"parent":0,"menu_order":0,"comment_status":"closed","ping_status":"closed","template":"","meta":{"iawp_total_views":0,"footnotes":""},"class_list":["post-73839","page","type-page","status-publish","hentry"],"_links":{"self":[{"href":"https:\/\/www.memoria.cat\/espinas\/wp-json\/wp\/v2\/pages\/73839","targetHints":{"allow":["GET"]}}],"collection":[{"href":"https:\/\/www.memoria.cat\/espinas\/wp-json\/wp\/v2\/pages"}],"about":[{"href":"https:\/\/www.memoria.cat\/espinas\/wp-json\/wp\/v2\/types\/page"}],"author":[{"embeddable":true,"href":"https:\/\/www.memoria.cat\/espinas\/wp-json\/wp\/v2\/users\/66"}],"replies":[{"embeddable":true,"href":"https:\/\/www.memoria.cat\/espinas\/wp-json\/wp\/v2\/comments?post=73839"}],"version-history":[{"count":0,"href":"https:\/\/www.memoria.cat\/espinas\/wp-json\/wp\/v2\/pages\/73839\/revisions"}],"wp:attachment":[{"href":"https:\/\/www.memoria.cat\/espinas\/wp-json\/wp\/v2\/media?parent=73839"}],"curies":[{"name":"wp","href":"https:\/\/api.w.org\/{rel}","templated":true}]}}