{"id":73818,"date":"2023-08-31T09:35:26","date_gmt":"2023-08-31T08:35:26","guid":{"rendered":"https:\/\/www.memoria.cat\/web-nova-espinas\/?page_id=73818"},"modified":"2023-10-25T16:47:03","modified_gmt":"2023-10-25T15:47:03","slug":"lexperiencia-danar-a-dalt-dun-cavall-en-una-desfilada-per-la-ciutat","status":"publish","type":"page","link":"https:\/\/www.memoria.cat\/espinas\/lexperiencia-danar-a-dalt-dun-cavall-en-una-desfilada-per-la-ciutat\/","title":{"rendered":"L\u2019experi\u00e8ncia d\u2019anar a dalt d\u2019un cavall en una desfilada per la ciutat"},"content":{"rendered":"<p>&nbsp;<\/p>\n<p><strong>Josep Alert: <\/strong>Una vegada vas anar a cavall, no?<\/p>\n<p>&nbsp;<\/p>\n<p><strong>Josep Maria Espin\u00e0s: <\/strong>Oi, s\u00ed!<\/p>\n<p>&nbsp;<\/p>\n<p><strong>Josep Alert:<\/strong> Va, explica\u2019ns aix\u00f2.<\/p>\n<p>&nbsp;<\/p>\n<p><strong>Josep Maria Espin\u00e0s<\/strong>: Home, \u00e9s una experi\u00e8ncia molt curiosa, aquesta. Jo no havia pujat mai a un cavall i ens va tocar fer una desfilada per Manresa, i em va tocar anar a dalt de cavall. Un cavall que tenia molta m\u00e9s experi\u00e8ncia d&#8217;engegar gent a terra que la meva experi\u00e8ncia de dalt de cavall. No vaig caure, eh, vaig tenir la sort de no fer el rid\u00edcul davant de tots els manresans. Potser no era el primer que hauria caigut, per\u00f2 no, em vaig aguantar fort all\u00e0. Per\u00f2 realment no era gaire divertit anar travessant els carrers de Manresa dalt de cavall, perqu\u00e8 el cavall era un cavall que no tenia cap ganes de col\u00b7laborar, eh, aix\u00f2 \u00e9s evident. Un cavall d\u2019aquells de l&#8217;ex\u00e8rcit, que en castell\u00e0 en diuen <em>resabiados<\/em>, eh, i que si podien aixecar-te i tirar-te daltabaix doncs ho procuraven fer. Ara quedaria molt b\u00e9 dir: escolti, com vaig passejar triomfalment per Manresa dalt d\u2019un cavall! No, vaig passejar-hi m\u00e9s espantat que res dalt del cavall.<\/p>\n<p style=\"text-align: center\"><a href=\"https:\/\/www.memoria.cat\/espinas\/espinas-explica-els-seus-records-de-manresa\/\">Vegeu l&#8217;entrevista \u00edntegra a Josep Maria Espin\u00e0s<\/a><\/p>\n","protected":false},"excerpt":{"rendered":"<p>&nbsp; Josep Alert: Una vegada vas anar a cavall, no? &nbsp; Josep Maria Espin\u00e0s: Oi, s\u00ed! &nbsp; Josep Alert: Va, explica\u2019ns aix\u00f2. &nbsp; Josep Maria Espin\u00e0s: Home, \u00e9s una experi\u00e8ncia molt curiosa, aquesta. Jo no havia pujat mai a un cavall i ens va tocar fer una desfilada per Manresa, i em va tocar anar [&hellip;]<\/p>\n","protected":false},"author":66,"featured_media":0,"parent":0,"menu_order":0,"comment_status":"closed","ping_status":"closed","template":"","meta":{"iawp_total_views":0,"footnotes":""},"class_list":["post-73818","page","type-page","status-publish","hentry"],"_links":{"self":[{"href":"https:\/\/www.memoria.cat\/espinas\/wp-json\/wp\/v2\/pages\/73818","targetHints":{"allow":["GET"]}}],"collection":[{"href":"https:\/\/www.memoria.cat\/espinas\/wp-json\/wp\/v2\/pages"}],"about":[{"href":"https:\/\/www.memoria.cat\/espinas\/wp-json\/wp\/v2\/types\/page"}],"author":[{"embeddable":true,"href":"https:\/\/www.memoria.cat\/espinas\/wp-json\/wp\/v2\/users\/66"}],"replies":[{"embeddable":true,"href":"https:\/\/www.memoria.cat\/espinas\/wp-json\/wp\/v2\/comments?post=73818"}],"version-history":[{"count":0,"href":"https:\/\/www.memoria.cat\/espinas\/wp-json\/wp\/v2\/pages\/73818\/revisions"}],"wp:attachment":[{"href":"https:\/\/www.memoria.cat\/espinas\/wp-json\/wp\/v2\/media?parent=73818"}],"curies":[{"name":"wp","href":"https:\/\/api.w.org\/{rel}","templated":true}]}}