{"id":73815,"date":"2023-08-31T09:31:34","date_gmt":"2023-08-31T08:31:34","guid":{"rendered":"https:\/\/www.memoria.cat\/web-nova-espinas\/?page_id=73815"},"modified":"2023-10-25T16:45:57","modified_gmt":"2023-10-25T15:45:57","slug":"encendre-un-llumi-en-una-palangana-plena-dalcohol-per-escalfar-se","status":"publish","type":"page","link":"https:\/\/www.memoria.cat\/espinas\/encendre-un-llumi-en-una-palangana-plena-dalcohol-per-escalfar-se\/","title":{"rendered":"Encendre un llum\u00ed en una palangana plena d\u2019alcohol per escalfar-se"},"content":{"rendered":"<p>&nbsp;<\/p>\n<p><strong>Josep Alert: <\/strong>Est\u00e0veu allotjats a la caserna del Carme.<\/p>\n<p><strong>Josep Maria Espin\u00e0s: <\/strong>No, allotjats no, jo vaig estar a casa la senyora Maria. La senyora Maria tenia una casa a la Muralla, al 48 o 84, un n\u00famero aix\u00ed. Una senyora sola, v\u00eddua, tenia dues habitacions i dos dels quatre em sembla que \u00e9rem que v\u00e0rem anar a parar a Manresa, dos dels estudiants, vam agafar dues habitacions all\u00e0, jo dormia a la mateixa habitaci\u00f3 amb un altre, amb un company, i feia tant fred que ens n\u2019an\u00e0vem a la cuina a refugiar-nos quan est\u00e0vem all\u00e0 i f\u00e8iem vida amb la senyora Maria a la cuina, mentre ella feia dinars i coses no? I el fred era tan notable que sempre recordar\u00e9 que a la nit, amb el meu company i jo que compart\u00edem dos llits en una habitaci\u00f3, ten\u00edem una palangana que ompl\u00edem d\u2019alcohol, hi llen\u00e7\u00e0vem un llum\u00ed enc\u00e8s, feia una gran flamarada, aix\u00f2 durava vint-i cinc segons, el temps just per treure\u2019ns tota la roba militar de sobre, posar-se el pijama i ficar-se dins del llit. O sigui, la meva experi\u00e8ncia fredolica de Manresa \u00e9s considerable.<\/p>\n<p style=\"text-align: center\"><a href=\"https:\/\/www.memoria.cat\/espinas\/espinas-explica-els-seus-records-de-manresa\/\">Vegeu l&#8217;entrevista \u00edntegra a Josep Maria Espin\u00e0s<\/a><\/p>\n<p>&nbsp;<\/p>\n","protected":false},"excerpt":{"rendered":"<p>&nbsp; Josep Alert: Est\u00e0veu allotjats a la caserna del Carme. Josep Maria Espin\u00e0s: No, allotjats no, jo vaig estar a casa la senyora Maria. La senyora Maria tenia una casa a la Muralla, al 48 o 84, un n\u00famero aix\u00ed. Una senyora sola, v\u00eddua, tenia dues habitacions i dos dels quatre em sembla que \u00e9rem [&hellip;]<\/p>\n","protected":false},"author":66,"featured_media":0,"parent":0,"menu_order":0,"comment_status":"closed","ping_status":"closed","template":"","meta":{"iawp_total_views":1,"footnotes":""},"class_list":["post-73815","page","type-page","status-publish","hentry"],"_links":{"self":[{"href":"https:\/\/www.memoria.cat\/espinas\/wp-json\/wp\/v2\/pages\/73815","targetHints":{"allow":["GET"]}}],"collection":[{"href":"https:\/\/www.memoria.cat\/espinas\/wp-json\/wp\/v2\/pages"}],"about":[{"href":"https:\/\/www.memoria.cat\/espinas\/wp-json\/wp\/v2\/types\/page"}],"author":[{"embeddable":true,"href":"https:\/\/www.memoria.cat\/espinas\/wp-json\/wp\/v2\/users\/66"}],"replies":[{"embeddable":true,"href":"https:\/\/www.memoria.cat\/espinas\/wp-json\/wp\/v2\/comments?post=73815"}],"version-history":[{"count":0,"href":"https:\/\/www.memoria.cat\/espinas\/wp-json\/wp\/v2\/pages\/73815\/revisions"}],"wp:attachment":[{"href":"https:\/\/www.memoria.cat\/espinas\/wp-json\/wp\/v2\/media?parent=73815"}],"curies":[{"name":"wp","href":"https:\/\/api.w.org\/{rel}","templated":true}]}}