{"id":72218,"date":"2018-10-20T16:03:48","date_gmt":"2018-10-20T15:03:48","guid":{"rendered":"https:\/\/www.memoria.cat\/epistolari-joan-griera\/?page_id=72218"},"modified":"2018-10-27T19:45:03","modified_gmt":"2018-10-27T18:45:03","slug":"juny-1938","status":"publish","type":"page","link":"https:\/\/www.memoria.cat\/epistolari-joan-griera\/epistolari-1938\/juny-1938\/","title":{"rendered":"Juny 1938"},"content":{"rendered":"<p>Dia 11 de Juny del 1938<\/p>\n<p>Estimades mare i germana: Perdoneu, si he tardat a escriure-us; que no ho hagi fet com solia, doncs hem anat a passar una setmana a un poble mes bonic que aquest. Com sabeu ja, est\u00e0 tot tranquil, i acccept\u00e0rem l&#8217;invitaci\u00f3 d&#8217;unes noies d&#8217;aquest altre poble, d&#8217;anar a passar uns dies a la vora d&#8217;elles. I amb el perm\u00eds del metge que tenim ara aci amb nosaltres, ens hi qued\u00e0rem una setmana.<\/p>\n<p>Tornem a tenir entre nosaltres aquell metge que us havia parlat fa temps, tant b\u00f3 i que en fem el que volem. Despr\u00e9s d&#8217;uns mesos de perm\u00eds a casa seva (\u00e9s d&#8217;Albacete) per malaltia, l&#8217;han destinat altra vegada al costat nostre. No cal dir que estem content\u00edssims de tornar a tenir-lo al costat, i ell tamb\u00e9, puix amb els aires purs d&#8217;aquest poble, i la abund\u00e0ncia de llet i ous que hi ha s&#8217;acabar\u00e0 de posar b\u00f3, passar\u00e0 una bona convalesc\u00e8ncia. Ara si que podem dir que no desitjem res mes, nom\u00e9s que s&#8217;acabi aquest viure per retornar a la vostra vora. Mentrestant que ens deixin viure a aquest poblet, al costat d&#8217;aquest bon metge. Si hi podem passar l&#8217;estiu podriem dir que es estiueig aix\u00f2.<\/p>\n<p>B\u00e9, doncs com us deia al tornar del poble d&#8217;aquelles noies, que coneixem fa temps, he trobat la vostra carta amb data 29 del mes passat, junt amb una de l&#8217;amic Lloren\u00e7 que ja est\u00e0 al costat del seu germ\u00e0, i una altra del amic Gudaiol (Clauet) que est\u00e0 a llevant; molt b\u00e9 tamb\u00e9, en un poble, on diu que hi ha forces noies, principalment evacuades de Madrid, i que es diverteix, i com es oficial de Intend\u00e8ncia de teca no cal dir que no n&#8217;hi ha mancat mai.<\/p>\n<p>Avui a la tarda doncs fa poca estona que hem arribat, contesto a les tres cartes aquestes.<\/p>\n<p>Dieu que mirareu de proveir-vos aquest any, per a poder passar-lo un xic b\u00e9 com com el passat. Veiam doncs si quan vindrem, no ens mancar\u00e0 almenys el pa.<\/p>\n<blockquote><p>Es veu que busquen tots els recons per aci. Mira, mira, el Minguet, tamb\u00e9 volia fer el viu? N&#8217;hi ha que per no haver d&#8217;anar a la guerra ho farien tot. Tastar-ho una miqueta em penso que convindria a tothom.<\/p><\/blockquote>\n<p>Potser aix\u00ed de temps no en farien cap mes.<\/p>\n<p>El Mosoll entre motos i cotxes, no se&#8217;n pot sortir deu dir la mare oi? Veiam si amb l&#8217;altre carta em dieu que ja est\u00e0 ben b\u00e9.<\/p>\n<p>D&#8217;aquests que portaren la nova a casa seva que havien desaparescut, aquesta paraula vol dir moltes coses.<\/p>\n<p>Aix\u00ed els soldats que hi ha per aci fan com nosaltres enamorar-se i casar-se tamb\u00e9. Si acabada la guerra tornen molts amb companyia, no us sorprengui, ni us extranyi. Ara mateix, si podem seguir com us deia a aquest poble i amb aquest metge, que ens deixi anar sovint en aquest altre, que encara que no lluny del que estem, hi ha una difer\u00e8ncia amb tot, com la nit amb el dia.<\/p>\n<blockquote><p>Potser ho fa que es un xic mes gran per\u00f2 la gent hi \u00e9s mes simp\u00e0tica, les noies vestides com les nostres, fins perfumades i amb les celles i parpelles com les de les estrelles del cinema. Doncs si podem seguir sostenint l&#8217;amistat d&#8217;aquestes noies em sembla que ens casarem tots. Tenim moltes ganes de canviar de viure, provar aquesta nova vida vora la companyia d&#8217;aquells ulls i d&#8217;aquelles dents que us deia. Aquestes amigues que us dic farien per casa, netes, endre\u00e7ades, treballadores, educades, fins amb una cultura d&#8217;estudiant i tot, i la bellesa del cos va ajuntada a la de l&#8217;\u00e0nima&#8230;<\/p>\n<p>Amb aquestes ganes, amb aquestes qualitats o paranys qui es el que no cau a la ratera?<\/p><\/blockquote>\n<p>Ah, oi que no us ho havia dit encara? Fa vuit dies que ens vacunaren, i dem\u00e0 ens donaran la segona injecci\u00f3 antit\u00edfica, que amb els cad\u00e0vers que hi ha hagut aquest estiu a la millor vindria una passa de tifus que faria por. A tothom hem vacunat, no s&#8217;ha escapat ning\u00fa.<\/p>\n<p>L&#8217;altre dia vingu\u00e9 a veure&#8217;m el Subirana, est\u00e0 ara al poble d&#8217;aci mes a la vora a la comandancia de la Brigada, molt b\u00e9 i t\u00e9 molts dies lliures, i com jo els hi tinc tots, ens podrem veure sovint. Sembla que poguer comentar el que passa al poble amb un del poble, i de saber noves, mes noves, es una cosa que des d&#8217;aci ens fa aquest temps viscut fora de vosaltres mes curt.<\/p>\n<p>En Cases veiam di escriu a la fi, em penso que t\u00e9 molta mandra. El Lloren\u00e7 em diu que tamb\u00e9 fa molt temps que espera resposta d&#8217;ell.<\/p>\n<p>L&#8217;Antonieta es morta? Pobra dona, aix\u00ed es la vida!&#8230;<\/p>\n<p>Les amigues teves que dius penso que tots hauran rebut ja les seves lletres. Si tarden tant a escriure una mica de culpa el paper i una mica l&#8217;estar tips de tot aix\u00f2! &#8230;&#8230;.<\/p>\n<blockquote><p>Acaben de perdre totes les il\u00b7lusions, la f\u00e8, les esperances i el seny.<\/p><\/blockquote>\n<p>Records a totes i vosaltres una abra\u00e7ada ben forta del vostre fill i germ\u00e0 que us estima. Joan Griera<\/p>\n<hr \/>\n<p>&nbsp;<\/p>\n<p>Dia 16 de juny del 1938<\/p>\n<p>Estimades mare i germana: He rebut la vostra amb dates 2 d&#8217;aquest mes, i aquesta vegada amb la foto a dins de vos mare, que no s&#8217;ha perdut. Heu quedat molt s\u00e8ria com jo, tamb\u00e9. Ho fa la guerra oi? Fa posar serietat. El que veig que encara porteu mocador al cap, m&#8217;hauria agradat sense. Els cabells blancs, amb aquesta cara severa, us haurien donat mes distinci\u00f3. Aix\u00f2 no vol dir que hagui d&#8217;anar sense. Porteu el que us vagi mes b\u00e9, i el que us doni la gana. Nom\u00e9s ho deia per aix\u00f2, per el retrat, que haurieu semblat mes distingida.<\/p>\n<blockquote><p>Ara ja us tinc a les dugues. Portant-vos al damunt, puc contemplar-vos a tothora i sembla i tot que era ahir que vaig deixar-vos&#8230; (i ja fa mes d&#8217;un any!&#8230;) puix no heu canviat gens.<\/p><\/blockquote>\n<p>Anem vivint en aquest poblet, ja simp\u00e0tic i que s&#8217;hi est\u00e0 tant b\u00e9. No m&#8217;he pesat, per\u00f2 estic segur que he aumentat kilos. L'&#8221;abuelita&#8221; ens cuida com si f\u00f2ssim d&#8217;ella. Fa mes d&#8217;un mes que hi som, i no es parla pas de que ens vinguin a rellevar. Veieam doncs si ens hi deixen passar l&#8217;estiu, que amb la fruita que hi ha (comencen a veure&#8217;s ja la vermellor de les cireres, i les peres i\u00a0 pomes d&#8217;aci a pocs dies seran bones tamb\u00e9) i les frondoses ombres fresques, fa d&#8217;aquest lloc, un lloc d&#8217;estiueig, de rep\u00f2s&#8230;<\/p>\n<blockquote><p>Us he pintat les dugues maneres de viure, <a href=\"https:\/\/www.memoria.cat\/epistolari-joan-griera\/wp-content\/uploads\/sites\/20\/2018\/02\/16juny38-co\u0300piadibuix.jpg\" target=\"_blank\" rel=\"noopener\">la dels dies passats i la d&#8217;ara<\/a>. La casa que vivim si fa o no fa com aquesta de la X, un bon llit, una bona taula i una velleta que ens fa de mare, i fins les n\u00e9tes es porten com a verdaderes germanes; que podem desitjar mes, sin\u00f3 que s&#8217;acab\u00e9s tot aix\u00f2, per a poder retornar al costat de la mare i germana de deb\u00f2. Anem nets i planxats com si fossim a casa com aquests soldats que dieu. Aix\u00f2 es viure!<\/p><\/blockquote>\n<p>Estic mes que content que la Rossa tingui humor i aficci\u00f3 a escriure. Quina ll\u00e0stima que no n&#8217;hi tingu\u00e9s quan tenia vint anys&#8230; I el rellotge? Ja sap l&#8217;hora que es, per a llevar-se?&#8230; M&#8217;agradaria molt que quan tingu\u00e9ssiu ocasi\u00f3, fessiu una foto d&#8217;ella, molt segur que de tota la seva vida no en te cap. El vostre Joan que us estima.<\/p>\n<p>(Records a tots i perdoneu que us envi\u00ef aquests sobres i poc paper. S&#8217;acaben i no se&#8217;n troben. JGriera).<\/p>\n<hr \/>\n<p>&nbsp;<\/p>\n<p>Dia 24 de Juny del 1938<\/p>\n<p>Mare i germana estimades:<\/p>\n<blockquote><p>Les espigues semblen un mar d&#8217;or, amb el seu ondular indec\u00eds&#8230; Els ocells es complauen a passar i repassar a frec d&#8217;aquestes ones. Les flors i els arbres amb els seus fruits son com els vestits d&#8217;aquestes mossetes rialleres que passejen al llarg del cam\u00ed&#8230;\u00a0 Son les terres de l&#8217;\u00c0lc\u00e0rria, la grisa, la trista, per\u00f2 que avui tamb\u00e9 est\u00e0 de festa sota l&#8217;ardorosa car\u00edcia del sol de Juny.<\/p><\/blockquote>\n<p>En un prat uns infants &#8211; els grans son a la guerra &#8211; s&#8217;entretenen en un partit de futbol. El cel es d&#8217;un blau pur\u00edssim, i l&#8217;aire nomes un murmuri de tant quiet. Els vestits de festa&#8230; \u00bfQui diria que el front de lluita, la primera l\u00ednea de trinxeres es a pocs metres d&#8217;aquest lloc? Direu, potser, que s&#8217;empatolla!<\/p>\n<p>Per\u00f2 es Sant Joan i tot riu avui, nom\u00e9s un nuvolet posa la seva nota de tristor en aquest cel tan clar i rialler, igual al riure d&#8217;aquestes mossetes que passejen al llarg del cam\u00ed.<\/p>\n<blockquote><p>I es el record d&#8217;aquella tota tendresa i sensibilitat que s&#8217;adorm\u00ed per sempre quan nom\u00e9s tenia setze anys&#8230; Des d&#8217;aci, a les ombres d&#8217;aquests arbres la veig apar\u00e8ixer amb aquell encantament dol\u00e7 i suau, tan femen\u00ed d&#8217;ella&#8230; Aquella silueta menuda i distingida, aquells aire un xic senyor\u00edvol, i l&#8217;halit de dolcesa que l&#8217;envoltava&#8230; Mes quan ella en un revolt del cam\u00ed, que porta al seu poblet -mes clar i mes bell que aquest- desapareix tan dol\u00e7ament com quan venia, una mena de nostalgia s&#8217;apodera del cor i m&#8217;invaeix tot jo.<\/p>\n<p>I es que era una noia que no encenia cap desig ni despertava passi\u00f3&#8230; Al contrari, era l&#8217;encarnaci\u00f3 de tot quan de dol\u00e7 i bo pot esperar l&#8217;home d&#8217;una dona&#8230; Una mena d&#8217;Angel de la Guarda era, per aix\u00f2 l&#8217;estimo encara&#8230; el seu record exquisit no pot morir, i m&#8217;acompanyar\u00e0 sempre en les hores de prova&#8230;<\/p><\/blockquote>\n<p>No desvariejo no, no us penseu que el poc menjar fa dir-me aquestes coses, no, es perqu\u00e8 en mig de l&#8217;alegria d&#8217;avui ha acudit aquest record trist, a remembrar l&#8217;alegria, ___ , la felicitat que es sentia a la vora seva&#8230;<\/p>\n<p>I prou, perqu\u00e8 potser si que acabar\u00edeu de creure el que suposeu amb la vostra lletra del 11 d&#8217;aquest mes. Que tants ous i formatges no pot \u00e9sser veritat. Es la veritat pura i neta: som sis i tenim dos litres de llet cada mat\u00ed, una dotzena d&#8217;ous i un formatge. Despr\u00e9s no s\u00e9 si us ho creureu, fa un mes que menjem xai cada dia tamb\u00e9, que n&#8217;estem embafats i tot de carn, aix\u00f2 apart del suministre que ens toca. Ho podeu creure de deb\u00f2, nom\u00e9s haig de dir-vos que amb els preus que va tot (el xai a 16 ptes. kilo) no ens arriben els quartos, tindrem de deixar-ho c\u00f2rrer i tot aix\u00f2 de la carn doncs ens endenteriem. Si em poguessiu veurer, us ho creurieu. Almenys hem augmentat 10 kilos cada u amb aquest mes i tenim el p\u00e8l lluent&#8230;<\/p>\n<p>Se us va calar foc? Si us descuideu, potser si que all\u00f2 de viure a un xalet s&#8217;hauria fet realitat! Que us sembla si s&#8217;hagu\u00e9s cremat tot, haurieu llogat un xalet no? Jo ja us hauria portat cabres, cabrits i xais per a fer-hi una mica de granja. I una guineu i tot que l&#8217;altre dia v\u00e0rem agafar, es petiteta per aix\u00f2.<\/p>\n<p>La gateta es mare de dos fillets? nomes en va parir dos? La &#8220;mixa&#8221; de l'&#8221;abuelita&#8221; li va passar al davant, en va fer sis, i la &#8220;Tussa&#8221; la gosseta, va parir-ne set, un demort per aix\u00f2, i li n&#8217;hem mort quatre mes, per a que els dos mes bonics els pugui criar i pujar b\u00e9.<\/p>\n<blockquote><p>Tenim de tot com podeu veure. Fins sembla que ja s&#8217;ha acabat la guerra, entre mig d&#8217;aquest aire tranquil d&#8217;aquestes mossetes rialleres que passejen al llarg del cam\u00ed i sota aquest cel tan blau&#8230; ning\u00fa ho diria que fem la guerra!&#8230;<\/p><\/blockquote>\n<p>He rebut el retrat com ja vaig dir-vos. Tamb\u00e9 lletra del Lloren\u00e7 i Ferran que estan junts. Tamb\u00e9 vaig rebre&#8217;n de l&#8217;oncle Tonet, per\u00f2 no li he contestat perqu\u00e8 acabem el paper i no se&#8217;n troba enlloc. Si en teniu, a cada carta, podeu posar-m&#8217;hi un paper i un sobre, per a contestar-vos.<\/p>\n<p>Si la Roser no reb carta de&#8217;n Reig, deu \u00e9sser per aix\u00f2 tamb\u00e9. Fa dies que no l&#8217;he vist al igual que en Zacarini. Estan en un altre poble.<\/p>\n<blockquote><p>Ja tinc vint-i-cinc anys qui ho diria, i tan criatura!&#8230;<\/p><\/blockquote>\n<p>Un pet\u00f2 a la Rossa, un a cada gatet (a la marrinxa si no es porta b\u00e9 no n&#8217;hi feu cap) i un a cada galta a tu mare i germana del vostre Joan<\/p>\n<hr \/>\n<p>&nbsp;<\/p>\n<p>&nbsp;<\/p>\n","protected":false},"excerpt":{"rendered":"<p>Dia 11 de Juny del 1938 Estimades mare i germana: Perdoneu, si he tardat a escriure-us; que no ho hagi fet com solia, doncs hem anat a passar una setmana a un poble mes bonic que aquest. Com sabeu ja, est\u00e0 tot tranquil, i acccept\u00e0rem l&#8217;invitaci\u00f3 d&#8217;unes noies d&#8217;aquest altre poble, d&#8217;anar a passar uns [&hellip;]<\/p>\n","protected":false},"author":28,"featured_media":0,"parent":72082,"menu_order":0,"comment_status":"closed","ping_status":"closed","template":"","meta":{"iawp_total_views":1,"footnotes":""},"class_list":["post-72218","page","type-page","status-publish","hentry"],"_links":{"self":[{"href":"https:\/\/www.memoria.cat\/epistolari-joan-griera\/wp-json\/wp\/v2\/pages\/72218","targetHints":{"allow":["GET"]}}],"collection":[{"href":"https:\/\/www.memoria.cat\/epistolari-joan-griera\/wp-json\/wp\/v2\/pages"}],"about":[{"href":"https:\/\/www.memoria.cat\/epistolari-joan-griera\/wp-json\/wp\/v2\/types\/page"}],"author":[{"embeddable":true,"href":"https:\/\/www.memoria.cat\/epistolari-joan-griera\/wp-json\/wp\/v2\/users\/28"}],"replies":[{"embeddable":true,"href":"https:\/\/www.memoria.cat\/epistolari-joan-griera\/wp-json\/wp\/v2\/comments?post=72218"}],"version-history":[{"count":0,"href":"https:\/\/www.memoria.cat\/epistolari-joan-griera\/wp-json\/wp\/v2\/pages\/72218\/revisions"}],"up":[{"embeddable":true,"href":"https:\/\/www.memoria.cat\/epistolari-joan-griera\/wp-json\/wp\/v2\/pages\/72082"}],"wp:attachment":[{"href":"https:\/\/www.memoria.cat\/epistolari-joan-griera\/wp-json\/wp\/v2\/media?parent=72218"}],"curies":[{"name":"wp","href":"https:\/\/api.w.org\/{rel}","templated":true}]}}