{"id":72101,"date":"2018-10-08T10:58:39","date_gmt":"2018-10-08T09:58:39","guid":{"rendered":"https:\/\/www.memoria.cat\/epistolari-joan-griera\/?page_id=72101"},"modified":"2018-10-08T12:04:55","modified_gmt":"2018-10-08T11:04:55","slug":"abril-1937","status":"publish","type":"page","link":"https:\/\/www.memoria.cat\/epistolari-joan-griera\/epistolari-1937\/abril-1937\/","title":{"rendered":"Abril 1937"},"content":{"rendered":"<p>Barcelona 16 d\u2019abril del 1937<\/p>\n<p>Estimada mare i germana: Aquest diumenge no vindr\u00e9 perqu\u00e8 em toca fer gu\u00e0rdia.. Desseguida que ho he sabut m\u2019he afanyat a escriure-us perqu\u00e8 pogu\u00e9ssiu rebrer la carta abans de diumenge.<\/p>\n<p>Aquesta tamb\u00e9 es per dir-vos que encara continuem als mateixos llocs, menjar a la caserna \u201c19 de juliol\u201d i dormir i dem\u00e9s a aquesta que en diuen \u201cMiquel Servet\u201d les dem\u00e9s hores les tenim ocupades per fer te\u00f2rica de Sanitat i instrucci\u00f3, ens que da molt poc temps per sortir a passeig.<\/p>\n<p>El menjar se\u2019ns havia espatllat una mica per\u00f2 ara ja ens ho han tornat a arreglar, encara tinc un trosset de llonganissa i un paquet de mantega, de cobrar encara no hem cobrat, diuen que potser abans del dia 30, encara tinc alguna pesseta tamb\u00e9. Per ara no m\u2019envieu res perqu\u00e8 no em falta res. Despr\u00e9s el diumenge vinent si no hi ha res de nou ja ens tornarem a veure. Tu Agn\u00e9s ja donar\u00e0s aquestes lletres als companys contramestres.<\/p>\n<p>Rebeu una abra\u00e7ada del vostre fill i germ\u00e0 que us estima.<\/p>\n<p>Envieu-me les cartes a l\u2019adre\u00e7a seg\u00fcent:<\/p>\n<p>Company:<\/p>\n<p>Joan Griera i Carret\u00e9<\/p>\n<p>Sanitat de Guerra 1\u00aa companyia<\/p>\n<p>Caserna Miquel Servet (abans Asil Duran)<\/p>\n<p>BARCELONA<\/p>\n<hr \/>\n<p>&nbsp;<\/p>\n<p>Barcelona 19 d\u2019abril del 1937<\/p>\n<p>Estimada mare i germana: Ahir bombardejaren aci a Barcelona com ja debeu saber, hi ha uns quants morts i ferits. Jo estic b\u00e9, com que no s\u2019hi havia trobat cap vegada i erem molt pocs aci a la caserna v\u00e0rem passar uns moments de nerviosisme, res m\u00e9s. Us faig portar aquesta carta aprofitant l\u2019avinentesa d\u2019un xicot de Berga que s\u2019en va a casa seva i passa per aci a Balsareny. A la Fassina ja us la donaran junt amb la roba bruta.<\/p>\n<p>Ahir vaig escriure al Llimargues o sigui el xicot de cal _____ i li deia que us digu\u00e9s que no m\u2019havia passat res.<\/p>\n<p>No us poso res mes perqu\u00e8 aquest xicot s\u2019espera per marxar.<\/p>\n<p>Rebeu una abra\u00e7ada del vostre fill i germ\u00e0.<\/p>\n<p>Joan Griera<\/p>\n<hr \/>\n<p>&nbsp;<\/p>\n<p>Barcelona 29 d\u2019abril del 1937<\/p>\n<p>Estimada mare i germana: Vos escric avui dijous per veure si rebeu aquesta abans del diumenge. Com us vaig dir diumenge passat aquest vinent no pujar\u00e9, l\u2019altre que ve si no hi ha res de nou, segurament haurem cobrat ja, ho estan acabant d\u2019arreglar perqu\u00e8 poguem fer-ho la vinent setmana. Ahir em canviaren els llen\u00e7ols, ja era hora oi?<\/p>\n<p>El dem\u00e8s, teca instrucci\u00f3 i etc. Va seguint igual.<\/p>\n<blockquote><p>Dimarts a la tarda ens van donar festa per poguer anar a enterrament, el que hi volgu\u00e9s anar, del militant aquell del Partit Socialista, hi havia molta gent, la parada o desfilada va durar tres hores. Tamb\u00e9 ahir dimecres v\u00e0rem assistir a l\u2019acte del descobriment d\u2019una placa, all\u00e0 on van caure vilment assassinats els germans Badia, com ja haureu llegit al diari, hi havia la seva germana; i en Cornudella i altres varen adre\u00e7ar uns mots en mem\u00f2ria dels malanguanyats germans, aquest acte fou radiat.<\/p><\/blockquote>\n<p>A tu Agn\u00e8s t\u2019uneixo amb la present aquesta foto de la Claudet Colbert, doncs aquest dia en vaig comprar tres per escriure, per\u00f2 a lo millor no l\u2019haurien rebuda, aix\u00eds diuen que \u00e9s m\u00e9s segur. Quan m\u2019escriur\u00e0s? Ho has de fer tot sovint aix\u00ed n\u2019aprendr\u00e0s i no se\u2019t oblidar\u00e0 mai el catal\u00e0. Ara entre jo i el Mosoll t\u2019anir\u00e0 molt b\u00e9. Ja em direu que fa la Rossa si se li ha curat el dolor, i que fan els conills i _____ i si ha nascut la llocada.<\/p>\n<p>Res m\u00e9s per avui, rebeu una abra\u00e7ada i doneu-ne una a la Rossa del vostre fill i germ\u00e0.<\/p>\n<p>PD:<\/p>\n<p>L\u2019adre\u00e7a no hi poseu 1\u00aa companyia, poseu-hi 2on. Grup<\/p>\n<p>Aix\u00eds: <strong>Joan Griera<\/strong><\/p>\n<p><strong>Sanitat de Guerra 2on. Grup<\/strong><\/p>\n<p><strong>Caserna Miquel Servet<\/strong><\/p>\n<p><strong>Carrer de la Granada<\/strong><\/p>\n<p><strong>Barcelona<\/strong><\/p>\n<p>&nbsp;<\/p>\n","protected":false},"excerpt":{"rendered":"<p>Barcelona 16 d\u2019abril del 1937 Estimada mare i germana: Aquest diumenge no vindr\u00e9 perqu\u00e8 em toca fer gu\u00e0rdia.. Desseguida que ho he sabut m\u2019he afanyat a escriure-us perqu\u00e8 pogu\u00e9ssiu rebrer la carta abans de diumenge. Aquesta tamb\u00e9 es per dir-vos que encara continuem als mateixos llocs, menjar a la caserna \u201c19 de juliol\u201d i dormir [&hellip;]<\/p>\n","protected":false},"author":28,"featured_media":0,"parent":72080,"menu_order":0,"comment_status":"closed","ping_status":"closed","template":"","meta":{"iawp_total_views":5,"footnotes":""},"class_list":["post-72101","page","type-page","status-publish","hentry"],"_links":{"self":[{"href":"https:\/\/www.memoria.cat\/epistolari-joan-griera\/wp-json\/wp\/v2\/pages\/72101","targetHints":{"allow":["GET"]}}],"collection":[{"href":"https:\/\/www.memoria.cat\/epistolari-joan-griera\/wp-json\/wp\/v2\/pages"}],"about":[{"href":"https:\/\/www.memoria.cat\/epistolari-joan-griera\/wp-json\/wp\/v2\/types\/page"}],"author":[{"embeddable":true,"href":"https:\/\/www.memoria.cat\/epistolari-joan-griera\/wp-json\/wp\/v2\/users\/28"}],"replies":[{"embeddable":true,"href":"https:\/\/www.memoria.cat\/epistolari-joan-griera\/wp-json\/wp\/v2\/comments?post=72101"}],"version-history":[{"count":0,"href":"https:\/\/www.memoria.cat\/epistolari-joan-griera\/wp-json\/wp\/v2\/pages\/72101\/revisions"}],"up":[{"embeddable":true,"href":"https:\/\/www.memoria.cat\/epistolari-joan-griera\/wp-json\/wp\/v2\/pages\/72080"}],"wp:attachment":[{"href":"https:\/\/www.memoria.cat\/epistolari-joan-griera\/wp-json\/wp\/v2\/media?parent=72101"}],"curies":[{"name":"wp","href":"https:\/\/api.w.org\/{rel}","templated":true}]}}