{"id":72099,"date":"2018-10-08T10:58:09","date_gmt":"2018-10-08T09:58:09","guid":{"rendered":"https:\/\/www.memoria.cat\/epistolari-joan-griera\/?page_id=72099"},"modified":"2018-10-30T13:29:33","modified_gmt":"2018-10-30T12:29:33","slug":"marc-1937","status":"publish","type":"page","link":"https:\/\/www.memoria.cat\/epistolari-joan-griera\/epistolari-1937\/marc-1937\/","title":{"rendered":"Mar\u00e7 1937"},"content":{"rendered":"<p>Barcelona, 30 de mar\u00e7 del 1937<\/p>\n<p>Estimada mare i germana: No us he escrit abans perqu\u00e8 esper\u00e0vem que ens destinessin i encara no ho han fet. Estem destinats a Sanitat i ens han concentrat en el cuartel \u201c19 de juliol\u201d per\u00f2 segurament que despr\u00e9s ens destinaran a un altre. Ara com que no ho tenen ben arreglat nom\u00e9s anem a aquesta caserna les hores dels \u00e0pats, totes les dem\u00e9s hores podem anar all\u00e0 aon volem.<\/p>\n<p>Aquesta setmana creiem que estarem ben aposentats. Els altres d\u2019aqu\u00ed a Balsareny son a diferents casernes. El Mestres i el Manres\u00e0 s\u00f3n a la caserna \u201cCarles Marx\u201d i el Puntes, Ferrer, Calciner i Pepet Carnicer a la \u201cDurruti\u201d. Jo i aquest xicot de cal Mass\u00f3 som en aquesta que us dic. Tamb\u00e9 hi ha aquell xicot de cal Cardona. Quan estiguem fixos ja us tornar\u00e9 escriure. Podria \u00e9sser que aquesta setmana ens deixessin venir.<\/p>\n<p>Com ja us dic que no estem en aquest lloc nom\u00e9s inter\u00ed si voleu escriure\u2019m envieu-me les cartes amb l\u2019adre\u00e7a seg\u00fcent:<\/p>\n<p><strong>Joan Griera<\/strong><\/p>\n<p><strong>Carrer del Bou de la Pla\u00e7a Nova 13, 1er. 1\u00aa Barcelona<\/strong><\/p>\n<p>Una abra\u00e7ada del vostre fill i germ\u00e0.<\/p>\n<p>Joan Griera<\/p>\n","protected":false},"excerpt":{"rendered":"<p>Barcelona, 30 de mar\u00e7 del 1937 Estimada mare i germana: No us he escrit abans perqu\u00e8 esper\u00e0vem que ens destinessin i encara no ho han fet. Estem destinats a Sanitat i ens han concentrat en el cuartel \u201c19 de juliol\u201d per\u00f2 segurament que despr\u00e9s ens destinaran a un altre. Ara com que no ho tenen [&hellip;]<\/p>\n","protected":false},"author":28,"featured_media":0,"parent":72080,"menu_order":0,"comment_status":"closed","ping_status":"closed","template":"","meta":{"iawp_total_views":4,"footnotes":""},"class_list":["post-72099","page","type-page","status-publish","hentry"],"_links":{"self":[{"href":"https:\/\/www.memoria.cat\/epistolari-joan-griera\/wp-json\/wp\/v2\/pages\/72099","targetHints":{"allow":["GET"]}}],"collection":[{"href":"https:\/\/www.memoria.cat\/epistolari-joan-griera\/wp-json\/wp\/v2\/pages"}],"about":[{"href":"https:\/\/www.memoria.cat\/epistolari-joan-griera\/wp-json\/wp\/v2\/types\/page"}],"author":[{"embeddable":true,"href":"https:\/\/www.memoria.cat\/epistolari-joan-griera\/wp-json\/wp\/v2\/users\/28"}],"replies":[{"embeddable":true,"href":"https:\/\/www.memoria.cat\/epistolari-joan-griera\/wp-json\/wp\/v2\/comments?post=72099"}],"version-history":[{"count":0,"href":"https:\/\/www.memoria.cat\/epistolari-joan-griera\/wp-json\/wp\/v2\/pages\/72099\/revisions"}],"up":[{"embeddable":true,"href":"https:\/\/www.memoria.cat\/epistolari-joan-griera\/wp-json\/wp\/v2\/pages\/72080"}],"wp:attachment":[{"href":"https:\/\/www.memoria.cat\/epistolari-joan-griera\/wp-json\/wp\/v2\/media?parent=72099"}],"curies":[{"name":"wp","href":"https:\/\/api.w.org\/{rel}","templated":true}]}}