{"id":74001,"date":"2024-10-07T16:26:37","date_gmt":"2024-10-07T15:26:37","guid":{"rendered":"https:\/\/www.memoria.cat\/enric\/?page_id=74001"},"modified":"2024-12-16T16:38:37","modified_gmt":"2024-12-16T15:38:37","slug":"documents","status":"publish","type":"page","link":"https:\/\/www.memoria.cat\/enric\/documents\/","title":{"rendered":"Documents"},"content":{"rendered":"<p>&nbsp;<\/p>\n<div id=\"jig1\" class=\"justified-image-grid jig-a9b12480856e1dd9516b50d61b1700a4 jig-preset-c2 jig-source-wp-gallery jig-rml-id-9\"><div class=\"jig-clearfix\"><\/div><noscript id=\"jig1-html\" class=\"justified-image-grid-html\" data-lazy-src=\"skiplazyload\" data-src=\"skipunveillazyload\"><ul><li><a href=\"https:\/\/www.memoria.cat\/enric\/wp-content\/uploads\/sites\/160\/2024\/10\/img_3794.-certificat-de-def.jpg\"><img decoding=\"async\" src=\"https:\/\/www.memoria.cat\/enric\/wp-content\/plugins\/justified-image-grid\/timthumb.php?src=https%3A%2F%2Fwww.memoria.cat%2Fenric%2Fwp-content%2Fuploads%2Fsites%2F160%2F2024%2F10%2Fimg_3794.-certificat-de-def.jpg&amp;h=230&amp;q=90&amp;f=.jpg\" alt=\"\" width=\"157\" height=\"230\" \/><\/a><\/li><\/ul><\/noscript><\/div>\n<p style=\"text-align: center\"><span class=\"text-petit\">Certificat de defunci\u00f3 d&#8217;Enric Bosch Tom\u00e0s. Va morir a Lleida el 14 de febrer de 1939. (Arxiu Municipal de Manresa).<\/span><\/p>\n<p>&nbsp;<\/p>\n<div id=\"jig2\" class=\"justified-image-grid jig-2475dfde5c145f2f42a8b8d378000674 jig-preset-c2 jig-source-wp-gallery jig-rml-id-10\"><div class=\"jig-clearfix\"><\/div><noscript id=\"jig2-html\" class=\"justified-image-grid-html\" data-lazy-src=\"skiplazyload\" data-src=\"skipunveillazyload\"><ul><li><a href=\"https:\/\/www.memoria.cat\/enric\/wp-content\/uploads\/sites\/160\/2024\/10\/pa240132.jpg\" title=\"pa240132\"><img fetchpriority=\"high\" decoding=\"async\" src=\"https:\/\/www.memoria.cat\/enric\/wp-content\/plugins\/justified-image-grid\/timthumb.php?src=https%3A%2F%2Fwww.memoria.cat%2Fenric%2Fwp-content%2Fuploads%2Fsites%2F160%2F2024%2F10%2Fpa240132.jpg&amp;h=230&amp;q=90&amp;f=.jpg\" alt=\"pa240132\" width=\"306\" height=\"230\" \/><\/a><p class=\"jig-HTMLdescription\">pa240132<\/p><\/li><\/ul><\/noscript><\/div>\n<p style=\"text-align: center\"><span class=\"text-petit\">Llibre de Registre del Cementiri de Manresa. Hi consta que el cos d&#8217;Enric Bosch Tom\u00e0s va ser traslladat del cementiri de Lleida al de Manresa el 23 de de desembre de 1939, al cap de 10 mesos de la seva mort, i on va ser enterrat. (Arxiu Comarcal del Bages).<\/span><\/p>\n<p>&nbsp;<\/p>\n<div id=\"jig3\" class=\"justified-image-grid jig-4b1c670c334e6525fa4ccf0d041e5ee2 jig-preset-c2 jig-source-wp-gallery jig-rml-id-11\"><div class=\"jig-clearfix\"><\/div><noscript id=\"jig3-html\" class=\"justified-image-grid-html\" data-lazy-src=\"skiplazyload\" data-src=\"skipunveillazyload\"><ul><li><a href=\"https:\/\/www.memoria.cat\/enric\/wp-content\/uploads\/sites\/160\/2024\/10\/esquela-enric-bosch011.jpg\"><img decoding=\"async\" src=\"https:\/\/www.memoria.cat\/enric\/wp-content\/plugins\/justified-image-grid\/timthumb.php?src=https%3A%2F%2Fwww.memoria.cat%2Fenric%2Fwp-content%2Fuploads%2Fsites%2F160%2F2024%2F10%2Fesquela-enric-bosch011.jpg&amp;h=230&amp;q=90&amp;f=.jpg\" alt=\"\" width=\"161\" height=\"230\" \/><\/a><\/li><\/ul><\/noscript><\/div>\n<p style=\"text-align: center\"><span class=\"text-petit\">Recordatori d\u2019Enric Bosch Tom\u00e0s, fet al cap d\u2019un any de la seva mort. S&#8217;esmenta la data de la seva mort (14\/2\/1939) a l\u2019Hospital Militar de Lleida i el trasllat de les seves restes al Cementiri de Manresa (22\/12\/1939). Al Llibre de Registre del Cementiri, com s\u2019ha vist, consta que el trasllat es va fer l\u2019endem\u00e0.<\/span><\/p>\n<p>&nbsp;<\/p>\n<div id=\"jig4\" class=\"justified-image-grid jig-59a1f019f6a254a151a509d1686cf2df jig-preset-c2 jig-source-wp-gallery jig-rml-id-12\"><div class=\"jig-clearfix\"><\/div><noscript id=\"jig4-html\" class=\"justified-image-grid-html\" data-lazy-src=\"skiplazyload\" data-src=\"skipunveillazyload\"><ul><li><a href=\"https:\/\/www.memoria.cat\/enric\/wp-content\/uploads\/sites\/160\/2024\/10\/a-enric-bosch-scaled.jpg\"><img loading=\"lazy\" decoding=\"async\" src=\"https:\/\/www.memoria.cat\/enric\/wp-content\/plugins\/justified-image-grid\/timthumb.php?src=https%3A%2F%2Fwww.memoria.cat%2Fenric%2Fwp-content%2Fuploads%2Fsites%2F160%2F2024%2F10%2Fa-enric-bosch-scaled.jpg&amp;h=230&amp;q=90&amp;f=.jpg\" alt=\"\" width=\"161\" height=\"230\" \/><\/a><\/li><\/ul><\/noscript><\/div>\n<p style=\"text-align: center\"><span class=\"text-petit\">Certificat erroni del Patronato de la Fundaci\u00f3n de la Santa Cruz del Valle de los Ca\u00eddos, segons el qual les restes d&#8217;Enric Bosch Tom\u00e0s \u2013la ubicaci\u00f3 de les quals precisa amb exactitud- es troben al Valle de los Ca\u00eddos des del 21 de juliol de 1965. Aquells dies va tenir lloc la infausta operaci\u00f3 de trasllat de 502 cossos de la fossa comuna del cementiri de Lleida al Valle de los Ca\u00eddos. El nom d&#8217;Enric Bosch Tom\u00e0s no va ser esborrat de la relaci\u00f3 d&#8217;enterrats a la fossa quan el seu pare va anar a recuperar el cos. Per aquest motiu, consta com a enterrat al Valle de los Ca\u00eddos. (Fundaci\u00f3n de la Santa Cruz del Valle de los Ca\u00eddos).<\/span><\/p>\n<p>&nbsp;<\/p>\n<p>&nbsp;<\/p>\n","protected":false},"excerpt":{"rendered":"<p>&nbsp; Certificat de defunci\u00f3 d&#8217;Enric Bosch Tom\u00e0s. Va morir a Lleida el 14 de febrer de 1939. (Arxiu Municipal de Manresa). &nbsp; Llibre de Registre del Cementiri de Manresa. Hi consta que el cos d&#8217;Enric Bosch Tom\u00e0s va ser traslladat del cementiri de Lleida al de Manresa el 23 de de desembre de 1939, al [&hellip;]<\/p>\n","protected":false},"author":66,"featured_media":0,"parent":0,"menu_order":0,"comment_status":"closed","ping_status":"closed","template":"","meta":{"iawp_total_views":1,"footnotes":""},"class_list":["post-74001","page","type-page","status-publish","hentry"],"_links":{"self":[{"href":"https:\/\/www.memoria.cat\/enric\/wp-json\/wp\/v2\/pages\/74001","targetHints":{"allow":["GET"]}}],"collection":[{"href":"https:\/\/www.memoria.cat\/enric\/wp-json\/wp\/v2\/pages"}],"about":[{"href":"https:\/\/www.memoria.cat\/enric\/wp-json\/wp\/v2\/types\/page"}],"author":[{"embeddable":true,"href":"https:\/\/www.memoria.cat\/enric\/wp-json\/wp\/v2\/users\/66"}],"replies":[{"embeddable":true,"href":"https:\/\/www.memoria.cat\/enric\/wp-json\/wp\/v2\/comments?post=74001"}],"version-history":[{"count":0,"href":"https:\/\/www.memoria.cat\/enric\/wp-json\/wp\/v2\/pages\/74001\/revisions"}],"wp:attachment":[{"href":"https:\/\/www.memoria.cat\/enric\/wp-json\/wp\/v2\/media?parent=74001"}],"curies":[{"name":"wp","href":"https:\/\/api.w.org\/{rel}","templated":true}]}}