{"id":74450,"date":"2025-10-07T16:18:53","date_gmt":"2025-10-07T15:18:53","guid":{"rendered":"https:\/\/www.memoria.cat\/dolors-martinez-montserrat-planas\/?page_id=74450"},"modified":"2025-10-21T16:17:12","modified_gmt":"2025-10-21T15:17:12","slug":"documents-familiars","status":"publish","type":"page","link":"https:\/\/www.memoria.cat\/dolors-martinez-montserrat-planas\/documents-familiars\/","title":{"rendered":"Documents familiars"},"content":{"rendered":"<p style=\"text-align: justify\">En aquest grup de documents familiars hi trobem el carnet del PSUC de la Montserrat, el Llibre de Fam\u00edlia, un salconduit del Pedro per utilitzar durant la Guerra Civil espanyola i un carnet de premsa amb el mateix objectiu. Al final hi ha un passaport del Pedro em\u00e8s al consolat espanyol de Vars\u00f2via.<\/p>\n<div id=\"jig1\" class=\"justified-image-grid jig-18a317ab6d2c36aa28ad27893f8fa7ca jig-preset-c1 jig-source-wp-gallery jig-rml-id-11\"><div class=\"jig-clearfix\"><\/div><noscript id=\"jig1-html\" class=\"justified-image-grid-html\" data-lazy-src=\"skiplazyload\" data-src=\"skipunveillazyload\"><ul><li><a href=\"https:\/\/www.memoria.cat\/dolors-martinez-montserrat-planas\/wp-content\/uploads\/sites\/212\/2025\/10\/CarnetPSUC1-1.jpg\" title=\"Carnet del PSUC de la Montserrat Planas on consta que hi va militar des del 20\/10\/1936. Font: Col\u00b7lecci\u00f3 familiar.\"><img fetchpriority=\"high\" decoding=\"async\" src=\"https:\/\/www.memoria.cat\/dolors-martinez-montserrat-planas\/wp-content\/uploads\/sites\/212\/2025\/10\/CarnetPSUC1-1.jpg\" alt=\"Carnet del PSUC de la Montserrat Planas on consta que hi va militar des del 20\/10\/1936. Font: Col\u00b7lecci\u00f3 familiar.\" width=\"465\" height=\"230\" \/><\/a><p class=\"jig-HTMLdescription\">Carnet del PSUC de la Montserrat Planas on consta que hi va militar des del 20\/10\/1936. Font: Col\u00b7lecci\u00f3 familiar.<\/p><\/li><li><a href=\"https:\/\/www.memoria.cat\/dolors-martinez-montserrat-planas\/wp-content\/uploads\/sites\/212\/2025\/10\/Llibrefam__lia1EnricMontse.jpg\" title=\"P\u00e0gines del Llibre de Fam\u00edlia on es documenta el matrimoni entre l&#039;Enric Castell\u00e0 i la Montserrat Planas. Al segell hi veiem la validaci\u00f3 feta l&#039;any 1967. Font: Col\u00b7lecci\u00f3 familiar.\"><img decoding=\"async\" src=\"https:\/\/www.memoria.cat\/dolors-martinez-montserrat-planas\/wp-content\/uploads\/sites\/212\/2025\/10\/Llibrefam__lia1EnricMontse.jpg\" alt=\"P\u00e0gines del Llibre de Fam\u00edlia on es documenta el matrimoni entre l&#039;Enric Castell\u00e0 i la Montserrat Planas. Al segell hi veiem la validaci\u00f3 feta l&#039;any 1967. Font: Col\u00b7lecci\u00f3 familiar.\" width=\"331\" height=\"230\" \/><\/a><p class=\"jig-HTMLdescription\">P\u00e0gines del Llibre de Fam\u00edlia on es documenta el matrimoni entre l'Enric Castell\u00e0 i la Montserrat Planas. Al segell hi veiem la validaci\u00f3 feta l'any 1967. Font: Col\u00b7lecci\u00f3 familiar.<\/p><\/li><li><a href=\"https:\/\/www.memoria.cat\/dolors-martinez-montserrat-planas\/wp-content\/uploads\/sites\/212\/2025\/10\/Fills-1.jpg\" title=\"P\u00e0gines del Llibre de Fam\u00edlia on es documenta el naixement dels dos fills de la Montserrat. Eliseu Castell\u00e0 nascut el 14\/06\/1932 i la Dolors Mart\u00ednez el 10\/07\/1945. Font: Col\u00b7lecci\u00f3 familiar.\"><img decoding=\"async\" src=\"https:\/\/www.memoria.cat\/dolors-martinez-montserrat-planas\/wp-content\/uploads\/sites\/212\/2025\/10\/Fills-1.jpg\" alt=\"P\u00e0gines del Llibre de Fam\u00edlia on es documenta el naixement dels dos fills de la Montserrat. Eliseu Castell\u00e0 nascut el 14\/06\/1932 i la Dolors Mart\u00ednez el 10\/07\/1945. Font: Col\u00b7lecci\u00f3 familiar.\" width=\"322\" height=\"230\" \/><\/a><p class=\"jig-HTMLdescription\">P\u00e0gines del Llibre de Fam\u00edlia on es documenta el naixement dels dos fills de la Montserrat. Eliseu Castell\u00e0 nascut el 14\/06\/1932 i la Dolors Mart\u00ednez el 10\/07\/1945. Font: Col\u00b7lecci\u00f3 familiar.<\/p><\/li><li><a href=\"https:\/\/www.memoria.cat\/dolors-martinez-montserrat-planas\/wp-content\/uploads\/sites\/212\/2025\/10\/LlibreFam__lia2PedroMontse-Def-Enric.jpg\" title=\"P\u00e0gines del Llibre de Fam\u00edlia on es documenta a la de l&#039;esquerra la defunci\u00f3 de l&#039;Enric Castell\u00e0 el 27\/03\/1944 i a la de la dreta el matrimoni entre el Pedro Mart\u00ednez i la Montserrat Planas el 09\/12\/1951. Font Col\u00b7lecci\u00f3 familiar.\"><img loading=\"lazy\" decoding=\"async\" src=\"https:\/\/www.memoria.cat\/dolors-martinez-montserrat-planas\/wp-content\/uploads\/sites\/212\/2025\/10\/LlibreFam__lia2PedroMontse-Def-Enric.jpg\" alt=\"P\u00e0gines del Llibre de Fam\u00edlia on es documenta a la de l&#039;esquerra la defunci\u00f3 de l&#039;Enric Castell\u00e0 el 27\/03\/1944 i a la de la dreta el matrimoni entre el Pedro Mart\u00ednez i la Montserrat Planas el 09\/12\/1951. Font Col\u00b7lecci\u00f3 familiar.\" width=\"324\" height=\"230\" \/><\/a><p class=\"jig-HTMLdescription\">P\u00e0gines del Llibre de Fam\u00edlia on es documenta a la de l'esquerra la defunci\u00f3 de l'Enric Castell\u00e0 el 27\/03\/1944 i a la de la dreta el matrimoni entre el Pedro Mart\u00ednez i la Montserrat Planas el 09\/12\/1951. Font Col\u00b7lecci\u00f3 familiar.<\/p><\/li><li><a href=\"https:\/\/www.memoria.cat\/dolors-martinez-montserrat-planas\/wp-content\/uploads\/sites\/212\/2025\/10\/Llibrefam__lia3DelPedro.jpg\" title=\"P\u00e0gina del Llibre de Fam\u00edlia on es documenta la defunci\u00f3 del Pedro Mart\u00ednez  a Simfer\u00f2pol el 10\/02\/1952. Font: Col\u00b7lecci\u00f3 familiar.\"><img loading=\"lazy\" decoding=\"async\" src=\"https:\/\/www.memoria.cat\/dolors-martinez-montserrat-planas\/wp-content\/uploads\/sites\/212\/2025\/10\/Llibrefam__lia3DelPedro.jpg\" alt=\"P\u00e0gina del Llibre de Fam\u00edlia on es documenta la defunci\u00f3 del Pedro Mart\u00ednez  a Simfer\u00f2pol el 10\/02\/1952. Font: Col\u00b7lecci\u00f3 familiar.\" width=\"330\" height=\"230\" \/><\/a><p class=\"jig-HTMLdescription\">P\u00e0gina del Llibre de Fam\u00edlia on es documenta la defunci\u00f3 del Pedro Mart\u00ednez  a Simfer\u00f2pol el 10\/02\/1952. Font: Col\u00b7lecci\u00f3 familiar.<\/p><\/li><li><a href=\"https:\/\/www.memoria.cat\/dolors-martinez-montserrat-planas\/wp-content\/uploads\/sites\/212\/2025\/10\/CertDefE.Castell__1.jpg\" title=\"Certificat de defunci\u00f3 de l&#039;Enric Castell\u00e0, primer marit de la Montserrat Planas a Toulouse (Fran\u00e7a) el 23\/03\/1944. Font: Col\u00b7lecci\u00f3 familiar.\"><img loading=\"lazy\" decoding=\"async\" src=\"https:\/\/www.memoria.cat\/dolors-martinez-montserrat-planas\/wp-content\/uploads\/sites\/212\/2025\/10\/CertDefE.Castell__1.jpg\" alt=\"Certificat de defunci\u00f3 de l&#039;Enric Castell\u00e0, primer marit de la Montserrat Planas a Toulouse (Fran\u00e7a) el 23\/03\/1944. Font: Col\u00b7lecci\u00f3 familiar.\" width=\"169\" height=\"230\" \/><\/a><p class=\"jig-HTMLdescription\">Certificat de defunci\u00f3 de l'Enric Castell\u00e0, primer marit de la Montserrat Planas a Toulouse (Fran\u00e7a) el 23\/03\/1944. Font: Col\u00b7lecci\u00f3 familiar.<\/p><\/li><li><a href=\"https:\/\/www.memoria.cat\/dolors-martinez-montserrat-planas\/wp-content\/uploads\/sites\/212\/2025\/10\/SalconduitPedro2-1.jpg\" title=\"Carnet del Pedro Mart\u00ednez com a redactor de la publicaci\u00f3 UNIOS. Ja\u00e9n, 24\/05\/1936. Font: Col\u00b7lecci\u00f3 familiar.\"><img loading=\"lazy\" decoding=\"async\" src=\"https:\/\/www.memoria.cat\/dolors-martinez-montserrat-planas\/wp-content\/uploads\/sites\/212\/2025\/10\/SalconduitPedro2-1.jpg\" alt=\"Carnet del Pedro Mart\u00ednez com a redactor de la publicaci\u00f3 UNIOS. Ja\u00e9n, 24\/05\/1936. Font: Col\u00b7lecci\u00f3 familiar.\" width=\"310\" height=\"230\" \/><\/a><p class=\"jig-HTMLdescription\">Carnet del Pedro Mart\u00ednez com a redactor de la publicaci\u00f3 UNIOS. Ja\u00e9n, 24\/05\/1936. Font: Col\u00b7lecci\u00f3 familiar.<\/p><\/li><li><a href=\"https:\/\/www.memoria.cat\/dolors-martinez-montserrat-planas\/wp-content\/uploads\/sites\/212\/2025\/10\/Salconduit-Pedro1-1.jpg\" title=\"Salconduit del Pedro Mart\u00ednez com a membre del &quot;Comit\u00e9 Central del Partido Comunista de Espa\u00f1a&quot;. 09\/03\/1937. Font: Col\u00b7lecci\u00f3 familiar.\"><img loading=\"lazy\" decoding=\"async\" src=\"https:\/\/www.memoria.cat\/dolors-martinez-montserrat-planas\/wp-content\/uploads\/sites\/212\/2025\/10\/Salconduit-Pedro1-1.jpg\" alt=\"Salconduit del Pedro Mart\u00ednez com a membre del &quot;Comit\u00e9 Central del Partido Comunista de Espa\u00f1a&quot;. 09\/03\/1937. Font: Col\u00b7lecci\u00f3 familiar.\" width=\"313\" height=\"230\" \/><\/a><p class=\"jig-HTMLdescription\">Salconduit del Pedro Mart\u00ednez com a membre del \"Comit\u00e9 Central del Partido Comunista de Espa\u00f1a\". 09\/03\/1937. Font: Col\u00b7lecci\u00f3 familiar.<\/p><\/li><li><a href=\"https:\/\/www.memoria.cat\/dolors-martinez-montserrat-planas\/wp-content\/uploads\/sites\/212\/2025\/10\/Passaport1-1.jpg\" title=\"Portada del passaport polon\u00e8s del Pedro Mart\u00ednez, em\u00e8s a Vars\u00f2via l&#039;any 1936. Font: Col\u00b7lecci\u00f3 familiar.\"><img loading=\"lazy\" decoding=\"async\" src=\"https:\/\/www.memoria.cat\/dolors-martinez-montserrat-planas\/wp-content\/uploads\/sites\/212\/2025\/10\/Passaport1-1.jpg\" alt=\"Portada del passaport polon\u00e8s del Pedro Mart\u00ednez, em\u00e8s a Vars\u00f2via l&#039;any 1936. Font: Col\u00b7lecci\u00f3 familiar.\" width=\"291\" height=\"230\" \/><\/a><p class=\"jig-HTMLdescription\">Portada del passaport polon\u00e8s del Pedro Mart\u00ednez, em\u00e8s a Vars\u00f2via l'any 1936. Font: Col\u00b7lecci\u00f3 familiar.<\/p><\/li><li><a href=\"https:\/\/www.memoria.cat\/dolors-martinez-montserrat-planas\/wp-content\/uploads\/sites\/212\/2025\/10\/PassaportPedro2-1.jpg\" title=\"Primera p\u00e0gina del passaport polon\u00e8s del Pedro Mart\u00ednez, em\u00e8s a Vars\u00f2via l&#039;any 1936. Font: Col\u00b7lecci\u00f3 familiar.\"><img loading=\"lazy\" decoding=\"async\" src=\"https:\/\/www.memoria.cat\/dolors-martinez-montserrat-planas\/wp-content\/uploads\/sites\/212\/2025\/10\/PassaportPedro2-1.jpg\" alt=\"Primera p\u00e0gina del passaport polon\u00e8s del Pedro Mart\u00ednez, em\u00e8s a Vars\u00f2via l&#039;any 1936. Font: Col\u00b7lecci\u00f3 familiar.\" width=\"297\" height=\"230\" \/><\/a><p class=\"jig-HTMLdescription\">Primera p\u00e0gina del passaport polon\u00e8s del Pedro Mart\u00ednez, em\u00e8s a Vars\u00f2via l'any 1936. Font: Col\u00b7lecci\u00f3 familiar.<\/p><\/li><li><a href=\"https:\/\/www.memoria.cat\/dolors-martinez-montserrat-planas\/wp-content\/uploads\/sites\/212\/2025\/10\/Passaport4-1.jpg\" title=\"Segona p\u00e0gina del passaport polon\u00e8s del Pedro Mart\u00ednez, em\u00e8s a Vars\u00f2via l&#039;any 1936. Font: Col\u00b7lecci\u00f3 familiar.\"><img loading=\"lazy\" decoding=\"async\" src=\"https:\/\/www.memoria.cat\/dolors-martinez-montserrat-planas\/wp-content\/uploads\/sites\/212\/2025\/10\/Passaport4-1.jpg\" alt=\"Segona p\u00e0gina del passaport polon\u00e8s del Pedro Mart\u00ednez, em\u00e8s a Vars\u00f2via l&#039;any 1936. Font: Col\u00b7lecci\u00f3 familiar.\" width=\"297\" height=\"230\" \/><\/a><p class=\"jig-HTMLdescription\">Segona p\u00e0gina del passaport polon\u00e8s del Pedro Mart\u00ednez, em\u00e8s a Vars\u00f2via l'any 1936. Font: Col\u00b7lecci\u00f3 familiar.<\/p><\/li><li><a href=\"https:\/\/www.memoria.cat\/dolors-martinez-montserrat-planas\/wp-content\/uploads\/sites\/212\/2025\/10\/PassaportPedro3-1.jpg\" title=\"Darrera p\u00e0gina del passaport polon\u00e8s del Pedro Mart\u00ednez, em\u00e8s a Vars\u00f2via l&#039;any 1936. Font: Col\u00b7lecci\u00f3 familiar.\"><img loading=\"lazy\" decoding=\"async\" src=\"https:\/\/www.memoria.cat\/dolors-martinez-montserrat-planas\/wp-content\/uploads\/sites\/212\/2025\/10\/PassaportPedro3-1.jpg\" alt=\"Darrera p\u00e0gina del passaport polon\u00e8s del Pedro Mart\u00ednez, em\u00e8s a Vars\u00f2via l&#039;any 1936. Font: Col\u00b7lecci\u00f3 familiar.\" width=\"294\" height=\"230\" \/><\/a><p class=\"jig-HTMLdescription\">Darrera p\u00e0gina del passaport polon\u00e8s del Pedro Mart\u00ednez, em\u00e8s a Vars\u00f2via l'any 1936. Font: Col\u00b7lecci\u00f3 familiar.<\/p><\/li><\/ul><\/noscript><\/div>\n","protected":false},"excerpt":{"rendered":"<p>En aquest grup de documents familiars hi trobem el carnet del PSUC de la Montserrat, el Llibre de Fam\u00edlia, un salconduit del Pedro per utilitzar durant la Guerra Civil espanyola i un carnet de premsa amb el mateix objectiu. Al final hi ha un passaport del Pedro em\u00e8s al consolat espanyol de Vars\u00f2via.<\/p>\n","protected":false},"author":71,"featured_media":0,"parent":0,"menu_order":0,"comment_status":"closed","ping_status":"closed","template":"","meta":{"iawp_total_views":7,"footnotes":""},"class_list":["post-74450","page","type-page","status-publish","hentry"],"_links":{"self":[{"href":"https:\/\/www.memoria.cat\/dolors-martinez-montserrat-planas\/wp-json\/wp\/v2\/pages\/74450","targetHints":{"allow":["GET"]}}],"collection":[{"href":"https:\/\/www.memoria.cat\/dolors-martinez-montserrat-planas\/wp-json\/wp\/v2\/pages"}],"about":[{"href":"https:\/\/www.memoria.cat\/dolors-martinez-montserrat-planas\/wp-json\/wp\/v2\/types\/page"}],"author":[{"embeddable":true,"href":"https:\/\/www.memoria.cat\/dolors-martinez-montserrat-planas\/wp-json\/wp\/v2\/users\/71"}],"replies":[{"embeddable":true,"href":"https:\/\/www.memoria.cat\/dolors-martinez-montserrat-planas\/wp-json\/wp\/v2\/comments?post=74450"}],"version-history":[{"count":13,"href":"https:\/\/www.memoria.cat\/dolors-martinez-montserrat-planas\/wp-json\/wp\/v2\/pages\/74450\/revisions"}],"predecessor-version":[{"id":74729,"href":"https:\/\/www.memoria.cat\/dolors-martinez-montserrat-planas\/wp-json\/wp\/v2\/pages\/74450\/revisions\/74729"}],"wp:attachment":[{"href":"https:\/\/www.memoria.cat\/dolors-martinez-montserrat-planas\/wp-json\/wp\/v2\/media?parent=74450"}],"curies":[{"name":"wp","href":"https:\/\/api.w.org\/{rel}","templated":true}]}}