{"id":74376,"date":"2025-10-02T17:48:33","date_gmt":"2025-10-02T16:48:33","guid":{"rendered":"https:\/\/www.memoria.cat\/dolors-martinez-montserrat-planas\/?page_id=74376"},"modified":"2025-10-24T22:21:46","modified_gmt":"2025-10-24T21:21:46","slug":"les-amistats-de-lurss","status":"publish","type":"page","link":"https:\/\/www.memoria.cat\/dolors-martinez-montserrat-planas\/les-amistats-de-lurss\/","title":{"rendered":"Les amistats de l&#8217;URSS"},"content":{"rendered":"<p>Durant una colla d\u2019anys, la Montserrat i la Dolors van mantenir el contacte, tant per carta, com per diverses visites que van rebre, amb persones del seu passat a l\u2019URSS. Ella recorda la relaci\u00f3 intensa amb el matrimoni format per Pura Gonz\u00e1lez Ib\u00e1\u00f1ez (Val\u00e8ncia, 1914), activista del moviment feminista a Barcelona, i Juli\u00e1n De La Rosa Zamorano (Madrid, 1917), tots dos membres del PCE i els seus fills, Juli\u00e1n i Jordi De La Rosa Gonz\u00e1lez. Es van repatriar tots. Tamb\u00e9 amb Rosa Maria Arcelus, nascuda l\u2019any 1943 i que va tornar a Espanya el 1956. Era filla d\u2019un instructor del M.O.P.R. I, finalment, amb la Carmen Rivas Salas, Girona, 1900, que vivia a Matar\u00f3 i t\u00e9 un fill vivint a Mallorca.<\/p>\n<p>La Dolors no ha sentit mai la necessitat de viatjar fins a l\u2019URRS com ho va fer la seva mare, per\u00f2 s\u00ed que vol transmetre als seus fills i, sobretot, als nets la seva hist\u00f2ria, una hist\u00f2ria de l\u2019exili i tamb\u00e9 del retorn.<\/p>\n<figure id=\"attachment_74812\" aria-describedby=\"caption-attachment-74812\" style=\"width: 510px\" class=\"wp-caption aligncenter\"><img fetchpriority=\"high\" decoding=\"async\" class=\" wp-image-74812\" src=\"https:\/\/www.memoria.cat\/dolors-martinez-montserrat-planas\/wp-content\/uploads\/sites\/212\/2025\/10\/Postal-del-ballet-Bolchoi1-768x504-1-300x197.jpg\" alt=\"\" width=\"510\" height=\"335\" srcset=\"https:\/\/www.memoria.cat\/dolors-martinez-montserrat-planas\/wp-content\/uploads\/sites\/212\/2025\/10\/Postal-del-ballet-Bolchoi1-768x504-1-300x197.jpg 300w, https:\/\/www.memoria.cat\/dolors-martinez-montserrat-planas\/wp-content\/uploads\/sites\/212\/2025\/10\/Postal-del-ballet-Bolchoi1-768x504-1.jpg 768w\" sizes=\"(max-width: 510px) 100vw, 510px\" \/><figcaption id=\"caption-attachment-74812\" class=\"wp-caption-text\">Postal enviada per una amiga a la Dolors des de l&#8217;URSS l&#8217;any 1960. La imatge \u00e9s del Ballet Bolschoi. Font: Col\u00b7lecci\u00f3 familiar.<\/figcaption><\/figure>\n<figure id=\"attachment_74814\" aria-describedby=\"caption-attachment-74814\" style=\"width: 508px\" class=\"wp-caption aligncenter\"><img decoding=\"async\" class=\" wp-image-74814\" src=\"https:\/\/www.memoria.cat\/dolors-martinez-montserrat-planas\/wp-content\/uploads\/sites\/212\/2025\/10\/Contingut-Postal-ballet-Bolschoi-768x535b-300x209.jpg\" alt=\"\" width=\"508\" height=\"354\" srcset=\"https:\/\/www.memoria.cat\/dolors-martinez-montserrat-planas\/wp-content\/uploads\/sites\/212\/2025\/10\/Contingut-Postal-ballet-Bolschoi-768x535b-300x209.jpg 300w, https:\/\/www.memoria.cat\/dolors-martinez-montserrat-planas\/wp-content\/uploads\/sites\/212\/2025\/10\/Contingut-Postal-ballet-Bolschoi-768x535b.jpg 768w\" sizes=\"(max-width: 508px) 100vw, 508px\" \/><figcaption id=\"caption-attachment-74814\" class=\"wp-caption-text\">Contingut de la postal del Ballet Bolschoi. 18\/03\/1960. Font: Col\u00b7lecci\u00f3 familiar.<\/figcaption><\/figure>\n","protected":false},"excerpt":{"rendered":"<p>Durant una colla d\u2019anys, la Montserrat i la Dolors van mantenir el contacte, tant per carta, com per diverses visites que van rebre, amb persones del seu passat a l\u2019URSS. Ella recorda la relaci\u00f3 intensa amb el matrimoni format per Pura Gonz\u00e1lez Ib\u00e1\u00f1ez (Val\u00e8ncia, 1914), activista del moviment feminista a Barcelona, i Juli\u00e1n De La [&hellip;]<\/p>\n","protected":false},"author":71,"featured_media":0,"parent":0,"menu_order":0,"comment_status":"closed","ping_status":"closed","template":"","meta":{"iawp_total_views":3,"footnotes":""},"class_list":["post-74376","page","type-page","status-publish","hentry"],"_links":{"self":[{"href":"https:\/\/www.memoria.cat\/dolors-martinez-montserrat-planas\/wp-json\/wp\/v2\/pages\/74376","targetHints":{"allow":["GET"]}}],"collection":[{"href":"https:\/\/www.memoria.cat\/dolors-martinez-montserrat-planas\/wp-json\/wp\/v2\/pages"}],"about":[{"href":"https:\/\/www.memoria.cat\/dolors-martinez-montserrat-planas\/wp-json\/wp\/v2\/types\/page"}],"author":[{"embeddable":true,"href":"https:\/\/www.memoria.cat\/dolors-martinez-montserrat-planas\/wp-json\/wp\/v2\/users\/71"}],"replies":[{"embeddable":true,"href":"https:\/\/www.memoria.cat\/dolors-martinez-montserrat-planas\/wp-json\/wp\/v2\/comments?post=74376"}],"version-history":[{"count":11,"href":"https:\/\/www.memoria.cat\/dolors-martinez-montserrat-planas\/wp-json\/wp\/v2\/pages\/74376\/revisions"}],"predecessor-version":[{"id":74815,"href":"https:\/\/www.memoria.cat\/dolors-martinez-montserrat-planas\/wp-json\/wp\/v2\/pages\/74376\/revisions\/74815"}],"wp:attachment":[{"href":"https:\/\/www.memoria.cat\/dolors-martinez-montserrat-planas\/wp-json\/wp\/v2\/media?parent=74376"}],"curies":[{"name":"wp","href":"https:\/\/api.w.org\/{rel}","templated":true}]}}