{"id":74232,"date":"2025-09-17T17:19:46","date_gmt":"2025-09-17T16:19:46","guid":{"rendered":"https:\/\/www.memoria.cat\/dolors-martinez-montserrat-planas\/?page_id=74232"},"modified":"2025-12-06T20:05:16","modified_gmt":"2025-12-06T19:05:16","slug":"credits","status":"publish","type":"page","link":"https:\/\/www.memoria.cat\/dolors-martinez-montserrat-planas\/credits\/","title":{"rendered":"CR\u00c8DITS"},"content":{"rendered":"<p><strong>Autor<\/strong>: Jaume Esquius Jofr\u00e9<\/p>\n<p><strong>Maquetaci\u00f3 del web<\/strong>: Jordi Griera i Jaume Esquius Jofr\u00e9<\/p>\n<p><strong>Disseny del web<\/strong>: Arnau Aloy Oliv\u00e9 \u00a0\u00a0<strong>Cap\u00e7alera<\/strong>: Carla M\u00e9ndez<\/p>\n<p><strong>Correcci\u00f3<\/strong>: Neus Montserrat Golsa<\/p>\n<p><strong>Digitalitzaci\u00f3<\/strong>: Jaume Esquius Jofr\u00e9<\/p>\n<p><strong>Entrevista a Dolors Mart\u00ednez Planas<\/strong><strong><br \/>\n<\/strong>Preguntes: Jaume Esquius Jofr\u00e9<br \/>\nGravaci\u00f3 i edici\u00f3: Joan Griera<\/p>\n<p><strong>Fotografia de la cap\u00e7alera<\/strong>: Bitllet del vaixell Krim, trajecte d\u2019Odessa a Castell\u00f3 de La Plana, 1957. Fotografia de la Montserrat Planas i la Dolors Mart\u00ednez. Font: Col\u00b7lecci\u00f3 familiar.<\/p>\n<p><strong>Proced\u00e8ncia dels documents i imatges<\/strong>:<\/p>\n<ul>\n<li>Col\u00b7lecci\u00f3 Familiar de Dolors Mart\u00ednez Planas<\/li>\n<li>Diari UGT de Manresa (01-05-1938)<\/li>\n<li>Web <a href=\"https:\/\/www.memoria.cat\">memoria.cat<\/a><\/li>\n<li>Diari Regi\u00f37 (23-06-1981)<\/li>\n<li><a href=\"https:\/\/ca.wikipedia.org\/wiki\/Operaci%C3%B3_Barba-roja\">https:\/\/ca.wikipedia.org\/wiki\/Operaci%C3%B3_Barba-roja<\/a><\/li>\n<li><a href=\"https:\/\/www.rutas10.com\/archivos\/201606\/ferghana3.jpg\">https:\/\/www.rutas10.com\/archivos\/201606\/ferghana3.jpg<\/a><\/li>\n<li><a href=\"https:\/\/www.freepik.es\/search?format=search&amp;last_filter=selection&amp;last_value=1&amp;query=Odessa&amp;selection=1\">https:\/\/www.freepik.es\/search?format=search&amp;last_filter=selection&amp;last_value=1&amp;query=Odessa&amp;selection=1<\/a><\/li>\n<li><a href=\"https:\/\/es.wikipedia.org\/wiki\/Marsella\">https:\/\/es.wikipedia.org\/wiki\/Marsella<\/a><\/li>\n<li><a href=\"https:\/\/www.lavanguardia.com\/ocio\/viajes\/20211115\/7857144\/argelers-francia-memorial-camp-exilio-republicano.html\">https:\/\/www.lavanguardia.com\/ocio\/viajes\/20211115\/7857144\/argelers-francia-memorial-camp-exilio-republicano.html<\/a><\/li>\n<li><a href=\"https:\/\/ca.wikipedia.org\/wiki\/Fitxer:Vista_de_Alicante,_Espa%C3%B1a,_2014-07-04,_DD_49.JPG\">https:\/\/ca.wikipedia.org\/wiki\/Fitxer:Vista_de_Alicante,_Espa%C3%B1a,_2014-07-04,_DD_49.JPG<\/a><\/li>\n<\/ul>\n<p>&nbsp;<\/p>\n<p><strong>Agra\u00efments<\/strong>:<\/p>\n<p>En primer lloc a la Dolors Mart\u00ednez per la seva paci\u00e8ncia, disponibilitat i amabilitat.<\/p>\n<p>A la Marta Ter Ferrer ja que sense els seus coneixements de l\u2019URSS i de l\u2019idioma rus m\u2019hagu\u00e9s estat impossible entendre gran part de la documentaci\u00f3 i les fotografies que surten en aquest treball.<\/p>\n<p>Carme Botifoll, Associaci\u00f3 Mem\u00f2ria i Hist\u00f2ria de Manresa.<\/p>\n<p>Rosa L\u00f3bez, Associaci\u00f3 Mem\u00f2ria i Hist\u00f2ria de Manresa.<\/p>\n<p>Neus Montserrat Golsa, Associaci\u00f3 Mem\u00f2ria i Hist\u00f2ria de Manresa.<\/p>\n<p>Jordi Griera-Cors, Associaci\u00f3 Mem\u00f2ria i Hist\u00f2ria de Manresa.<\/p>\n<p>Conxita Parcerisas, Associaci\u00f3 Mem\u00f2ria i Hist\u00f2ria de Manresa.<\/p>\n<p>Jordi Pons, Associaci\u00f3 Mem\u00f2ria i Hist\u00f2ria de Manresa.<\/p>\n<p>Salvador Red\u00f3, Associaci\u00f3 Mem\u00f2ria i Hist\u00f2ria de Manresa.<\/p>\n<p>Joaquim Aloy, Associaci\u00f3 Mem\u00f2ria i Hist\u00f2ria de Manresa<\/p>\n<p>&nbsp;<\/p>\n<p>Manresa, novembre del 2025<\/p>\n","protected":false},"excerpt":{"rendered":"<p>Autor: Jaume Esquius Jofr\u00e9 Maquetaci\u00f3 del web: Jordi Griera i Jaume Esquius Jofr\u00e9 Disseny del web: Arnau Aloy Oliv\u00e9 \u00a0\u00a0Cap\u00e7alera: Carla M\u00e9ndez Correcci\u00f3: Neus Montserrat Golsa Digitalitzaci\u00f3: Jaume Esquius Jofr\u00e9 Entrevista a Dolors Mart\u00ednez Planas Preguntes: Jaume Esquius Jofr\u00e9 Gravaci\u00f3 i edici\u00f3: Joan Griera Fotografia de la cap\u00e7alera: Bitllet del vaixell Krim, trajecte d\u2019Odessa a [&hellip;]<\/p>\n","protected":false},"author":71,"featured_media":0,"parent":0,"menu_order":0,"comment_status":"closed","ping_status":"closed","template":"","meta":{"iawp_total_views":3,"footnotes":""},"class_list":["post-74232","page","type-page","status-publish","hentry"],"_links":{"self":[{"href":"https:\/\/www.memoria.cat\/dolors-martinez-montserrat-planas\/wp-json\/wp\/v2\/pages\/74232","targetHints":{"allow":["GET"]}}],"collection":[{"href":"https:\/\/www.memoria.cat\/dolors-martinez-montserrat-planas\/wp-json\/wp\/v2\/pages"}],"about":[{"href":"https:\/\/www.memoria.cat\/dolors-martinez-montserrat-planas\/wp-json\/wp\/v2\/types\/page"}],"author":[{"embeddable":true,"href":"https:\/\/www.memoria.cat\/dolors-martinez-montserrat-planas\/wp-json\/wp\/v2\/users\/71"}],"replies":[{"embeddable":true,"href":"https:\/\/www.memoria.cat\/dolors-martinez-montserrat-planas\/wp-json\/wp\/v2\/comments?post=74232"}],"version-history":[{"count":5,"href":"https:\/\/www.memoria.cat\/dolors-martinez-montserrat-planas\/wp-json\/wp\/v2\/pages\/74232\/revisions"}],"predecessor-version":[{"id":74867,"href":"https:\/\/www.memoria.cat\/dolors-martinez-montserrat-planas\/wp-json\/wp\/v2\/pages\/74232\/revisions\/74867"}],"wp:attachment":[{"href":"https:\/\/www.memoria.cat\/dolors-martinez-montserrat-planas\/wp-json\/wp\/v2\/media?parent=74232"}],"curies":[{"name":"wp","href":"https:\/\/api.w.org\/{rel}","templated":true}]}}