{"id":74357,"date":"2024-11-14T16:28:05","date_gmt":"2024-11-14T15:28:05","guid":{"rendered":"https:\/\/www.memoria.cat\/detencions1975\/?page_id=74357"},"modified":"2024-11-18T16:35:10","modified_gmt":"2024-11-18T15:35:10","slug":"recull-de-premsa-posterior","status":"publish","type":"page","link":"https:\/\/www.memoria.cat\/detencions1975\/recull-de-premsa-posterior\/","title":{"rendered":"Recull de premsa posterior"},"content":{"rendered":"<p>&nbsp;<\/p>\n<div id=\"jig1\" class=\"justified-image-grid jig-e7c9566cf9f51dd16bc04af45beee087 jig-preset-c2 jig-source-wp-gallery jig-rml-id-139\"><div class=\"jig-clearfix\"><\/div><noscript id=\"jig1-html\" class=\"justified-image-grid-html\" data-lazy-src=\"skiplazyload\" data-src=\"skipunveillazyload\"><ul><li><a href=\"https:\/\/www.memoria.cat\/detencions1975\/wp-content\/uploads\/sites\/211\/2025\/07\/26Gener80.jpg\" title=\"26Gener80\"><img decoding=\"async\" src=\"https:\/\/www.memoria.cat\/detencions1975\/wp-content\/plugins\/justified-image-grid\/timthumb.php?src=https%3A%2F%2Fwww.memoria.cat%2Fdetencions1975%2Fwp-content%2Fuploads%2Fsites%2F211%2F2025%2F07%2F26Gener80.jpg&amp;h=230&amp;q=90&amp;f=.jpg\" alt=\"26Gener80\" width=\"155\" height=\"230\" \/><\/a><p class=\"jig-HTMLdescription\">26Gener80<\/p><\/li><\/ul><\/noscript><\/div>\n<p><span class=\"text-petit\">26-1-1980: \u201cEl PSUC recupera la hist\u00f2ria de la lluita antifranquista\u201d. Not\u00edcia difosa pel diari Regi\u00f37 que informa sobre la recuperaci\u00f3 del material clandest\u00ed publicat pel PSUC durant el franquisme. (Arxiu Comarcal del Bages).<\/span><\/p>\n<p>&nbsp;<\/p>\n<div id=\"jig2\" class=\"justified-image-grid jig-44a096fe346dd3fa42b610eabfb6f3fd jig-preset-c2 jig-source-wp-gallery jig-rml-id-140\"><div class=\"jig-clearfix\"><\/div><noscript id=\"jig2-html\" class=\"justified-image-grid-html\" data-lazy-src=\"skiplazyload\" data-src=\"skipunveillazyload\"><ul><li><a href=\"https:\/\/www.memoria.cat\/detencions1975\/wp-content\/uploads\/sites\/211\/2025\/07\/31Genrer80.jpg\" title=\"31Genrer80\"><img decoding=\"async\" src=\"https:\/\/www.memoria.cat\/detencions1975\/wp-content\/plugins\/justified-image-grid\/timthumb.php?src=https%3A%2F%2Fwww.memoria.cat%2Fdetencions1975%2Fwp-content%2Fuploads%2Fsites%2F211%2F2025%2F07%2F31Genrer80.jpg&amp;h=230&amp;q=90&amp;f=.jpg\" alt=\"31Genrer80\" width=\"155\" height=\"230\" \/><\/a><p class=\"jig-HTMLdescription\">31Genrer80<\/p><\/li><\/ul><\/noscript><\/div>\n<p><span class=\"text-petit\">31-1-1980: \u201cEl PSUC fa les darreres gestions legals\u201d. Not\u00edcia del diari Regi\u00f37, que completa la informaci\u00f3 anterior. En aquest cas, es notifica la intenci\u00f3 del PSUC de dur a terme les gestions legals pertinents per assegurar-se la possessi\u00f3 del material publicat. (Arxiu Comarcal del Bages).<\/span><\/p>\n<p>&nbsp;<\/p>\n<div id=\"jig3\" class=\"justified-image-grid jig-12412d7fd58a2ab633b112411d623a0c jig-preset-c2 jig-source-wp-gallery jig-rml-id-136\"><div class=\"jig-clearfix\"><\/div><noscript id=\"jig3-html\" class=\"justified-image-grid-html\" data-lazy-src=\"skiplazyload\" data-src=\"skipunveillazyload\"><ul><li><a href=\"https:\/\/www.memoria.cat\/detencions1975\/wp-content\/uploads\/sites\/211\/2025\/07\/10Octubre1985.jpg\" title=\"10Octubre1985\"><img decoding=\"async\" src=\"https:\/\/www.memoria.cat\/detencions1975\/wp-content\/plugins\/justified-image-grid\/timthumb.php?src=https%3A%2F%2Fwww.memoria.cat%2Fdetencions1975%2Fwp-content%2Fuploads%2Fsites%2F211%2F2025%2F07%2F10Octubre1985.jpg&amp;h=230&amp;q=90&amp;f=.jpg\" alt=\"10Octubre1985\" width=\"155\" height=\"230\" \/><\/a><p class=\"jig-HTMLdescription\">10Octubre1985<\/p><\/li><li><a href=\"https:\/\/www.memoria.cat\/detencions1975\/wp-content\/uploads\/sites\/211\/2025\/07\/10Octubre1981.jpg\" title=\"10Octubre1981\"><img loading=\"lazy\" decoding=\"async\" src=\"https:\/\/www.memoria.cat\/detencions1975\/wp-content\/plugins\/justified-image-grid\/timthumb.php?src=https%3A%2F%2Fwww.memoria.cat%2Fdetencions1975%2Fwp-content%2Fuploads%2Fsites%2F211%2F2025%2F07%2F10Octubre1981.jpg&amp;h=230&amp;q=90&amp;f=.jpg\" alt=\"10Octubre1981\" width=\"290\" height=\"230\" \/><\/a><p class=\"jig-HTMLdescription\">10Octubre1981<\/p><\/li><\/ul><\/noscript><\/div>\n<p><span class=\"text-petit\">10-10-1985: \u201cFa deu anys de l\u2019enxampada de l\u00edders sindicals i del PSUC\u201d. Not\u00edcia apareguda al diari Regi\u00f37 que relata breument les detencions de membres del PSUC i CCOO de l\u2019octubre de 1975. (Arxiu Comarcal del Bages).<\/span><\/p>\n<p>&nbsp;<\/p>\n<div id=\"jig4\" class=\"justified-image-grid jig-bcc4f91d1342cfefa7a70b1f736d351a jig-preset-c2 jig-source-wp-gallery jig-rml-id-137\"><div class=\"jig-clearfix\"><\/div><noscript id=\"jig4-html\" class=\"justified-image-grid-html\" data-lazy-src=\"skiplazyload\" data-src=\"skipunveillazyload\"><ul><li><a href=\"https:\/\/www.memoria.cat\/detencions1975\/wp-content\/uploads\/sites\/211\/2025\/07\/10Novembre852.jpg\" title=\"10Novembre852\"><img loading=\"lazy\" decoding=\"async\" src=\"https:\/\/www.memoria.cat\/detencions1975\/wp-content\/plugins\/justified-image-grid\/timthumb.php?src=https%3A%2F%2Fwww.memoria.cat%2Fdetencions1975%2Fwp-content%2Fuploads%2Fsites%2F211%2F2025%2F07%2F10Novembre852.jpg&amp;h=230&amp;q=90&amp;f=.jpg\" alt=\"10Novembre852\" width=\"159\" height=\"230\" \/><\/a><p class=\"jig-HTMLdescription\">10Novembre852<\/p><\/li><li><a href=\"https:\/\/www.memoria.cat\/detencions1975\/wp-content\/uploads\/sites\/211\/2025\/07\/10Novembre851.jpg\" title=\"10Novembre851\"><img loading=\"lazy\" decoding=\"async\" src=\"https:\/\/www.memoria.cat\/detencions1975\/wp-content\/plugins\/justified-image-grid\/timthumb.php?src=https%3A%2F%2Fwww.memoria.cat%2Fdetencions1975%2Fwp-content%2Fuploads%2Fsites%2F211%2F2025%2F07%2F10Novembre851.jpg&amp;h=230&amp;q=90&amp;f=.jpg\" alt=\"10Novembre851\" width=\"159\" height=\"230\" \/><\/a><p class=\"jig-HTMLdescription\">10Novembre851<\/p><\/li><li><a href=\"https:\/\/www.memoria.cat\/detencions1975\/wp-content\/uploads\/sites\/211\/2025\/07\/10Novembre85.jpg\" title=\"10Novembre85\"><img loading=\"lazy\" decoding=\"async\" src=\"https:\/\/www.memoria.cat\/detencions1975\/wp-content\/plugins\/justified-image-grid\/timthumb.php?src=https%3A%2F%2Fwww.memoria.cat%2Fdetencions1975%2Fwp-content%2Fuploads%2Fsites%2F211%2F2025%2F07%2F10Novembre85.jpg&amp;h=230&amp;q=90&amp;f=.jpg\" alt=\"10Novembre85\" width=\"159\" height=\"230\" \/><\/a><p class=\"jig-HTMLdescription\">10Novembre85<\/p><\/li><\/ul><\/noscript><\/div>\n<p><span class=\"text-petit\">10-11-1985: \u201cFa deu anys, un franquisme ag\u00f2nic colpej\u00e0 Manresa\u201d. Reportatge del diari Regi\u00f37 que rememora, deu anys despr\u00e9s, les detencions de membres del PSUC i CCOO de Manresa, en unir els records d\u2019alguns dels implicats en els fets. (Arxiu Comarcal del Bages).<\/span><\/p>\n<p>&nbsp;<\/p>\n<div id=\"jig5\" class=\"justified-image-grid jig-dd64934e824923bc8b52208085cb265c jig-preset-c2 jig-source-wp-gallery jig-rml-id-141\"><div class=\"jig-clearfix\"><\/div><noscript id=\"jig5-html\" class=\"justified-image-grid-html\" data-lazy-src=\"skiplazyload\" data-src=\"skipunveillazyload\"><ul><li><a href=\"https:\/\/www.memoria.cat\/detencions1975\/wp-content\/uploads\/sites\/211\/2025\/07\/13Febrer86.jpg\" title=\"13Febrer86\"><img loading=\"lazy\" decoding=\"async\" src=\"https:\/\/www.memoria.cat\/detencions1975\/wp-content\/plugins\/justified-image-grid\/timthumb.php?src=https%3A%2F%2Fwww.memoria.cat%2Fdetencions1975%2Fwp-content%2Fuploads%2Fsites%2F211%2F2025%2F07%2F13Febrer86.jpg&amp;h=230&amp;q=90&amp;f=.jpg\" alt=\"13Febrer86\" width=\"155\" height=\"230\" \/><\/a><p class=\"jig-HTMLdescription\">13Febrer86<\/p><\/li><\/ul><\/noscript><\/div>\n<p><span class=\"text-petit\">13-2-1986: \u201cCCOO reclama el material que tenia a l\u2019antic local\u201d. Not\u00edcia apareguda al diari Regi\u00f37, segons la qual els militants de CCOO de Manresa van denunciar la venda de material i documentaci\u00f3 del seu antic local. (Arxiu Comarcal del Bages).<\/span><\/p>\n<p>&nbsp;<\/p>\n<p>&nbsp;<\/p>\n<div id=\"jig6\" class=\"justified-image-grid jig-d2b2715a8230c6ccacc0e226b74872a1 jig-preset-c2 jig-source-wp-gallery jig-rml-id-138\"><div class=\"jig-clearfix\"><\/div><noscript id=\"jig6-html\" class=\"justified-image-grid-html\" data-lazy-src=\"skiplazyload\" data-src=\"skipunveillazyload\"><ul><li><a href=\"https:\/\/www.memoria.cat\/detencions1975\/wp-content\/uploads\/sites\/211\/2025\/07\/3Febrer96-scaled.jpg\"><img loading=\"lazy\" decoding=\"async\" src=\"https:\/\/www.memoria.cat\/detencions1975\/wp-content\/plugins\/justified-image-grid\/timthumb.php?src=https%3A%2F%2Fwww.memoria.cat%2Fdetencions1975%2Fwp-content%2Fuploads%2Fsites%2F211%2F2025%2F07%2F3Febrer96-scaled.jpg&amp;h=230&amp;q=90&amp;f=.jpg\" alt=\"\" width=\"156\" height=\"230\" \/><\/a><\/li><li><a href=\"https:\/\/www.memoria.cat\/detencions1975\/wp-content\/uploads\/sites\/211\/2025\/07\/3Febrer19961-scaled.jpg\"><img loading=\"lazy\" decoding=\"async\" src=\"https:\/\/www.memoria.cat\/detencions1975\/wp-content\/plugins\/justified-image-grid\/timthumb.php?src=https%3A%2F%2Fwww.memoria.cat%2Fdetencions1975%2Fwp-content%2Fuploads%2Fsites%2F211%2F2025%2F07%2F3Febrer19961-scaled.jpg&amp;h=230&amp;q=90&amp;f=.jpg\" alt=\"\" width=\"159\" height=\"230\" \/><\/a><\/li><li><a href=\"https:\/\/www.memoria.cat\/detencions1975\/wp-content\/uploads\/sites\/211\/2025\/07\/3Febrer19962.jpg\" title=\"3Febrer19962\"><img loading=\"lazy\" decoding=\"async\" src=\"https:\/\/www.memoria.cat\/detencions1975\/wp-content\/plugins\/justified-image-grid\/timthumb.php?src=https%3A%2F%2Fwww.memoria.cat%2Fdetencions1975%2Fwp-content%2Fuploads%2Fsites%2F211%2F2025%2F07%2F3Febrer19962.jpg&amp;h=230&amp;q=90&amp;f=.jpg\" alt=\"3Febrer19962\" width=\"156\" height=\"230\" \/><\/a><p class=\"jig-HTMLdescription\">3Febrer19962<\/p><\/li><li><a href=\"https:\/\/www.memoria.cat\/detencions1975\/wp-content\/uploads\/sites\/211\/2025\/07\/3Febrer19963.jpg\" title=\"3Febrer19963\"><img loading=\"lazy\" decoding=\"async\" src=\"https:\/\/www.memoria.cat\/detencions1975\/wp-content\/plugins\/justified-image-grid\/timthumb.php?src=https%3A%2F%2Fwww.memoria.cat%2Fdetencions1975%2Fwp-content%2Fuploads%2Fsites%2F211%2F2025%2F07%2F3Febrer19963.jpg&amp;h=230&amp;q=90&amp;f=.jpg\" alt=\"3Febrer19963\" width=\"159\" height=\"230\" \/><\/a><p class=\"jig-HTMLdescription\">3Febrer19963<\/p><\/li><\/ul><\/noscript><\/div>\n<p><span class=\"text-petit\">3-2-1996: \u201cAmnistia no \u00e9s amn\u00e8sia\u201d. Reportatge del diari Regi\u00f37 que relata els fets sobre les detencions de membres del PSUC i CCOO de Manresa, 20 anys despr\u00e9s. El text d\u00f3na un espai destacat a l\u2019explicaci\u00f3, en primera persona, de les tortures sofertes pels implicats en els fets. (Arxiu Comarcal del Bages).<\/span><\/p>\n","protected":false},"excerpt":{"rendered":"<p>&nbsp; 26-1-1980: \u201cEl PSUC recupera la hist\u00f2ria de la lluita antifranquista\u201d. Not\u00edcia difosa pel diari Regi\u00f37 que informa sobre la recuperaci\u00f3 del material clandest\u00ed publicat pel PSUC durant el franquisme. (Arxiu Comarcal del Bages). &nbsp; 31-1-1980: \u201cEl PSUC fa les darreres gestions legals\u201d. Not\u00edcia del diari Regi\u00f37, que completa la informaci\u00f3 anterior. En aquest cas, [&hellip;]<\/p>\n","protected":false},"author":66,"featured_media":0,"parent":0,"menu_order":0,"comment_status":"closed","ping_status":"closed","template":"","meta":{"iawp_total_views":4,"footnotes":""},"class_list":["post-74357","page","type-page","status-publish","hentry"],"_links":{"self":[{"href":"https:\/\/www.memoria.cat\/detencions1975\/wp-json\/wp\/v2\/pages\/74357","targetHints":{"allow":["GET"]}}],"collection":[{"href":"https:\/\/www.memoria.cat\/detencions1975\/wp-json\/wp\/v2\/pages"}],"about":[{"href":"https:\/\/www.memoria.cat\/detencions1975\/wp-json\/wp\/v2\/types\/page"}],"author":[{"embeddable":true,"href":"https:\/\/www.memoria.cat\/detencions1975\/wp-json\/wp\/v2\/users\/66"}],"replies":[{"embeddable":true,"href":"https:\/\/www.memoria.cat\/detencions1975\/wp-json\/wp\/v2\/comments?post=74357"}],"version-history":[{"count":0,"href":"https:\/\/www.memoria.cat\/detencions1975\/wp-json\/wp\/v2\/pages\/74357\/revisions"}],"wp:attachment":[{"href":"https:\/\/www.memoria.cat\/detencions1975\/wp-json\/wp\/v2\/media?parent=74357"}],"curies":[{"name":"wp","href":"https:\/\/api.w.org\/{rel}","templated":true}]}}