{"id":72723,"date":"2018-09-04T15:44:57","date_gmt":"2018-09-04T14:44:57","guid":{"rendered":"https:\/\/www.memoria.cat\/depurats\/?page_id=72723"},"modified":"2018-10-15T14:02:01","modified_gmt":"2018-10-15T13:02:01","slug":"la-depuracio-de-llevadores-practicants-i-infermeres","status":"publish","type":"page","link":"https:\/\/www.memoria.cat\/depurats\/la-depuracio-del-personal-sanitari\/la-depuracio-de-llevadores-practicants-i-infermeres\/","title":{"rendered":"La depuraci\u00f3 de llevadores, practicants i infermeres"},"content":{"rendered":"<p>Les llevadores, les infermeres i els practicants van presentar, tamb\u00e9, \u00a0la declaraci\u00f3 jurada al <em>Juzgado Especial de Depuraci\u00f3n de Funcionarios Civiles de Auditoria de Guerra de la 4\u00aa Regi\u00f3n Militar<\/em><\/p>\n<p>Les dues <strong>llevadores<\/strong> del Dispensari municipal: Filomena Davesa Rafart i Dolors Torra Pla van ser admeses. Tamb\u00e9 la llevadora de l&#8217;Hospital, Atan\u00e0sia Vilajoana Pint\u00f3.<\/p>\n<p>Un dels <strong>practicants<\/strong> del Dispensari municipal va ser adm\u00e8s per\u00f2 amb sanci\u00f3. Ens referim a Bartomeu Fornells Clar\u00e0 que va ser sancionat a la inhabilitaci\u00f3 per exercir c\u00e0rrec directiu i postergaci\u00f3 durant tres anys. Joan Dueso Fern\u00e1ndez va ser cessat perqu\u00e8 no es va presentar a treballar ja que es va exiliar.<\/p>\n<p>Pel que fa a les <strong>infermeres<\/strong> ens consta com a admesa Irene Pag\u00e8s Soler. Hem de tenir en compte que les infermeres que van treballar durant la guerra a l&#8217;Hospital i al Sanatori de la Culla no van ser admeses, perqu\u00e8, a partir d\u2019aquest moment, \u00a0van ser les Ordes religioses qui novament es van fer c\u00e0rrec d&#8217;aquestes tasques, com es pot veure en l\u2019escrit de la <em>Comandancia Militar<\/em> de Manresa a l&#8217;alcalde el 18 de febrer de 1939 on es diu:<\/p>\n<blockquote><p>&#8220;(&#8230;) <em>concedo\u00a0 la autorizaci\u00f3n necesaria para que las Rdas. Hijas de San Vicente de Paul puedan hacerse cargo nuevamente del cuidado de los enfermos del Hospital civil de San Andr\u00e9s, del que hab\u00edan sido ignominiosamente desposeidos por el Ayuntamiento del Frente Popular (&#8230;)&#8221;<\/em><\/p><\/blockquote>\n<p>El 24 de febrer de 1939 el Germ\u00e0 Provincial de l&#8217;Orde dels Germans de Sant Joan de D\u00e9u va tornar a Manresa per reclamar al Comandant Militar de Manresa el Sanatori i instal\u00b7lar-hi de nou la comunitat:<\/p>\n<blockquote><p>&#8220;<em>El Rdo. Hermano Superior de la mencionada Comunidad ha estado en esta Alcaldia solicitando posesionarse nuevamente del Sanatorio y de los servicios para continuar prest\u00e1ndolos como antes (&#8230;)\u201d<\/em>.<\/p><\/blockquote>\n<p>&nbsp;<\/p>\n","protected":false},"excerpt":{"rendered":"<p>Les llevadores, les infermeres i els practicants van presentar, tamb\u00e9, \u00a0la declaraci\u00f3 jurada al Juzgado Especial de Depuraci\u00f3n de Funcionarios Civiles de Auditoria de Guerra de la 4\u00aa Regi\u00f3n Militar Les dues llevadores del Dispensari municipal: Filomena Davesa Rafart i Dolors Torra Pla van ser admeses. Tamb\u00e9 la llevadora de l&#8217;Hospital, Atan\u00e0sia Vilajoana Pint\u00f3. Un [&hellip;]<\/p>\n","protected":false},"author":11,"featured_media":0,"parent":72104,"menu_order":0,"comment_status":"closed","ping_status":"closed","template":"","meta":{"iawp_total_views":2,"footnotes":""},"class_list":["post-72723","page","type-page","status-publish","hentry"],"_links":{"self":[{"href":"https:\/\/www.memoria.cat\/depurats\/wp-json\/wp\/v2\/pages\/72723","targetHints":{"allow":["GET"]}}],"collection":[{"href":"https:\/\/www.memoria.cat\/depurats\/wp-json\/wp\/v2\/pages"}],"about":[{"href":"https:\/\/www.memoria.cat\/depurats\/wp-json\/wp\/v2\/types\/page"}],"author":[{"embeddable":true,"href":"https:\/\/www.memoria.cat\/depurats\/wp-json\/wp\/v2\/users\/11"}],"replies":[{"embeddable":true,"href":"https:\/\/www.memoria.cat\/depurats\/wp-json\/wp\/v2\/comments?post=72723"}],"version-history":[{"count":0,"href":"https:\/\/www.memoria.cat\/depurats\/wp-json\/wp\/v2\/pages\/72723\/revisions"}],"up":[{"embeddable":true,"href":"https:\/\/www.memoria.cat\/depurats\/wp-json\/wp\/v2\/pages\/72104"}],"wp:attachment":[{"href":"https:\/\/www.memoria.cat\/depurats\/wp-json\/wp\/v2\/media?parent=72723"}],"curies":[{"name":"wp","href":"https:\/\/api.w.org\/{rel}","templated":true}]}}