{"id":72383,"date":"2018-08-04T07:14:21","date_gmt":"2018-08-04T06:14:21","guid":{"rendered":"https:\/\/www.memoria.cat\/depurats\/?page_id=72383"},"modified":"2018-09-10T14:05:42","modified_gmt":"2018-09-10T13:05:42","slug":"cornet-farres-amadeu","status":"publish","type":"page","link":"https:\/\/www.memoria.cat\/depurats\/les-biografies-del-personal-separat\/cornet-farres-amadeu\/","title":{"rendered":"CORNET FERRER, Amadeu"},"content":{"rendered":"<p>Treballava a Inspecci\u00f3 i Salubritat com a graduador de vins. Va ser president d&#8217;Acci\u00f3 Catalana Republicana i durant els anys de la Rep\u00fablica va tenir una intensa activitat pol\u00edtica i social, participant com a vocal a la Comissi\u00f3 Organitzadora de la commemoraci\u00f3 de les Bases de Manresa l\u2019any 1931 i presidint, el 1937, un m\u00edting, celebrat al Kursaal, organitzat pel Comit\u00e8 Local del Socors Roig Internacional, en la Setmana d&#8217;ajut pro Euskadi.\u00a0 En acabar la guerra es va exiliar a Fran\u00e7a.<\/p>\n<p>El 31 d&#8217;octubre de 1939 l&#8217;alcalde va decretar que<\/p>\n<blockquote><p>&#8220;(&#8230;) <em>encontr\u00e1ndose ausente de esta ciudad al tiempo de la Liberaci\u00f3n, sin que posteriormente se haya presentado ni haya cumplido la obligaci\u00f3n de presentar su declaraci\u00f3n jurada (&#8230;) vengo en disponer la incoaci\u00f3n de expediente a dicho empleado (&#8230;)&#8221;. <\/em><\/p><\/blockquote>\n<p>El 12 de desembre de 1939 l\u2019instructor va escriure<\/p>\n<blockquote><p><em>&#8220;(&#8230;) la no presentaci\u00f3n del empleado (&#8230;) y su prolongado silencio constituyen un caso flagrante de abandono de destino, que hace innecesaria toda investigaci\u00f3n acerca de su conducta anterior, ya que si fuese adicto o simplemente simpatizante con el Glorioso Movimiento Nacional ha tenido tiempo suficiente para demostrarlo present\u00e1ndose para prestar el servicio que tenia confiado (&#8230;)&#8221;. <\/em><\/p><\/blockquote>\n<p>Per tant, el 12 de desembre de 1939, l\u2019instructor va formular els c\u00e0rrecs contra ell per no presentar-se al lloc de treball i van concedir-li un termini de 8 dies per presentar documents exculpatoris amb la finalitat de poder seguir la tramitaci\u00f3 i la resoluci\u00f3 de l&#8217;expedient de depuraci\u00f3.<\/p>\n<p>Finalment, el 30 de desembre de 1939, l&#8217;Ajuntament va resoldre la SEPARACI\u00d3 del servei, per trobar-se en &#8220;<em>paradero desconocido<\/em>&#8220;.<\/p>\n<p><a href=\"https:\/\/www.memoria.cat\/depurats\/documents\/documents-personal-separat\/cornet-ferrer-amadeu\/\"><mark>Documents<\/mark><\/a><\/p>\n","protected":false},"excerpt":{"rendered":"<p>Treballava a Inspecci\u00f3 i Salubritat com a graduador de vins. Va ser president d&#8217;Acci\u00f3 Catalana Republicana i durant els anys de la Rep\u00fablica va tenir una intensa activitat pol\u00edtica i social, participant com a vocal a la Comissi\u00f3 Organitzadora de la commemoraci\u00f3 de les Bases de Manresa l\u2019any 1931 i presidint, el 1937, un m\u00edting, [&hellip;]<\/p>\n","protected":false},"author":11,"featured_media":0,"parent":72101,"menu_order":0,"comment_status":"closed","ping_status":"closed","template":"","meta":{"footnotes":""},"class_list":["post-72383","page","type-page","status-publish","hentry"],"_links":{"self":[{"href":"https:\/\/www.memoria.cat\/depurats\/wp-json\/wp\/v2\/pages\/72383","targetHints":{"allow":["GET"]}}],"collection":[{"href":"https:\/\/www.memoria.cat\/depurats\/wp-json\/wp\/v2\/pages"}],"about":[{"href":"https:\/\/www.memoria.cat\/depurats\/wp-json\/wp\/v2\/types\/page"}],"author":[{"embeddable":true,"href":"https:\/\/www.memoria.cat\/depurats\/wp-json\/wp\/v2\/users\/11"}],"replies":[{"embeddable":true,"href":"https:\/\/www.memoria.cat\/depurats\/wp-json\/wp\/v2\/comments?post=72383"}],"version-history":[{"count":0,"href":"https:\/\/www.memoria.cat\/depurats\/wp-json\/wp\/v2\/pages\/72383\/revisions"}],"up":[{"embeddable":true,"href":"https:\/\/www.memoria.cat\/depurats\/wp-json\/wp\/v2\/pages\/72101"}],"wp:attachment":[{"href":"https:\/\/www.memoria.cat\/depurats\/wp-json\/wp\/v2\/media?parent=72383"}],"curies":[{"name":"wp","href":"https:\/\/api.w.org\/{rel}","templated":true}]}}