{"id":72368,"date":"2018-08-04T07:07:11","date_gmt":"2018-08-04T06:07:11","guid":{"rendered":"https:\/\/www.memoria.cat\/depurats\/?page_id=72368"},"modified":"2018-09-17T16:21:58","modified_gmt":"2018-09-17T15:21:58","slug":"clariana-simats-florenci","status":"publish","type":"page","link":"https:\/\/www.memoria.cat\/depurats\/les-biografies-del-personal-separat\/clariana-simats-florenci\/","title":{"rendered":"CLARIANA SIMATS, Florenci"},"content":{"rendered":"<p>Treballava de capat\u00e0s de la Brigada Municipal d&#8217;Obres P\u00fabliques i era funcionari. Es va presentar a les eleccions municipals d&#8217;abril de 1931 com a membre de la Candidatura Obrera (comunista), promoguda pel Bloc Obrer i Camperol tot i que no va sortir elegit.<\/p>\n<p>Durant la Guerra Civil va participar en la reuni\u00f3 de formaci\u00f3 del Comit\u00e8 Revolucionari de Manresa, com a membre de la UGT. El novembre de 1936 va anar voluntari al front i va formar part de la Cent\u00faria Roja de Manresa destacada amb el Batall\u00f3 de Metralladores n\u00fam. 4 del Front D&#8217;Osca.<\/p>\n<p>En el context dels Fets de Maig de 1937, se&#8217;l va acusar de l&#8217;assassinat, a l\u2019obra on treballava, del militant anarquista Paul\u00ed Hern\u00e1ndez Rubio,<\/p>\n<blockquote><p>&#8221; <em>tot i que en la seva declaraci\u00f3 Clariana assegur\u00e0 haver estat greument insultat per la seva v\u00edctima, cap dels testimonis ho va corroborar. Un d&#8217;ells l&#8217;obrer Manuel Milan Exp\u00f3sito, declar\u00e0 que juntament amb el seu company Hern\u00e1ndez es dirigien a l&#8217;obra d&#8217;ensorrament de la resid\u00e8ncia dels jesu\u00eftes de Sant Ignasi. En arribar-hi, Hern\u00e1ndez, que retornava al treball despr\u00e9s d&#8217;una malaltia, li demana quina classe de feina s&#8217;havia de fer. Despr\u00e9s d&#8217;obtenir la resposta, s&#8217;aparta per anar-se a canviar de roba. Segons va explicar el declarant, que estava d&#8217;esquena, de sobte sent\u00ed dos trets, es gir\u00e0 i vei\u00e9 el seu company al terra; aleshores l&#8217; agressor el va tornar a disparar alhora que li deia &#8220;para que no te quejes m\u00e1s.&#8221;<a href=\"#_ftn1\" name=\"_ftnref1\"><strong>[1]<\/strong><\/a><\/em><\/p><\/blockquote>\n<p>L&#8217;agost de 1937, la federaci\u00f3 local dels sindicats cenetistes de Manresa exigia\u00a0 al Consell Municipal la suspensi\u00f3 de Florenci Clariana en el c\u00e0rrec que tenia dins la Brigada Municipal, a causa<em> &#8220;del disgust que ocasiona als nostres companys de la brigada, treballar a les ordres del qui va donar mort, de la manera m\u00e9s repugnant, al que fou company nostre Paul\u00ed Hern\u00e1ndez.<\/em>&#8220;<a href=\"#_ftn2\" name=\"_ftnref2\">[2]<\/a><\/p>\n<p>Acabada la guerra Clariana es va exiliar a Fran\u00e7a.\u00a0 Va ser SEPARAT del servei per resoluci\u00f3 de l&#8217;Ajuntament de Manresa el 30 de desembre de 1939, per trobar-se en &#8220;<em>paradero desconocido<\/em>&#8220;.<\/p>\n<p>&nbsp;<\/p>\n<p><a href=\"#_ftnref1\" name=\"_ftn1\">[1]<\/a>ALOY, Joaquim ; GASOL, Pere ; SARDANS, Jordi. \u00a0<em>La Guerra Civil (1936-39). Hist\u00f2ria gr\u00e0fica de Manresa,<\/em>\u00a0 Volum I.\u00a0 Manresa: Parcir, 1992 (Col\u00b7lecci\u00f3 Hist\u00f2ria Gr\u00e0fica de Manresa), p.262.<\/p>\n<p><a href=\"#_ftnref2\" name=\"_ftn2\">[2]<\/a> ALOY, Joaquim ; GASOL, Pere ; SARDANS, Jordi. <em>La Guerra Civil (1936-39). Hist\u00f2ria gr\u00e0fica de Manresa,<\/em>\u00a0 Volum I.\u00a0 Manresa: Parcir, 1992 (Col\u00b7lecci\u00f3 Hist\u00f2ria Gr\u00e0fica de Manresa), p.64.<\/p>\n","protected":false},"excerpt":{"rendered":"<p>Treballava de capat\u00e0s de la Brigada Municipal d&#8217;Obres P\u00fabliques i era funcionari. Es va presentar a les eleccions municipals d&#8217;abril de 1931 com a membre de la Candidatura Obrera (comunista), promoguda pel Bloc Obrer i Camperol tot i que no va sortir elegit. Durant la Guerra Civil va participar en la reuni\u00f3 de formaci\u00f3 del [&hellip;]<\/p>\n","protected":false},"author":11,"featured_media":0,"parent":72101,"menu_order":0,"comment_status":"closed","ping_status":"closed","template":"","meta":{"footnotes":""},"class_list":["post-72368","page","type-page","status-publish","hentry"],"_links":{"self":[{"href":"https:\/\/www.memoria.cat\/depurats\/wp-json\/wp\/v2\/pages\/72368","targetHints":{"allow":["GET"]}}],"collection":[{"href":"https:\/\/www.memoria.cat\/depurats\/wp-json\/wp\/v2\/pages"}],"about":[{"href":"https:\/\/www.memoria.cat\/depurats\/wp-json\/wp\/v2\/types\/page"}],"author":[{"embeddable":true,"href":"https:\/\/www.memoria.cat\/depurats\/wp-json\/wp\/v2\/users\/11"}],"replies":[{"embeddable":true,"href":"https:\/\/www.memoria.cat\/depurats\/wp-json\/wp\/v2\/comments?post=72368"}],"version-history":[{"count":0,"href":"https:\/\/www.memoria.cat\/depurats\/wp-json\/wp\/v2\/pages\/72368\/revisions"}],"up":[{"embeddable":true,"href":"https:\/\/www.memoria.cat\/depurats\/wp-json\/wp\/v2\/pages\/72101"}],"wp:attachment":[{"href":"https:\/\/www.memoria.cat\/depurats\/wp-json\/wp\/v2\/media?parent=72368"}],"curies":[{"name":"wp","href":"https:\/\/api.w.org\/{rel}","templated":true}]}}