{"id":72107,"date":"2018-07-04T10:28:46","date_gmt":"2018-07-04T09:28:46","guid":{"rendered":"https:\/\/www.memoria.cat\/depurats\/?page_id=72107"},"modified":"2018-08-01T16:38:04","modified_gmt":"2018-08-01T15:38:04","slug":"els-treballadors-que-van-patir-doble-depuracio","status":"publish","type":"page","link":"https:\/\/www.memoria.cat\/depurats\/els-treballadors-que-van-patir-doble-depuracio\/","title":{"rendered":"Els treballadors que van patir doble depuraci\u00f3"},"content":{"rendered":"<p>Tamb\u00e9 hi ha funcionaris que van patir un doble proc\u00e9s de depuraci\u00f3; primer durant el per\u00edode de la Rep\u00fablica i la Guerra Civil i despr\u00e9s als inicis del Franquisme. Cal diferenciar, tanmateix, els treballadors depurats durant la Rep\u00fablica i la Guerra Civil, perqu\u00e8 el govern municipal els va considerar contraris a la Rep\u00fablica; aquests en la majoria dels casos van ser reposats en el c\u00e0rrec i van ser admesos sense cap sanci\u00f3 l&#8217;any 1939. I, per l&#8217;altra banda, els treballadors municipals sancionats o separats despr\u00e9s dels Fets d&#8217;Octubre de 1934, una part important dels quals van ser novament separats l&#8217;any 1939.<\/p>\n<p>&nbsp;<\/p>\n<ul>\n<li>\n<h3><a href=\"https:\/\/www.memoria.cat\/depurats\/funcionaris-sancionats-o-cessats-per-la-republica\/\"><span style=\"color: #008080\">Treballadors cessats pels governs republicans<\/span><\/a><\/h3>\n<\/li>\n<li>\n<h3><a href=\"https:\/\/www.memoria.cat\/depurats\/treballadors-separats-despres-doctubre-del-1934\/\"><span style=\"color: #008080\">Treballadors separats despr\u00e9s dels Fets d&#8217;Octubre de 1934<\/span><\/a><\/h3>\n<\/li>\n<\/ul>\n","protected":false},"excerpt":{"rendered":"<p>Tamb\u00e9 hi ha funcionaris que van patir un doble proc\u00e9s de depuraci\u00f3; primer durant el per\u00edode de la Rep\u00fablica i la Guerra Civil i despr\u00e9s als inicis del Franquisme. Cal diferenciar, tanmateix, els treballadors depurats durant la Rep\u00fablica i la Guerra Civil, perqu\u00e8 el govern municipal els va considerar contraris a la Rep\u00fablica; aquests en [&hellip;]<\/p>\n","protected":false},"author":11,"featured_media":0,"parent":0,"menu_order":0,"comment_status":"closed","ping_status":"closed","template":"","meta":{"footnotes":""},"class_list":["post-72107","page","type-page","status-publish","hentry"],"_links":{"self":[{"href":"https:\/\/www.memoria.cat\/depurats\/wp-json\/wp\/v2\/pages\/72107","targetHints":{"allow":["GET"]}}],"collection":[{"href":"https:\/\/www.memoria.cat\/depurats\/wp-json\/wp\/v2\/pages"}],"about":[{"href":"https:\/\/www.memoria.cat\/depurats\/wp-json\/wp\/v2\/types\/page"}],"author":[{"embeddable":true,"href":"https:\/\/www.memoria.cat\/depurats\/wp-json\/wp\/v2\/users\/11"}],"replies":[{"embeddable":true,"href":"https:\/\/www.memoria.cat\/depurats\/wp-json\/wp\/v2\/comments?post=72107"}],"version-history":[{"count":0,"href":"https:\/\/www.memoria.cat\/depurats\/wp-json\/wp\/v2\/pages\/72107\/revisions"}],"wp:attachment":[{"href":"https:\/\/www.memoria.cat\/depurats\/wp-json\/wp\/v2\/media?parent=72107"}],"curies":[{"name":"wp","href":"https:\/\/api.w.org\/{rel}","templated":true}]}}