{"id":1609,"date":"2017-10-25T09:20:15","date_gmt":"2017-10-25T09:20:15","guid":{"rendered":"https:\/\/www.memoria.cat\/deportats\/jesus-dalmau-colom\/"},"modified":"2017-12-25T12:42:27","modified_gmt":"2017-12-25T12:42:27","slug":"jesus-dalmau-colom","status":"publish","type":"page","link":"https:\/\/www.memoria.cat\/deportats\/jesus-dalmau-colom\/","title":{"rendered":"Jesu\u0301s Dalmau Colom"},"content":{"rendered":"<h2>Dades biogr\u00e0fiques<\/h2>\n<p>En esclatar la guerra civil, Jes\u00fas Dalmau vivia al carrer de Canonge Montany\u00e0, 12, 2n 1a, amb el seu pare Ramon, la mare Eug\u00e8nia, i els seus germans Concepci\u00f3, de 20 anys i Tom\u00e0s, de 15. Havia nascut a Manresa el desembre de 1916 i tenia, per tant, 19 anys. Treballava a la Pirelli i era militant de Nosaltres Sols!, integrat dins Estat Catal\u00e0. Va ser cridat a files el mateix dia que Jacint Carri\u00f3, l&#8217;agost del 37.<\/p>\n<p>Va combatre en diferents fronts. El febrer de 1939 va travessar la frontera francesa durant la retirada republicana. Recl\u00f2s al camp d&#8217;Argel\u00e8s en condicions penoses, es va incorporar a la 92a Companyia de Treballadors Espanyols de l&#8217;ex\u00e8rcit franc\u00e8s i fou destinat a Noyers-le-Val, a tocar d&#8217;Alemanya.<\/p>\n<p>Caiguda Fran\u00e7a, fou fet presoner a Fallingbostel durant mig any i el 27 de gener de 1941 fou deportat a Mauthausen juntament amb els tamb\u00e9 manresans Joaquim Amat, Bernat Com\u00edn, Jaume Real i els Labara, pare i fill. La d\u2019aquest dia fou la deportaci\u00f3 m\u00e9s gran de republicans espanyols. A Mauthausen va rebre la matr\u00edcula 6.313. El 8 d&#8217;abril seg\u00fcent fou transferit a Gusen, amb el n\u00famero 12.205. El 4 de febrer de 1942 fou enviat al castell de Hartheim, un centre d\u2019eutan\u00e0sia, on fou assassinat el 10 de febrer de 1942. Tenia 25 anys.<\/p>\n<h2>Fotografies<\/h2>\n<div id=\"jig1\" class=\"justified-image-grid jig-0f846669ec0567cfacd78f944c4a7479 jig-preset-c1 jig-source-wp-gallery jig-rml-id-84\"><div class=\"jig-clearfix\"><\/div><noscript id=\"jig1-html\" class=\"justified-image-grid-html\" data-lazy-src=\"skiplazyload\" data-src=\"skipunveillazyload\"><ul><li><a href=\"https:\/\/www.memoria.cat\/deportats\/wp-content\/uploads\/sites\/209\/Manresa-Mauthausen-Dalmau-foto02.jpg\" title=\"Jesus Dalmau a la pla\u00e7a de la Cibeles de Madrid durant la guerra, fent subministres per al Socors Roig. 1937.\"><img decoding=\"async\" src=\"https:\/\/www.memoria.cat\/deportats\/wp-content\/plugins\/justified-image-grid\/timthumb.php?src=https%3A%2F%2Fwww.memoria.cat%2Fdeportats%2Fwp-content%2Fuploads%2Fsites%2F209%2FManresa-Mauthausen-Dalmau-foto02.jpg&amp;h=230&amp;q=90&amp;f=.jpg\" alt=\"Jesus Dalmau a la pla\u00e7a de la Cibeles de Madrid durant la guerra, fent subministres per al Socors Roig. 1937.\" width=\"172\" height=\"230\" \/><\/a><p class=\"jig-HTMLdescription\">Jesus Dalmau a la pla\u00e7a de la Cibeles de Madrid durant la guerra, fent subministres per al Socors Roig. 1937.<\/p><\/li><li><a href=\"https:\/\/www.memoria.cat\/deportats\/wp-content\/uploads\/sites\/209\/Manresa-Mauthausen-Dalmau-foto01.jpg\" title=\"Jesus Dalmau Colom abans de la guerra\"><img decoding=\"async\" src=\"https:\/\/www.memoria.cat\/deportats\/wp-content\/plugins\/justified-image-grid\/timthumb.php?src=https%3A%2F%2Fwww.memoria.cat%2Fdeportats%2Fwp-content%2Fuploads%2Fsites%2F209%2FManresa-Mauthausen-Dalmau-foto01.jpg&amp;h=230&amp;q=90&amp;f=.jpg\" alt=\"Jesus Dalmau Colom abans de la guerra\" width=\"142\" height=\"230\" \/><\/a><p class=\"jig-HTMLdescription\">Jesus Dalmau Colom abans de la guerra<\/p><\/li><\/ul><\/noscript><\/div>\n<h2>Documents<\/h2>\n<div id=\"jig2\" class=\"justified-image-grid jig-68a37bd966195a8cda7bd4304de6ebb0 jig-preset-c1 jig-source-wp-gallery jig-rml-id-85\"><div class=\"jig-clearfix\"><\/div><noscript id=\"jig2-html\" class=\"justified-image-grid-html\" data-lazy-src=\"skiplazyload\" data-src=\"skipunveillazyload\"><ul><li><a href=\"https:\/\/www.memoria.cat\/deportats\/wp-content\/uploads\/sites\/209\/Manresa-Mauthausen-Dalmau-01.jpg\" title=\"Fitxa de la Creu Roja Internacional detallant els successius trasllats de Dalmau de Mauthausen a Gusen i a Hartheim, on fou assassinat el 10.2.1942. (Font: ITS Bad Arolsen)\"><img fetchpriority=\"high\" decoding=\"async\" src=\"https:\/\/www.memoria.cat\/deportats\/wp-content\/plugins\/justified-image-grid\/timthumb.php?src=https%3A%2F%2Fwww.memoria.cat%2Fdeportats%2Fwp-content%2Fuploads%2Fsites%2F209%2FManresa-Mauthausen-Dalmau-01.jpg&amp;h=230&amp;q=90&amp;f=.jpg\" alt=\"Fitxa de la Creu Roja Internacional detallant els successius trasllats de Dalmau de Mauthausen a Gusen i a Hartheim, on fou assassinat el 10.2.1942. (Font: ITS Bad Arolsen)\" width=\"343\" height=\"230\" \/><\/a><p class=\"jig-HTMLdescription\">Fitxa de la Creu Roja Internacional detallant els successius trasllats de Dalmau de Mauthausen a Gusen i a Hartheim, on fou assassinat el 10.2.1942. (Font: ITS Bad Arolsen)<\/p><\/li><li><a href=\"https:\/\/www.memoria.cat\/deportats\/wp-content\/uploads\/sites\/209\/Manresa-Mauthausen-Dalmau-02.jpg\" title=\"Fitxa de la Creu Roja Internacional anotant el registre de Dalmau dins el llistat de &quot;presoners inv\u00e0lids&quot; de Mauthausen traslladats al &quot;KL-Dachau&quot; el 4-2-1942. Aquesta denominaci\u00f3 encobria el castell de Hartheim, que oficialment depenia de Dachau. (Font: ITS Bad Arolsen)\"><img loading=\"lazy\" decoding=\"async\" src=\"https:\/\/www.memoria.cat\/deportats\/wp-content\/plugins\/justified-image-grid\/timthumb.php?src=https%3A%2F%2Fwww.memoria.cat%2Fdeportats%2Fwp-content%2Fuploads%2Fsites%2F209%2FManresa-Mauthausen-Dalmau-02.jpg&amp;h=230&amp;q=90&amp;f=.jpg\" alt=\"Fitxa de la Creu Roja Internacional anotant el registre de Dalmau dins el llistat de &quot;presoners inv\u00e0lids&quot; de Mauthausen traslladats al &quot;KL-Dachau&quot; el 4-2-1942. Aquesta denominaci\u00f3 encobria el castell de Hartheim, que oficialment depenia de Dachau. (Font: ITS Bad Arolsen)\" width=\"332\" height=\"230\" \/><\/a><p class=\"jig-HTMLdescription\">Fitxa de la Creu Roja Internacional anotant el registre de Dalmau dins el llistat de \"presoners inv\u00e0lids\" de Mauthausen traslladats al \"KL-Dachau\" el 4-2-1942. Aquesta denominaci\u00f3 encobria el castell de Hartheim, que oficialment depenia de Dachau. (Font: ITS Bad Arolsen)<\/p><\/li><\/ul><\/noscript><\/div>\n<h2>Col\u00b7locaci\u00f3 de l&#8217;stolperstein (Carrer del Canonge Montany\u00e0 12)<\/h2>\n<div id=\"jig3\" class=\"justified-image-grid jig-ba25461705102e9098cddb238b6e3159 jig-preset-c2 jig-source-wp-gallery jig-rml-id-86\"><div class=\"jig-clearfix\"><\/div><noscript id=\"jig3-html\" class=\"justified-image-grid-html\" data-lazy-src=\"skiplazyload\" data-src=\"skipunveillazyload\"><ul><li><a href=\"https:\/\/www.memoria.cat\/deportats\/wp-content\/uploads\/sites\/209\/Stolperstein-Jesus-Dalmau-21.jpg\"><img loading=\"lazy\" decoding=\"async\" src=\"https:\/\/www.memoria.cat\/deportats\/wp-content\/plugins\/justified-image-grid\/timthumb.php?src=https%3A%2F%2Fwww.memoria.cat%2Fdeportats%2Fwp-content%2Fuploads%2Fsites%2F209%2FStolperstein-Jesus-Dalmau-21.jpg&amp;h=230&amp;q=90&amp;f=.jpg\" alt=\"\" width=\"172\" height=\"230\" \/><\/a><\/li><li><a href=\"https:\/\/www.memoria.cat\/deportats\/wp-content\/uploads\/sites\/209\/Stolperstein-Jesus-Dalmau-22.jpg\"><img loading=\"lazy\" decoding=\"async\" src=\"https:\/\/www.memoria.cat\/deportats\/wp-content\/plugins\/justified-image-grid\/timthumb.php?src=https%3A%2F%2Fwww.memoria.cat%2Fdeportats%2Fwp-content%2Fuploads%2Fsites%2F209%2FStolperstein-Jesus-Dalmau-22.jpg&amp;h=230&amp;q=90&amp;f=.jpg\" alt=\"\" width=\"306\" height=\"230\" \/><\/a><\/li><li><a href=\"https:\/\/www.memoria.cat\/deportats\/wp-content\/uploads\/sites\/209\/Stolperstein-Jesus-Dalmau-01.jpg\"><img loading=\"lazy\" decoding=\"async\" src=\"https:\/\/www.memoria.cat\/deportats\/wp-content\/plugins\/justified-image-grid\/timthumb.php?src=https%3A%2F%2Fwww.memoria.cat%2Fdeportats%2Fwp-content%2Fuploads%2Fsites%2F209%2FStolperstein-Jesus-Dalmau-01.jpg&amp;h=230&amp;q=90&amp;f=.jpg\" alt=\"\" width=\"345\" height=\"230\" \/><\/a><\/li><li><a href=\"https:\/\/www.memoria.cat\/deportats\/wp-content\/uploads\/sites\/209\/Stolperstein-Jesus-Dalmau-15.jpg\"><img loading=\"lazy\" decoding=\"async\" src=\"https:\/\/www.memoria.cat\/deportats\/wp-content\/plugins\/justified-image-grid\/timthumb.php?src=https%3A%2F%2Fwww.memoria.cat%2Fdeportats%2Fwp-content%2Fuploads%2Fsites%2F209%2FStolperstein-Jesus-Dalmau-15.jpg&amp;h=230&amp;q=90&amp;f=.jpg\" alt=\"\" width=\"408\" height=\"230\" \/><\/a><\/li><li><a href=\"https:\/\/www.memoria.cat\/deportats\/wp-content\/uploads\/sites\/209\/Stolperstein-Jesus-Dalmau-16.jpg\"><img loading=\"lazy\" decoding=\"async\" src=\"https:\/\/www.memoria.cat\/deportats\/wp-content\/plugins\/justified-image-grid\/timthumb.php?src=https%3A%2F%2Fwww.memoria.cat%2Fdeportats%2Fwp-content%2Fuploads%2Fsites%2F209%2FStolperstein-Jesus-Dalmau-16.jpg&amp;h=230&amp;q=90&amp;f=.jpg\" alt=\"\" width=\"408\" height=\"230\" \/><\/a><\/li><li><a href=\"https:\/\/www.memoria.cat\/deportats\/wp-content\/uploads\/sites\/209\/Stolperstein-Jesus-Dalmau-28.jpg\"><img loading=\"lazy\" decoding=\"async\" src=\"https:\/\/www.memoria.cat\/deportats\/wp-content\/plugins\/justified-image-grid\/timthumb.php?src=https%3A%2F%2Fwww.memoria.cat%2Fdeportats%2Fwp-content%2Fuploads%2Fsites%2F209%2FStolperstein-Jesus-Dalmau-28.jpg&amp;h=230&amp;q=90&amp;f=.jpg\" alt=\"\" width=\"306\" height=\"230\" \/><\/a><\/li><li><a href=\"https:\/\/www.memoria.cat\/deportats\/wp-content\/uploads\/sites\/209\/Stolperstein-Jesus-Dalmau-20.jpg\"><img loading=\"lazy\" decoding=\"async\" src=\"https:\/\/www.memoria.cat\/deportats\/wp-content\/plugins\/justified-image-grid\/timthumb.php?src=https%3A%2F%2Fwww.memoria.cat%2Fdeportats%2Fwp-content%2Fuploads%2Fsites%2F209%2FStolperstein-Jesus-Dalmau-20.jpg&amp;h=230&amp;q=90&amp;f=.jpg\" alt=\"\" width=\"408\" height=\"230\" \/><\/a><\/li><li><a href=\"https:\/\/www.memoria.cat\/deportats\/wp-content\/uploads\/sites\/209\/Stolperstein-Jesus-Dalmau-05.jpg\"><img loading=\"lazy\" decoding=\"async\" src=\"https:\/\/www.memoria.cat\/deportats\/wp-content\/plugins\/justified-image-grid\/timthumb.php?src=https%3A%2F%2Fwww.memoria.cat%2Fdeportats%2Fwp-content%2Fuploads%2Fsites%2F209%2FStolperstein-Jesus-Dalmau-05.jpg&amp;h=230&amp;q=90&amp;f=.jpg\" alt=\"\" width=\"153\" height=\"230\" \/><\/a><\/li><li><a href=\"https:\/\/www.memoria.cat\/deportats\/wp-content\/uploads\/sites\/209\/Stolperstein-Jesus-Dalmau-04.jpg\"><img loading=\"lazy\" decoding=\"async\" src=\"https:\/\/www.memoria.cat\/deportats\/wp-content\/plugins\/justified-image-grid\/timthumb.php?src=https%3A%2F%2Fwww.memoria.cat%2Fdeportats%2Fwp-content%2Fuploads%2Fsites%2F209%2FStolperstein-Jesus-Dalmau-04.jpg&amp;h=230&amp;q=90&amp;f=.jpg\" alt=\"\" width=\"153\" height=\"230\" \/><\/a><\/li><li><a href=\"https:\/\/www.memoria.cat\/deportats\/wp-content\/uploads\/sites\/209\/Stolperstein-Jesus-Dalmau-23.jpg\"><img loading=\"lazy\" decoding=\"async\" src=\"https:\/\/www.memoria.cat\/deportats\/wp-content\/plugins\/justified-image-grid\/timthumb.php?src=https%3A%2F%2Fwww.memoria.cat%2Fdeportats%2Fwp-content%2Fuploads%2Fsites%2F209%2FStolperstein-Jesus-Dalmau-23.jpg&amp;h=230&amp;q=90&amp;f=.jpg\" alt=\"\" width=\"306\" height=\"230\" \/><\/a><\/li><li><a href=\"https:\/\/www.memoria.cat\/deportats\/wp-content\/uploads\/sites\/209\/Stolperstein-Jesus-Dalmau-08.jpg\"><img loading=\"lazy\" decoding=\"async\" src=\"https:\/\/www.memoria.cat\/deportats\/wp-content\/plugins\/justified-image-grid\/timthumb.php?src=https%3A%2F%2Fwww.memoria.cat%2Fdeportats%2Fwp-content%2Fuploads%2Fsites%2F209%2FStolperstein-Jesus-Dalmau-08.jpg&amp;h=230&amp;q=90&amp;f=.jpg\" alt=\"\" width=\"153\" height=\"230\" \/><\/a><\/li><li><a href=\"https:\/\/www.memoria.cat\/deportats\/wp-content\/uploads\/sites\/209\/Stolperstein-Jesus-Dalmau-24.jpg\"><img loading=\"lazy\" decoding=\"async\" src=\"https:\/\/www.memoria.cat\/deportats\/wp-content\/plugins\/justified-image-grid\/timthumb.php?src=https%3A%2F%2Fwww.memoria.cat%2Fdeportats%2Fwp-content%2Fuploads%2Fsites%2F209%2FStolperstein-Jesus-Dalmau-24.jpg&amp;h=230&amp;q=90&amp;f=.jpg\" alt=\"\" width=\"306\" height=\"230\" \/><\/a><\/li><li><a href=\"https:\/\/www.memoria.cat\/deportats\/wp-content\/uploads\/sites\/209\/Stolperstein-Jesus-Dalmau-25.jpg\"><img loading=\"lazy\" decoding=\"async\" src=\"https:\/\/www.memoria.cat\/deportats\/wp-content\/plugins\/justified-image-grid\/timthumb.php?src=https%3A%2F%2Fwww.memoria.cat%2Fdeportats%2Fwp-content%2Fuploads%2Fsites%2F209%2FStolperstein-Jesus-Dalmau-25.jpg&amp;h=230&amp;q=90&amp;f=.jpg\" alt=\"\" width=\"306\" height=\"230\" \/><\/a><\/li><li><a href=\"https:\/\/www.memoria.cat\/deportats\/wp-content\/uploads\/sites\/209\/Stolperstein-Jesus-Dalmau-26.jpg\"><img loading=\"lazy\" decoding=\"async\" src=\"https:\/\/www.memoria.cat\/deportats\/wp-content\/plugins\/justified-image-grid\/timthumb.php?src=https%3A%2F%2Fwww.memoria.cat%2Fdeportats%2Fwp-content%2Fuploads%2Fsites%2F209%2FStolperstein-Jesus-Dalmau-26.jpg&amp;h=230&amp;q=90&amp;f=.jpg\" alt=\"\" width=\"306\" height=\"230\" \/><\/a><\/li><li><a href=\"https:\/\/www.memoria.cat\/deportats\/wp-content\/uploads\/sites\/209\/Stolperstein-Jesus-Dalmau-02.jpg\"><img loading=\"lazy\" decoding=\"async\" src=\"https:\/\/www.memoria.cat\/deportats\/wp-content\/plugins\/justified-image-grid\/timthumb.php?src=https%3A%2F%2Fwww.memoria.cat%2Fdeportats%2Fwp-content%2Fuploads%2Fsites%2F209%2FStolperstein-Jesus-Dalmau-02.jpg&amp;h=230&amp;q=90&amp;f=.jpg\" alt=\"\" width=\"345\" height=\"230\" \/><\/a><\/li><li><a href=\"https:\/\/www.memoria.cat\/deportats\/wp-content\/uploads\/sites\/209\/Stolperstein-Jesus-Dalmau-03.jpg\"><img loading=\"lazy\" decoding=\"async\" src=\"https:\/\/www.memoria.cat\/deportats\/wp-content\/plugins\/justified-image-grid\/timthumb.php?src=https%3A%2F%2Fwww.memoria.cat%2Fdeportats%2Fwp-content%2Fuploads%2Fsites%2F209%2FStolperstein-Jesus-Dalmau-03.jpg&amp;h=230&amp;q=90&amp;f=.jpg\" alt=\"\" width=\"345\" height=\"230\" \/><\/a><\/li><li><a href=\"https:\/\/www.memoria.cat\/deportats\/wp-content\/uploads\/sites\/209\/Stolperstein-Jesus-Dalmau-18.jpg\"><img loading=\"lazy\" decoding=\"async\" src=\"https:\/\/www.memoria.cat\/deportats\/wp-content\/plugins\/justified-image-grid\/timthumb.php?src=https%3A%2F%2Fwww.memoria.cat%2Fdeportats%2Fwp-content%2Fuploads%2Fsites%2F209%2FStolperstein-Jesus-Dalmau-18.jpg&amp;h=230&amp;q=90&amp;f=.jpg\" alt=\"\" width=\"408\" height=\"230\" \/><\/a><\/li><li><a href=\"https:\/\/www.memoria.cat\/deportats\/wp-content\/uploads\/sites\/209\/Stolperstein-Jesus-Dalmau-17.jpg\"><img loading=\"lazy\" decoding=\"async\" src=\"https:\/\/www.memoria.cat\/deportats\/wp-content\/plugins\/justified-image-grid\/timthumb.php?src=https%3A%2F%2Fwww.memoria.cat%2Fdeportats%2Fwp-content%2Fuploads%2Fsites%2F209%2FStolperstein-Jesus-Dalmau-17.jpg&amp;h=230&amp;q=90&amp;f=.jpg\" alt=\"\" width=\"129\" height=\"230\" \/><\/a><\/li><li><a href=\"https:\/\/www.memoria.cat\/deportats\/wp-content\/uploads\/sites\/209\/Stolperstein-Jesus-Dalmau-27.jpg\"><img loading=\"lazy\" decoding=\"async\" src=\"https:\/\/www.memoria.cat\/deportats\/wp-content\/plugins\/justified-image-grid\/timthumb.php?src=https%3A%2F%2Fwww.memoria.cat%2Fdeportats%2Fwp-content%2Fuploads%2Fsites%2F209%2FStolperstein-Jesus-Dalmau-27.jpg&amp;h=230&amp;q=90&amp;f=.jpg\" alt=\"\" width=\"306\" height=\"230\" \/><\/a><\/li><li><a href=\"https:\/\/www.memoria.cat\/deportats\/wp-content\/uploads\/sites\/209\/Stolperstein-Jesus-Dalmau-06.jpg\"><img loading=\"lazy\" decoding=\"async\" src=\"https:\/\/www.memoria.cat\/deportats\/wp-content\/plugins\/justified-image-grid\/timthumb.php?src=https%3A%2F%2Fwww.memoria.cat%2Fdeportats%2Fwp-content%2Fuploads%2Fsites%2F209%2FStolperstein-Jesus-Dalmau-06.jpg&amp;h=230&amp;q=90&amp;f=.jpg\" alt=\"\" width=\"345\" height=\"230\" \/><\/a><\/li><li><a href=\"https:\/\/www.memoria.cat\/deportats\/wp-content\/uploads\/sites\/209\/Stolperstein-Jesus-Dalmau-19.jpg\"><img loading=\"lazy\" decoding=\"async\" src=\"https:\/\/www.memoria.cat\/deportats\/wp-content\/plugins\/justified-image-grid\/timthumb.php?src=https%3A%2F%2Fwww.memoria.cat%2Fdeportats%2Fwp-content%2Fuploads%2Fsites%2F209%2FStolperstein-Jesus-Dalmau-19.jpg&amp;h=230&amp;q=90&amp;f=.jpg\" alt=\"\" width=\"408\" height=\"230\" \/><\/a><\/li><li><a href=\"https:\/\/www.memoria.cat\/deportats\/wp-content\/uploads\/sites\/209\/Stolperstein-Jesus-Dalmau-07.jpg\"><img loading=\"lazy\" decoding=\"async\" src=\"https:\/\/www.memoria.cat\/deportats\/wp-content\/plugins\/justified-image-grid\/timthumb.php?src=https%3A%2F%2Fwww.memoria.cat%2Fdeportats%2Fwp-content%2Fuploads%2Fsites%2F209%2FStolperstein-Jesus-Dalmau-07.jpg&amp;h=230&amp;q=90&amp;f=.jpg\" alt=\"\" width=\"153\" height=\"230\" \/><\/a><\/li><li><a href=\"https:\/\/www.memoria.cat\/deportats\/wp-content\/uploads\/sites\/209\/Stolperstein-Jesus-Dalmau-09.jpg\"><img loading=\"lazy\" decoding=\"async\" src=\"https:\/\/www.memoria.cat\/deportats\/wp-content\/plugins\/justified-image-grid\/timthumb.php?src=https%3A%2F%2Fwww.memoria.cat%2Fdeportats%2Fwp-content%2Fuploads%2Fsites%2F209%2FStolperstein-Jesus-Dalmau-09.jpg&amp;h=230&amp;q=90&amp;f=.jpg\" alt=\"\" width=\"345\" height=\"230\" \/><\/a><\/li><li><a href=\"https:\/\/www.memoria.cat\/deportats\/wp-content\/uploads\/sites\/209\/Stolperstein-Jesus-Dalmau-10.jpg\"><img loading=\"lazy\" decoding=\"async\" src=\"https:\/\/www.memoria.cat\/deportats\/wp-content\/plugins\/justified-image-grid\/timthumb.php?src=https%3A%2F%2Fwww.memoria.cat%2Fdeportats%2Fwp-content%2Fuploads%2Fsites%2F209%2FStolperstein-Jesus-Dalmau-10.jpg&amp;h=230&amp;q=90&amp;f=.jpg\" alt=\"\" width=\"153\" height=\"230\" \/><\/a><\/li><li><a href=\"https:\/\/www.memoria.cat\/deportats\/wp-content\/uploads\/sites\/209\/Stolperstein-Jesus-Dalmau-11.jpg\"><img loading=\"lazy\" decoding=\"async\" src=\"https:\/\/www.memoria.cat\/deportats\/wp-content\/plugins\/justified-image-grid\/timthumb.php?src=https%3A%2F%2Fwww.memoria.cat%2Fdeportats%2Fwp-content%2Fuploads%2Fsites%2F209%2FStolperstein-Jesus-Dalmau-11.jpg&amp;h=230&amp;q=90&amp;f=.jpg\" alt=\"\" width=\"345\" height=\"230\" \/><\/a><\/li><li><a href=\"https:\/\/www.memoria.cat\/deportats\/wp-content\/uploads\/sites\/209\/Stolperstein-Jesus-Dalmau-12.jpg\"><img loading=\"lazy\" decoding=\"async\" src=\"https:\/\/www.memoria.cat\/deportats\/wp-content\/plugins\/justified-image-grid\/timthumb.php?src=https%3A%2F%2Fwww.memoria.cat%2Fdeportats%2Fwp-content%2Fuploads%2Fsites%2F209%2FStolperstein-Jesus-Dalmau-12.jpg&amp;h=230&amp;q=90&amp;f=.jpg\" alt=\"\" width=\"153\" height=\"230\" \/><\/a><\/li><li><a href=\"https:\/\/www.memoria.cat\/deportats\/wp-content\/uploads\/sites\/209\/Stolperstein-Jesus-Dalmau-14.jpg\"><img loading=\"lazy\" decoding=\"async\" src=\"https:\/\/www.memoria.cat\/deportats\/wp-content\/plugins\/justified-image-grid\/timthumb.php?src=https%3A%2F%2Fwww.memoria.cat%2Fdeportats%2Fwp-content%2Fuploads%2Fsites%2F209%2FStolperstein-Jesus-Dalmau-14.jpg&amp;h=230&amp;q=90&amp;f=.jpg\" alt=\"\" width=\"129\" height=\"230\" \/><\/a><\/li><\/ul><\/noscript><\/div>\n<p><a href=\"https:\/\/www.memoria.cat\/wp-content\/uploads\/sites\/209\/Text-neboda-Jesus-Dalmau-col-locacio-llamborda.pdf\" target=\"_blank\" rel=\"noopener\">Text llegit per la fam\u00edlia.<\/a><\/p>\n","protected":false},"excerpt":{"rendered":"<p>Dades biogr\u00e0fiques En esclatar la guerra civil, Jes\u00fas Dalmau vivia al carrer de Canonge Montany\u00e0, 12, 2n 1a, amb el seu pare Ramon, la mare Eug\u00e8nia, i els seus germans Concepci\u00f3, de 20 anys i Tom\u00e0s, de 15. Havia nascut a Manresa el desembre de 1916 i tenia, per tant, 19 anys. Treballava a la [&hellip;]<\/p>\n","protected":false},"author":87,"featured_media":0,"parent":0,"menu_order":0,"comment_status":"closed","ping_status":"closed","template":"","meta":{"footnotes":""},"class_list":["post-1609","page","type-page","status-publish","hentry"],"_links":{"self":[{"href":"https:\/\/www.memoria.cat\/deportats\/wp-json\/wp\/v2\/pages\/1609","targetHints":{"allow":["GET"]}}],"collection":[{"href":"https:\/\/www.memoria.cat\/deportats\/wp-json\/wp\/v2\/pages"}],"about":[{"href":"https:\/\/www.memoria.cat\/deportats\/wp-json\/wp\/v2\/types\/page"}],"author":[{"embeddable":true,"href":"https:\/\/www.memoria.cat\/deportats\/wp-json\/wp\/v2\/users\/87"}],"replies":[{"embeddable":true,"href":"https:\/\/www.memoria.cat\/deportats\/wp-json\/wp\/v2\/comments?post=1609"}],"version-history":[{"count":0,"href":"https:\/\/www.memoria.cat\/deportats\/wp-json\/wp\/v2\/pages\/1609\/revisions"}],"wp:attachment":[{"href":"https:\/\/www.memoria.cat\/deportats\/wp-json\/wp\/v2\/media?parent=1609"}],"curies":[{"name":"wp","href":"https:\/\/api.w.org\/{rel}","templated":true}]}}