{"id":1594,"date":"2017-10-25T09:20:06","date_gmt":"2017-10-25T09:20:06","guid":{"rendered":"https:\/\/www.memoria.cat\/deportats\/enric-munt-costa\/"},"modified":"2017-12-25T12:55:30","modified_gmt":"2017-12-25T12:55:30","slug":"enric-munt-costa","status":"publish","type":"page","link":"https:\/\/www.memoria.cat\/deportats\/enric-munt-costa\/","title":{"rendered":"Enric Munt Costa"},"content":{"rendered":"<h2>Dades biogr\u00e0fiques<\/h2>\n<p>Enric Munt Costa \u00a0havia nascut a Manresa el 1906. Era fill de Joan Munt Pujol, de Santpedor, jornaler, i de Carme Costa Vilageliu, de Manresa. Fou el mitj\u00e0 de cinc germans barons, nascuts tots ells amb un any de difer\u00e8ncia respecte de l\u2019anterior.<\/p>\n<p>En esclatar la guerra civil, vivia al carrer d&#8217;en Bot\u00ed, n\u00fam.1, amb la seva mare Carme i tres dels seus germans, Josep, Lloren\u00e7 i Llu\u00eds, que tenien entre 28 i 31 anys. L\u2019altre germ\u00e0, en Carles, s\u2019havia casat i vivia amb la seva dona i una filla al carrer de la Font n\u00fam.18. Enric Munt treballava aleshores de ferroviari dels Catalans.<\/p>\n<p>Tenia 30 anys fets en produir-se el cop d\u2019estat feixista del 18 de juliol de 1936. No sabem si va anar al front ni com el va afectar la mobilitzaci\u00f3 general. Els ferroviaris eren considerats treballadors d\u2019un sector estrat\u00e8gic i tractats de manera diferent.<\/p>\n<p>El 1939 va exiliar-se a Fran\u00e7a i va estar al camp d&#8217;Argelers junt amb el seu germ\u00e0 Josep. Formant part d&#8217;una CTE (Companyia de Treballadors Espanyols) de l\u2019ex\u00e8rcit franc\u00e8s, van ser capturats per l&#8217;ex\u00e8rcit alemany en el conegut episodi de la bossa de Dunkerque. No van tenir, per\u00f2, la sort dels soldats brit\u00e0nics. La fam\u00edlia conserva una carta seva del 6 de juny de 1940 que va escriure al seu germ\u00e0 Josep. Aquest havia aconseguit saltar d&#8217;un tren. L&#8217;Enric, no.<\/p>\n<p>Fou recl\u00f2s com a presoner de guerra a l&#8217;stalag I-B de Hohenstein, prop d&#8217;Allenstein, a la regi\u00f3 de Pr\u00fassia Oriental, l\u2019actual Pol\u00f2nia. D&#8217;all\u00e0 va ser deportat a Mauthausen el 9 d\u2019agost de 1940, en el segon comboi de republicans espanyols enviat a un camp nazi.<\/p>\n<p>El grup deportat aquell dia -el segon de tots els que es van acabar produint des d\u2019aleshores fins a principis del 1942- el formaven 169 republicans espanyols. A Mauthausen va rebre el n\u00fam. 3.627. Mig any m\u00e9s tard, el 17 de febrer del 1941, fou enviat a Gusen, amb el n\u00fam. 10.247, on va morir l&#8217;1 d&#8217;octubre de 1941. Al registre de defunci\u00f3 hi apareix com a teixidor, solter, i el domicili, el del seu germ\u00e0 Carles, el n\u00fam. 18 del carrer de la Font. Sabem, pel padr\u00f3 municipal, que la seva mare havia mort el mes de febrer del 1939.<\/p>\n<h2>Fotografies<\/h2>\n<div id=\"jig1\" class=\"justified-image-grid jig-a2c5e7ba94a14a8125e75bd14b719159 jig-preset-c1 jig-source-wp-gallery jig-rml-id-51\"><div class=\"jig-clearfix\"><\/div><noscript id=\"jig1-html\" class=\"justified-image-grid-html\" data-lazy-src=\"skiplazyload\" data-src=\"skipunveillazyload\"><ul><li><a href=\"https:\/\/www.memoria.cat\/deportats\/wp-content\/uploads\/sites\/209\/Manresa-Mauthausen-Munt-foto01.jpg\" title=\"Els germans Munt amb el seu pare. L&#039;Enric sembla ser el segon de l&#039;esquerra.\"><img fetchpriority=\"high\" decoding=\"async\" src=\"https:\/\/www.memoria.cat\/deportats\/wp-content\/plugins\/justified-image-grid\/timthumb.php?src=https%3A%2F%2Fwww.memoria.cat%2Fdeportats%2Fwp-content%2Fuploads%2Fsites%2F209%2FManresa-Mauthausen-Munt-foto01.jpg&amp;h=230&amp;q=90&amp;f=.jpg\" alt=\"Els germans Munt amb el seu pare. L&#039;Enric sembla ser el segon de l&#039;esquerra.\" width=\"361\" height=\"230\" \/><\/a><p class=\"jig-HTMLdescription\">Els germans Munt amb el seu pare. L'Enric sembla ser el segon de l'esquerra.<\/p><\/li><\/ul><\/noscript><\/div>\n<h2>Documents<\/h2>\n<div id=\"jig2\" class=\"justified-image-grid jig-bd76f2ec4c20c1c9c6a9266435eb55aa jig-preset-c1 jig-source-wp-gallery jig-rml-id-52\"><div class=\"jig-clearfix\"><\/div><noscript id=\"jig2-html\" class=\"justified-image-grid-html\" data-lazy-src=\"skiplazyload\" data-src=\"skipunveillazyload\"><ul><li><a href=\"https:\/\/www.memoria.cat\/deportats\/wp-content\/uploads\/sites\/209\/Manresa-Mauthausen-Munt-01.jpg\" title=\"Acta de defunci\u00f3 d\u2019Enric Munt feta a Mauthausen. (Font: ITS Bad Arolsen)\"><img decoding=\"async\" src=\"https:\/\/www.memoria.cat\/deportats\/wp-content\/plugins\/justified-image-grid\/timthumb.php?src=https%3A%2F%2Fwww.memoria.cat%2Fdeportats%2Fwp-content%2Fuploads%2Fsites%2F209%2FManresa-Mauthausen-Munt-01.jpg&amp;h=230&amp;q=90&amp;f=.jpg\" alt=\"Acta de defunci\u00f3 d\u2019Enric Munt feta a Mauthausen. (Font: ITS Bad Arolsen)\" width=\"161\" height=\"230\" \/><\/a><p class=\"jig-HTMLdescription\">Acta de defunci\u00f3 d\u2019Enric Munt feta a Mauthausen. (Font: ITS Bad Arolsen)<\/p><\/li><li><a href=\"https:\/\/www.memoria.cat\/deportats\/wp-content\/uploads\/sites\/209\/Manresa-Mauthausen-Munt-02.jpg\" title=\"Acta de defunci\u00f3 d\u2019Enric Munt feta a Mauthausen. (Font: ITS Bad Arolsen)\"><img decoding=\"async\" src=\"https:\/\/www.memoria.cat\/deportats\/wp-content\/plugins\/justified-image-grid\/timthumb.php?src=https%3A%2F%2Fwww.memoria.cat%2Fdeportats%2Fwp-content%2Fuploads%2Fsites%2F209%2FManresa-Mauthausen-Munt-02.jpg&amp;h=230&amp;q=90&amp;f=.jpg\" alt=\"Acta de defunci\u00f3 d\u2019Enric Munt feta a Mauthausen. (Font: ITS Bad Arolsen)\" width=\"162\" height=\"230\" \/><\/a><p class=\"jig-HTMLdescription\">Acta de defunci\u00f3 d\u2019Enric Munt feta a Mauthausen. (Font: ITS Bad Arolsen)<\/p><\/li><\/ul><\/noscript><\/div>\n<h2>Col\u00b7locaci\u00f3\u00a0l&#8217;stolperstein (Carrer d&#8217;en Bot\u00ed 1)<\/h2>\n<div id=\"jig3\" class=\"justified-image-grid jig-0da136023f242d95399e4e701f532903 jig-preset-c2 jig-source-wp-gallery jig-rml-id-53\"><div class=\"jig-clearfix\"><\/div><noscript id=\"jig3-html\" class=\"justified-image-grid-html\" data-lazy-src=\"skiplazyload\" data-src=\"skipunveillazyload\"><ul><li><a href=\"https:\/\/www.memoria.cat\/deportats\/wp-content\/uploads\/sites\/209\/Stolperstein-Enric-Munt-Costa-02.jpg\"><img loading=\"lazy\" decoding=\"async\" src=\"https:\/\/www.memoria.cat\/deportats\/wp-content\/plugins\/justified-image-grid\/timthumb.php?src=https%3A%2F%2Fwww.memoria.cat%2Fdeportats%2Fwp-content%2Fuploads%2Fsites%2F209%2FStolperstein-Enric-Munt-Costa-02.jpg&amp;h=230&amp;q=90&amp;f=.jpg\" alt=\"\" width=\"153\" height=\"230\" \/><\/a><\/li><li><a href=\"https:\/\/www.memoria.cat\/deportats\/wp-content\/uploads\/sites\/209\/Stolperstein-Enric-Munt-Costa-01.jpg\"><img loading=\"lazy\" decoding=\"async\" src=\"https:\/\/www.memoria.cat\/deportats\/wp-content\/plugins\/justified-image-grid\/timthumb.php?src=https%3A%2F%2Fwww.memoria.cat%2Fdeportats%2Fwp-content%2Fuploads%2Fsites%2F209%2FStolperstein-Enric-Munt-Costa-01.jpg&amp;h=230&amp;q=90&amp;f=.jpg\" alt=\"\" width=\"153\" height=\"230\" \/><\/a><\/li><li><a href=\"https:\/\/www.memoria.cat\/deportats\/wp-content\/uploads\/sites\/209\/Stolperstein-Enric-Munt-Costa-12.jpg\"><img loading=\"lazy\" decoding=\"async\" src=\"https:\/\/www.memoria.cat\/deportats\/wp-content\/plugins\/justified-image-grid\/timthumb.php?src=https%3A%2F%2Fwww.memoria.cat%2Fdeportats%2Fwp-content%2Fuploads%2Fsites%2F209%2FStolperstein-Enric-Munt-Costa-12.jpg&amp;h=230&amp;q=90&amp;f=.jpg\" alt=\"\" width=\"230\" height=\"230\" \/><\/a><\/li><li><a href=\"https:\/\/www.memoria.cat\/deportats\/wp-content\/uploads\/sites\/209\/Stolperstein-Enric-Munt-Costa-11.jpg\"><img loading=\"lazy\" decoding=\"async\" src=\"https:\/\/www.memoria.cat\/deportats\/wp-content\/plugins\/justified-image-grid\/timthumb.php?src=https%3A%2F%2Fwww.memoria.cat%2Fdeportats%2Fwp-content%2Fuploads%2Fsites%2F209%2FStolperstein-Enric-Munt-Costa-11.jpg&amp;h=230&amp;q=90&amp;f=.jpg\" alt=\"\" width=\"345\" height=\"230\" \/><\/a><\/li><li><a href=\"https:\/\/www.memoria.cat\/deportats\/wp-content\/uploads\/sites\/209\/Stolperstein-Enric-Munt-Costa-10.jpg\"><img loading=\"lazy\" decoding=\"async\" src=\"https:\/\/www.memoria.cat\/deportats\/wp-content\/plugins\/justified-image-grid\/timthumb.php?src=https%3A%2F%2Fwww.memoria.cat%2Fdeportats%2Fwp-content%2Fuploads%2Fsites%2F209%2FStolperstein-Enric-Munt-Costa-10.jpg&amp;h=230&amp;q=90&amp;f=.jpg\" alt=\"\" width=\"345\" height=\"230\" \/><\/a><\/li><li><a href=\"https:\/\/www.memoria.cat\/deportats\/wp-content\/uploads\/sites\/209\/Stolperstein-Enric-Munt-Costa-03.jpg\"><img loading=\"lazy\" decoding=\"async\" src=\"https:\/\/www.memoria.cat\/deportats\/wp-content\/plugins\/justified-image-grid\/timthumb.php?src=https%3A%2F%2Fwww.memoria.cat%2Fdeportats%2Fwp-content%2Fuploads%2Fsites%2F209%2FStolperstein-Enric-Munt-Costa-03.jpg&amp;h=230&amp;q=90&amp;f=.jpg\" alt=\"\" width=\"153\" height=\"230\" \/><\/a><\/li><li><a href=\"https:\/\/www.memoria.cat\/deportats\/wp-content\/uploads\/sites\/209\/Stolperstein-Enric-Munt-Costa-05.jpg\"><img loading=\"lazy\" decoding=\"async\" src=\"https:\/\/www.memoria.cat\/deportats\/wp-content\/plugins\/justified-image-grid\/timthumb.php?src=https%3A%2F%2Fwww.memoria.cat%2Fdeportats%2Fwp-content%2Fuploads%2Fsites%2F209%2FStolperstein-Enric-Munt-Costa-05.jpg&amp;h=230&amp;q=90&amp;f=.jpg\" alt=\"\" width=\"153\" height=\"230\" \/><\/a><\/li><li><a href=\"https:\/\/www.memoria.cat\/deportats\/wp-content\/uploads\/sites\/209\/Stolperstein-Enric-Munt-Costa-06.jpg\"><img loading=\"lazy\" decoding=\"async\" src=\"https:\/\/www.memoria.cat\/deportats\/wp-content\/plugins\/justified-image-grid\/timthumb.php?src=https%3A%2F%2Fwww.memoria.cat%2Fdeportats%2Fwp-content%2Fuploads%2Fsites%2F209%2FStolperstein-Enric-Munt-Costa-06.jpg&amp;h=230&amp;q=90&amp;f=.jpg\" alt=\"\" width=\"153\" height=\"230\" \/><\/a><\/li><li><a href=\"https:\/\/www.memoria.cat\/deportats\/wp-content\/uploads\/sites\/209\/Stolperstein-Enric-Munt-Costa-07.jpg\"><img loading=\"lazy\" decoding=\"async\" src=\"https:\/\/www.memoria.cat\/deportats\/wp-content\/plugins\/justified-image-grid\/timthumb.php?src=https%3A%2F%2Fwww.memoria.cat%2Fdeportats%2Fwp-content%2Fuploads%2Fsites%2F209%2FStolperstein-Enric-Munt-Costa-07.jpg&amp;h=230&amp;q=90&amp;f=.jpg\" alt=\"\" width=\"345\" height=\"230\" \/><\/a><\/li><li><a href=\"https:\/\/www.memoria.cat\/deportats\/wp-content\/uploads\/sites\/209\/Stolperstein-Enric-Munt-Costa-13.jpg\"><img loading=\"lazy\" decoding=\"async\" src=\"https:\/\/www.memoria.cat\/deportats\/wp-content\/plugins\/justified-image-grid\/timthumb.php?src=https%3A%2F%2Fwww.memoria.cat%2Fdeportats%2Fwp-content%2Fuploads%2Fsites%2F209%2FStolperstein-Enric-Munt-Costa-13.jpg&amp;h=230&amp;q=90&amp;f=.jpg\" alt=\"\" width=\"230\" height=\"230\" \/><\/a><\/li><li><a href=\"https:\/\/www.memoria.cat\/deportats\/wp-content\/uploads\/sites\/209\/Stolperstein-Enric-Munt-Costa-08.jpg\"><img loading=\"lazy\" decoding=\"async\" src=\"https:\/\/www.memoria.cat\/deportats\/wp-content\/plugins\/justified-image-grid\/timthumb.php?src=https%3A%2F%2Fwww.memoria.cat%2Fdeportats%2Fwp-content%2Fuploads%2Fsites%2F209%2FStolperstein-Enric-Munt-Costa-08.jpg&amp;h=230&amp;q=90&amp;f=.jpg\" alt=\"\" width=\"345\" height=\"230\" \/><\/a><\/li><li><a href=\"https:\/\/www.memoria.cat\/deportats\/wp-content\/uploads\/sites\/209\/Stolperstein-Enric-Munt-Costa-04.jpg\"><img loading=\"lazy\" decoding=\"async\" src=\"https:\/\/www.memoria.cat\/deportats\/wp-content\/plugins\/justified-image-grid\/timthumb.php?src=https%3A%2F%2Fwww.memoria.cat%2Fdeportats%2Fwp-content%2Fuploads%2Fsites%2F209%2FStolperstein-Enric-Munt-Costa-04.jpg&amp;h=230&amp;q=90&amp;f=.jpg\" alt=\"\" width=\"153\" height=\"230\" \/><\/a><\/li><li><a href=\"https:\/\/www.memoria.cat\/deportats\/wp-content\/uploads\/sites\/209\/Stolperstein-Enric-Munt-Costa-09.jpg\"><img loading=\"lazy\" decoding=\"async\" src=\"https:\/\/www.memoria.cat\/deportats\/wp-content\/plugins\/justified-image-grid\/timthumb.php?src=https%3A%2F%2Fwww.memoria.cat%2Fdeportats%2Fwp-content%2Fuploads%2Fsites%2F209%2FStolperstein-Enric-Munt-Costa-09.jpg&amp;h=230&amp;q=90&amp;f=.jpg\" alt=\"\" width=\"345\" height=\"230\" \/><\/a><\/li><\/ul><\/noscript><\/div>\n","protected":false},"excerpt":{"rendered":"<p>Dades biogr\u00e0fiques Enric Munt Costa \u00a0havia nascut a Manresa el 1906. Era fill de Joan Munt Pujol, de Santpedor, jornaler, i de Carme Costa Vilageliu, de Manresa. Fou el mitj\u00e0 de cinc germans barons, nascuts tots ells amb un any de difer\u00e8ncia respecte de l\u2019anterior. En esclatar la guerra civil, vivia al carrer d&#8217;en Bot\u00ed, [&hellip;]<\/p>\n","protected":false},"author":87,"featured_media":0,"parent":0,"menu_order":0,"comment_status":"closed","ping_status":"closed","template":"","meta":{"iawp_total_views":31,"footnotes":""},"class_list":["post-1594","page","type-page","status-publish","hentry"],"_links":{"self":[{"href":"https:\/\/www.memoria.cat\/deportats\/wp-json\/wp\/v2\/pages\/1594","targetHints":{"allow":["GET"]}}],"collection":[{"href":"https:\/\/www.memoria.cat\/deportats\/wp-json\/wp\/v2\/pages"}],"about":[{"href":"https:\/\/www.memoria.cat\/deportats\/wp-json\/wp\/v2\/types\/page"}],"author":[{"embeddable":true,"href":"https:\/\/www.memoria.cat\/deportats\/wp-json\/wp\/v2\/users\/87"}],"replies":[{"embeddable":true,"href":"https:\/\/www.memoria.cat\/deportats\/wp-json\/wp\/v2\/comments?post=1594"}],"version-history":[{"count":0,"href":"https:\/\/www.memoria.cat\/deportats\/wp-json\/wp\/v2\/pages\/1594\/revisions"}],"wp:attachment":[{"href":"https:\/\/www.memoria.cat\/deportats\/wp-json\/wp\/v2\/media?parent=1594"}],"curies":[{"name":"wp","href":"https:\/\/api.w.org\/{rel}","templated":true}]}}