{"id":75101,"date":"2024-06-06T10:28:05","date_gmt":"2024-06-06T09:28:05","guid":{"rendered":"https:\/\/www.memoria.cat\/creus\/?page_id=75101"},"modified":"2024-06-14T15:35:15","modified_gmt":"2024-06-14T14:35:15","slug":"8a-carta-de-ventura-gassol-a-jaume-creus-21-12-1942","status":"publish","type":"page","link":"https:\/\/www.memoria.cat\/creus\/8a-carta-de-ventura-gassol-a-jaume-creus-21-12-1942\/","title":{"rendered":"8\u00aa Carta de Ventura Gassol a Jaume Creus (21\/12\/1942)"},"content":{"rendered":"<p>&nbsp;<\/p>\n<p align=\"right\"><i>Rebuda el 19\/2\/43<\/i><\/p>\n<p>Lausanne 21-XII-1942<\/p>\n<p>Pension Georgette<\/p>\n<p>3, Georgette<\/p>\n<p>&nbsp;<\/p>\n<p>Estimat amic Creus, com em dol no poder venir a felicitar-te el Nadal personalment. El metge ja m\u2019ha donat d\u2019alta i jo em sento refet, per\u00f2 no donen encara autoritzacions de sortida i aix\u00f2 fa que l\u2019haur\u00e9 de passar a Su\u00efssa.<\/p>\n<p>No vull per\u00f2 deixar de dir-te com em recordo de tu i de la teva cosina i dels teus i com uns desitjo un bon Nadal. Que aquesta pau interior que sempre duu aquesta festa sigui el preludi d\u2019aquella altra que tots desitgem per a tots els homes i tots els pobles.<\/p>\n<p>Molt t\u2019agrair\u00e9 que felicitis de la teva part tots els nostres amics estimats[:] Maci\u00e0, Guerra, del Valle i els altres amics que encara es trobin\u00a0ac\u00ed, aix\u00ed com a tots els de baix quan els escriguis.<\/p>\n<p>Jo torno ja a treballar com un home i \u00e9s el treball que m\u2019ajuda a servar la meva fe i la meva esperan\u00e7a. Estic acabant una obra de teatre.<\/p>\n<p>Tu ja est\u00e0s ben bo? Cuida\u2019t for\u00e7a.<\/p>\n<p>Amb records per a la cosina i amics i tu rep aquella abra\u00e7ada de sempre del germ\u00e0 que t\u2019estima<\/p>\n<p style=\"text-align: center\"><span class=\"text-petit\"><a href=\"https:\/\/www.memoria.cat\/creus\/poesies-cartes-i-telegrames-de-ventura-gassol-16\/\">Tornar a &#8220;Reproducci\u00f3 de l\u2019epistolari&#8230;&#8221;<\/a><\/span><\/p>\n","protected":false},"excerpt":{"rendered":"<p>&nbsp; Rebuda el 19\/2\/43 Lausanne 21-XII-1942 Pension Georgette 3, Georgette &nbsp; Estimat amic Creus, com em dol no poder venir a felicitar-te el Nadal personalment. El metge ja m\u2019ha donat d\u2019alta i jo em sento refet, per\u00f2 no donen encara autoritzacions de sortida i aix\u00f2 fa que l\u2019haur\u00e9 de passar a Su\u00efssa. No vull per\u00f2 [&hellip;]<\/p>\n","protected":false},"author":66,"featured_media":0,"parent":0,"menu_order":0,"comment_status":"closed","ping_status":"closed","template":"","meta":{"iawp_total_views":0,"footnotes":""},"class_list":["post-75101","page","type-page","status-publish","hentry"],"_links":{"self":[{"href":"https:\/\/www.memoria.cat\/creus\/wp-json\/wp\/v2\/pages\/75101","targetHints":{"allow":["GET"]}}],"collection":[{"href":"https:\/\/www.memoria.cat\/creus\/wp-json\/wp\/v2\/pages"}],"about":[{"href":"https:\/\/www.memoria.cat\/creus\/wp-json\/wp\/v2\/types\/page"}],"author":[{"embeddable":true,"href":"https:\/\/www.memoria.cat\/creus\/wp-json\/wp\/v2\/users\/66"}],"replies":[{"embeddable":true,"href":"https:\/\/www.memoria.cat\/creus\/wp-json\/wp\/v2\/comments?post=75101"}],"version-history":[{"count":0,"href":"https:\/\/www.memoria.cat\/creus\/wp-json\/wp\/v2\/pages\/75101\/revisions"}],"wp:attachment":[{"href":"https:\/\/www.memoria.cat\/creus\/wp-json\/wp\/v2\/media?parent=75101"}],"curies":[{"name":"wp","href":"https:\/\/api.w.org\/{rel}","templated":true}]}}