{"id":74089,"date":"2024-03-18T09:53:38","date_gmt":"2024-03-18T08:53:38","guid":{"rendered":"https:\/\/www.memoria.cat\/creus\/?page_id=74089"},"modified":"2024-06-30T10:06:42","modified_gmt":"2024-06-30T09:06:42","slug":"transcripcio-de-la-carta-de-carme-ballester-2","status":"publish","type":"page","link":"https:\/\/www.memoria.cat\/creus\/transcripcio-de-la-carta-de-carme-ballester-2\/","title":{"rendered":"Transcripci\u00f3 de la carta de Carme Ballester"},"content":{"rendered":"<p>Gr\u00e0cies, estimat amic, pels vostres bons vots. Al meu torn vos desitjo un any nou millor i feli\u00e7 [i], particularment, bona salut. La pau i la tranquil\u00b7litat d\u2019esperit&#8230; per la nostra P\u00e0tria.<\/p>\n<p>Amb l\u2019afecte de sempre!<\/p>\n<p>La vostra vella amiga<\/p>\n<p>Carme<\/p>\n<p>Via Sant Jordi, agrupaci\u00f3 7, n\u00ba 7182.<\/p>\n<p>87, Rue de la Pompe \u2013 Paris 16\u00ba<\/p>\n<p>POI 52-24<\/p>\n<p style=\"text-align: center\"><span class=\"text-petit\"><a href=\"https:\/\/www.memoria.cat\/creus\/targeta-de-carme-ballester-vidua-de-lluis-companys-2\/\">Tornar a &#8220;Carta de Carme Ballester, v\u00eddua de Llu\u00eds Companys&#8221;<\/a><\/span><\/p>\n","protected":false},"excerpt":{"rendered":"<p>Gr\u00e0cies, estimat amic, pels vostres bons vots. Al meu torn vos desitjo un any nou millor i feli\u00e7 [i], particularment, bona salut. La pau i la tranquil\u00b7litat d\u2019esperit&#8230; per la nostra P\u00e0tria. Amb l\u2019afecte de sempre! La vostra vella amiga Carme Via Sant Jordi, agrupaci\u00f3 7, n\u00ba 7182. 87, Rue de la Pompe \u2013 Paris [&hellip;]<\/p>\n","protected":false},"author":66,"featured_media":0,"parent":0,"menu_order":0,"comment_status":"closed","ping_status":"closed","template":"","meta":{"footnotes":""},"class_list":["post-74089","page","type-page","status-publish","hentry"],"_links":{"self":[{"href":"https:\/\/www.memoria.cat\/creus\/wp-json\/wp\/v2\/pages\/74089","targetHints":{"allow":["GET"]}}],"collection":[{"href":"https:\/\/www.memoria.cat\/creus\/wp-json\/wp\/v2\/pages"}],"about":[{"href":"https:\/\/www.memoria.cat\/creus\/wp-json\/wp\/v2\/types\/page"}],"author":[{"embeddable":true,"href":"https:\/\/www.memoria.cat\/creus\/wp-json\/wp\/v2\/users\/66"}],"replies":[{"embeddable":true,"href":"https:\/\/www.memoria.cat\/creus\/wp-json\/wp\/v2\/comments?post=74089"}],"version-history":[{"count":0,"href":"https:\/\/www.memoria.cat\/creus\/wp-json\/wp\/v2\/pages\/74089\/revisions"}],"wp:attachment":[{"href":"https:\/\/www.memoria.cat\/creus\/wp-json\/wp\/v2\/media?parent=74089"}],"curies":[{"name":"wp","href":"https:\/\/api.w.org\/{rel}","templated":true}]}}