{"id":74083,"date":"2024-03-18T09:54:53","date_gmt":"2024-03-18T08:54:53","guid":{"rendered":"https:\/\/www.memoria.cat\/creus\/?page_id=74083"},"modified":"2024-07-07T11:33:36","modified_gmt":"2024-07-07T10:33:36","slug":"targeta-de-carme-ballester-vidua-de-lluis-companys-2","status":"publish","type":"page","link":"https:\/\/www.memoria.cat\/creus\/targeta-de-carme-ballester-vidua-de-lluis-companys-2\/","title":{"rendered":"Targeta de Carme Ballester, v\u00eddua de Llu\u00eds Companys"},"content":{"rendered":"<p>Targeta enviada a Jaume Creus des de Par\u00eds per Carme Ballester, v\u00eddua de Llu\u00eds Companys. El document, sense data, \u00e9s acompanyat d\u2019una imatge de l\u2019antiga tomba del president de la Generalitat al cementiri de Montju\u00efc i una fitxa amb les refer\u00e8ncies del n\u00ednxol on fou inhumat despr\u00e9s del seu afusellament. Al damunt, s\u2019hi pot llegir \u201cMorta\u201d, escrit amb llapis i en diagonal, segurament en refer\u00e8ncia a la defunci\u00f3 de la segona esposa de Companys, el 1972. A sota hi apareix el nom del gendre del president, H\u00e8ctor Gal\u00ed.<\/p>\n<p style=\"text-align: center\"><div id=\"jig1\" class=\"justified-image-grid jig-590e612522f8b1d0df10f64f20f4624a jig-preset-c2 jig-source-wp-gallery jig-rml-id-47\"><div class=\"jig-clearfix\"><\/div><noscript id=\"jig1-html\" class=\"justified-image-grid-html\" data-lazy-src=\"skiplazyload\" data-src=\"skipunveillazyload\"><ul><li><a href=\"https:\/\/www.memoria.cat\/creus\/wp-content\/uploads\/sites\/159\/2024\/03\/carme-ballester-1.jpg\"><img fetchpriority=\"high\" decoding=\"async\" src=\"https:\/\/www.memoria.cat\/creus\/wp-content\/uploads\/sites\/159\/2024\/03\/carme-ballester-1.jpg\" alt=\"\" width=\"471\" height=\"230\" \/><\/a><\/li><li><a href=\"https:\/\/www.memoria.cat\/creus\/wp-content\/uploads\/sites\/159\/2024\/03\/carme-ballester-2.jpg\"><img decoding=\"async\" src=\"https:\/\/www.memoria.cat\/creus\/wp-content\/uploads\/sites\/159\/2024\/03\/carme-ballester-2.jpg\" alt=\"\" width=\"374\" height=\"230\" \/><\/a><\/li><li><a href=\"https:\/\/www.memoria.cat\/creus\/wp-content\/uploads\/sites\/159\/2024\/03\/carme-ballester-3.jpg\"><img decoding=\"async\" src=\"https:\/\/www.memoria.cat\/creus\/wp-content\/uploads\/sites\/159\/2024\/03\/carme-ballester-3.jpg\" alt=\"\" width=\"382\" height=\"230\" \/><\/a><\/li><li><a href=\"https:\/\/www.memoria.cat\/creus\/wp-content\/uploads\/sites\/159\/2024\/03\/carme-ballester-4.jpg\"><img loading=\"lazy\" decoding=\"async\" src=\"https:\/\/www.memoria.cat\/creus\/wp-content\/uploads\/sites\/159\/2024\/03\/carme-ballester-4.jpg\" alt=\"\" width=\"380\" height=\"230\" \/><\/a><\/li><li><a href=\"https:\/\/www.memoria.cat\/creus\/wp-content\/uploads\/sites\/159\/2024\/03\/carme-ballester-5.jpg\"><img loading=\"lazy\" decoding=\"async\" src=\"https:\/\/www.memoria.cat\/creus\/wp-content\/uploads\/sites\/159\/2024\/03\/carme-ballester-5.jpg\" alt=\"\" width=\"363\" height=\"230\" \/><\/a><\/li><\/ul><\/noscript><\/div><\/p>\n<p style=\"text-align: center\"><span class=\"text-petit\"><a href=\"https:\/\/www.memoria.cat\/creus\/transcripcio-de-la-carta-de-carme-ballester-2\/\">Transcripci\u00f3 de la carta<\/a><\/span><\/p>\n<p>&nbsp;<\/p>\n<p>&nbsp;<\/p>\n<h2>D\u2019on han sorgit aquests documents?<\/h2>\n<div class=\"cont\">\n<p>&nbsp;<\/p>\n<p>Arran de la not\u00edcia de l\u2019aparici\u00f3 de les cinc cartes in\u00e8dites de Llu\u00eds Companys i altra documentaci\u00f3 rellevant que havia conservat Jaume Creus i Ventura -que va publicar el nostre web el passat 13 d\u2019octubre-, el Sr. Llu\u00eds Willaert, de Barcelona, es va posar en contacte amb nosaltres i ens va manifestar que havia estat dentista de Jaume Creus, que hi havia mantingut una estreta amistat i que conservava documentaci\u00f3 seva. Immediatament ens vam veure i ens va lliurar diversos documents de Jaume Creus perqu\u00e8 els incorpor\u00e9ssim al web que li hem dedicat i els ingress\u00e9ssim a l\u2019Arxiu Nacional de Catalunya.<\/p>\n<p>La documentaci\u00f3 aportada per Llu\u00eds Willaert t\u00e9 un gran valor hist\u00f2ric. Compr\u00e8n diverses cartes de Pau Casals, Ventura Gassol, Joan Casanovas, Josep M. Batista i Roca, Joan Alavedra, Emili Granier Barrera i Josep Trueta. Tamb\u00e9 n\u2019hi ha de Josep Irla, Carme Ballester, Rovira i Virgili, Carles Card\u00f3 i Heribert Barrera.<\/p>\n<p>Tamb\u00e9 hi ha una dotzena de fotografies de l\u2019enterrament de Joan Casanovas, president del Parlament de Catalunya entre els anys 1933 i 1936, i dues fotografies de l\u2019homenatge que es va tributar a Pompeu Fabra, a Prada de Conflent, el 1948.<\/p>\n<\/div>\n","protected":false},"excerpt":{"rendered":"<p>Targeta enviada a Jaume Creus des de Par\u00eds per Carme Ballester, v\u00eddua de Llu\u00eds Companys. El document, sense data, \u00e9s acompanyat d\u2019una imatge de l\u2019antiga tomba del president de la Generalitat al cementiri de Montju\u00efc i una fitxa amb les refer\u00e8ncies del n\u00ednxol on fou inhumat despr\u00e9s del seu afusellament. Al damunt, s\u2019hi pot llegir [&hellip;]<\/p>\n","protected":false},"author":66,"featured_media":0,"parent":0,"menu_order":0,"comment_status":"closed","ping_status":"closed","template":"","meta":{"footnotes":""},"class_list":["post-74083","page","type-page","status-publish","hentry"],"_links":{"self":[{"href":"https:\/\/www.memoria.cat\/creus\/wp-json\/wp\/v2\/pages\/74083","targetHints":{"allow":["GET"]}}],"collection":[{"href":"https:\/\/www.memoria.cat\/creus\/wp-json\/wp\/v2\/pages"}],"about":[{"href":"https:\/\/www.memoria.cat\/creus\/wp-json\/wp\/v2\/types\/page"}],"author":[{"embeddable":true,"href":"https:\/\/www.memoria.cat\/creus\/wp-json\/wp\/v2\/users\/66"}],"replies":[{"embeddable":true,"href":"https:\/\/www.memoria.cat\/creus\/wp-json\/wp\/v2\/comments?post=74083"}],"version-history":[{"count":0,"href":"https:\/\/www.memoria.cat\/creus\/wp-json\/wp\/v2\/pages\/74083\/revisions"}],"wp:attachment":[{"href":"https:\/\/www.memoria.cat\/creus\/wp-json\/wp\/v2\/media?parent=74083"}],"curies":[{"name":"wp","href":"https:\/\/api.w.org\/{rel}","templated":true}]}}