{"id":74013,"date":"2024-03-15T11:18:51","date_gmt":"2024-03-15T10:18:51","guid":{"rendered":"https:\/\/www.memoria.cat\/creus\/?page_id=74013"},"modified":"2024-09-23T08:49:54","modified_gmt":"2024-09-23T07:49:54","slug":"correspondencia-amb-enric-perez-farras","status":"publish","type":"page","link":"https:\/\/www.memoria.cat\/creus\/correspondencia-amb-enric-perez-farras\/","title":{"rendered":"Correspond\u00e8ncia amb Enric P\u00e9rez Farr\u00e0s"},"content":{"rendered":"<p>Correspond\u00e8ncia de Jaume Creus amb Enric P\u00e9rez Farr\u00e0s, que havia estat nomenat per Maci\u00e0 cap dels Mossos d\u2019Esquadra i que va participar en la defensa del Palau de la Generalitat durant els Fets d\u2019Octubre de 1934. En la seva missiva de novembre de 1939, el militar \u2013que durant la guerra fou assessor de la columna Durruti- confessa la seva desesperaci\u00f3 davant la necessitat d\u2019haver-se de fer c\u00e0rrec dels nou membres de la seva fam\u00edlia, sense gaireb\u00e9 recursos econ\u00f2mics ni documentaci\u00f3, i obligats a dormir a la intemp\u00e8rie. P\u00e9rez Farr\u00e0s \u2013nascut a Lleida el 1884- es queixa del migrat subsidi que rep del SERE (Servicio de Emigraci\u00f3n de los Refugiados Espa\u00f1oles) i exposa amargament el desemparament de qu\u00e8 se sent v\u00edctima per part de les autoritats republicanes a exili. En la seva resposta \u2013anterior a la mort de Companys- Jaume Creus no estalvia cr\u00edtiques al president de la Generalitat i, en general, als \u201c<em>responsables de la nostra desfeta<\/em>\u201d que \u201c<em>s\u2019estan donant la gran vida<\/em>\u201d, alhora que mostra la seva simpatia per Joan Casanovas, expresident del Parlament de Catalunya.<\/p>\n<p>Enric P\u00e9rez Farr\u00e0s s\u2019exiliaria posteriorment a M\u00e8xic, on moriria el 1949.<\/p>\n<p style=\"text-align: center\"><span class=\"text-petit\"><a href=\"https:\/\/www.memoria.cat\/creus\/frases-mes-destacades-de-la-correspondencia-entre-jaume-creus-i-enric-perez-farras\/\">Veure les frases m\u00e9s destacades<\/a><\/span><\/p>\n<p>&nbsp;<\/p>\n<h5 style=\"text-align: center\">1a carta de Jaume Creus a Enric P\u00e9rez Farr\u00e0s (28\/7\/1939)<\/h5>\n<p style=\"text-align: center\"><div id=\"jig1\" class=\"justified-image-grid jig-8393ebf5f7fce5c5568a1dd87dfcf0a8 jig-preset-c2 jig-source-wp-gallery jig-rml-id-41\"><div class=\"jig-clearfix\"><\/div><noscript id=\"jig1-html\" class=\"justified-image-grid-html\" data-lazy-src=\"skiplazyload\" data-src=\"skipunveillazyload\"><ul><li><a href=\"https:\/\/www.memoria.cat\/creus\/wp-content\/uploads\/sites\/159\/2024\/03\/img9860-scaled.jpg\"><img decoding=\"async\" src=\"https:\/\/www.memoria.cat\/creus\/wp-content\/uploads\/sites\/159\/2024\/03\/img9860-scaled.jpg\" alt=\"\" width=\"177\" height=\"230\" \/><\/a><\/li><\/ul><\/noscript><\/div><\/p>\n<p style=\"text-align: center\"><span class=\"text-petit\"><a href=\"https:\/\/www.memoria.cat\/creus\/transcripcio-de-la-1a-carta-de-jaume-creus-a-enric-perez-farras-28-7-1939\/\">Transcripci\u00f3 de la carta<\/a><\/span><\/p>\n<p>&nbsp;<\/p>\n<h5 style=\"text-align: center\">Carta d&#8217;Enric P\u00e9rez Farr\u00e0s a Jaume Creus (4\/11\/1939)<\/h5>\n<p style=\"text-align: center\"><div id=\"jig2\" class=\"justified-image-grid jig-4c5af3badddd0b01abdde92bfa62b22a jig-preset-c2 jig-source-wp-gallery jig-rml-id-42\"><div class=\"jig-clearfix\"><\/div><noscript id=\"jig2-html\" class=\"justified-image-grid-html\" data-lazy-src=\"skiplazyload\" data-src=\"skipunveillazyload\"><ul><li><a href=\"https:\/\/www.memoria.cat\/creus\/wp-content\/uploads\/sites\/159\/2024\/03\/img9858.jpg\" title=\"img9858\"><img decoding=\"async\" src=\"https:\/\/www.memoria.cat\/creus\/wp-content\/uploads\/sites\/159\/2024\/03\/img9858.jpg\" alt=\"img9858\" width=\"183\" height=\"230\" \/><\/a><p class=\"jig-HTMLdescription\">img9858<\/p><\/li><li><a href=\"https:\/\/www.memoria.cat\/creus\/wp-content\/uploads\/sites\/159\/2024\/03\/img9859-scaled.jpg\"><img decoding=\"async\" src=\"https:\/\/www.memoria.cat\/creus\/wp-content\/uploads\/sites\/159\/2024\/03\/img9859-scaled.jpg\" alt=\"\" width=\"179\" height=\"230\" \/><\/a><\/li><\/ul><\/noscript><\/div><\/p>\n<p style=\"text-align: center\"><span class=\"text-petit\"><a href=\"https:\/\/www.memoria.cat\/creus\/transcripcio-de-la-carta-denric-perez-farras-a-jaume-creus-4-11-1939\/\">Transcripci\u00f3 de la carta<\/a><\/span><\/p>\n<p>&nbsp;<\/p>\n<h5 style=\"text-align: center\">2a carta de Jaume Creus a Enric P\u00e9rez Farr\u00e0s (6\/12\/1939)<\/h5>\n<p style=\"text-align: center\"><div id=\"jig3\" class=\"justified-image-grid jig-95c03d311773e6eaad4070ed3b4bbf43 jig-preset-c2 jig-source-wp-gallery jig-rml-id-43\"><div class=\"jig-clearfix\"><\/div><noscript id=\"jig3-html\" class=\"justified-image-grid-html\" data-lazy-src=\"skiplazyload\" data-src=\"skipunveillazyload\"><ul><li><a href=\"https:\/\/www.memoria.cat\/creus\/wp-content\/uploads\/sites\/159\/2024\/03\/img9856-scaled.jpg\"><img loading=\"lazy\" decoding=\"async\" src=\"https:\/\/www.memoria.cat\/creus\/wp-content\/uploads\/sites\/159\/2024\/03\/img9856-scaled.jpg\" alt=\"\" width=\"179\" height=\"230\" \/><\/a><\/li><li><a href=\"https:\/\/www.memoria.cat\/creus\/wp-content\/uploads\/sites\/159\/2024\/03\/img9857.jpg\" title=\"img9857\"><img loading=\"lazy\" decoding=\"async\" src=\"https:\/\/www.memoria.cat\/creus\/wp-content\/uploads\/sites\/159\/2024\/03\/img9857.jpg\" alt=\"img9857\" width=\"180\" height=\"230\" \/><\/a><p class=\"jig-HTMLdescription\">img9857<\/p><\/li><\/ul><\/noscript><\/div><\/p>\n<p style=\"text-align: center\"><span class=\"text-petit\"><a href=\"https:\/\/www.memoria.cat\/creus\/transcripcio-de-la-2a-carta-de-jaume-creus-a-enric-perez-farras-6-12-1939\/\">Transcripci\u00f3 de la carta<\/a><\/span><\/p>\n<p>&nbsp;<\/p>\n<p>Proced\u00e8ncia de la documentaci\u00f3:<\/p>\n<p>Arxiu Comarcal del Pallars Sobir\u00e0. Fons Esteve Albert i Corp. Jaume Creus, 1967. ACPS-1-T2-1188.<\/p>\n<p>&nbsp;<\/p>\n<p>&nbsp;<\/p>\n","protected":false},"excerpt":{"rendered":"<p>Correspond\u00e8ncia de Jaume Creus amb Enric P\u00e9rez Farr\u00e0s, que havia estat nomenat per Maci\u00e0 cap dels Mossos d\u2019Esquadra i que va participar en la defensa del Palau de la Generalitat durant els Fets d\u2019Octubre de 1934. En la seva missiva de novembre de 1939, el militar \u2013que durant la guerra fou assessor de la columna [&hellip;]<\/p>\n","protected":false},"author":66,"featured_media":0,"parent":0,"menu_order":0,"comment_status":"closed","ping_status":"closed","template":"","meta":{"footnotes":""},"class_list":["post-74013","page","type-page","status-publish","hentry"],"_links":{"self":[{"href":"https:\/\/www.memoria.cat\/creus\/wp-json\/wp\/v2\/pages\/74013","targetHints":{"allow":["GET"]}}],"collection":[{"href":"https:\/\/www.memoria.cat\/creus\/wp-json\/wp\/v2\/pages"}],"about":[{"href":"https:\/\/www.memoria.cat\/creus\/wp-json\/wp\/v2\/types\/page"}],"author":[{"embeddable":true,"href":"https:\/\/www.memoria.cat\/creus\/wp-json\/wp\/v2\/users\/66"}],"replies":[{"embeddable":true,"href":"https:\/\/www.memoria.cat\/creus\/wp-json\/wp\/v2\/comments?post=74013"}],"version-history":[{"count":0,"href":"https:\/\/www.memoria.cat\/creus\/wp-json\/wp\/v2\/pages\/74013\/revisions"}],"wp:attachment":[{"href":"https:\/\/www.memoria.cat\/creus\/wp-json\/wp\/v2\/media?parent=74013"}],"curies":[{"name":"wp","href":"https:\/\/api.w.org\/{rel}","templated":true}]}}