{"id":73858,"date":"2024-03-06T16:10:37","date_gmt":"2024-03-06T15:10:37","guid":{"rendered":"https:\/\/www.memoria.cat\/creus\/?page_id=73858"},"modified":"2024-07-10T09:28:39","modified_gmt":"2024-07-10T08:28:39","slug":"carta-de-vicenc-guarner","status":"publish","type":"page","link":"https:\/\/www.memoria.cat\/creus\/carta-de-vicenc-guarner\/","title":{"rendered":"Carta de Vicen\u00e7 Guarner"},"content":{"rendered":"<p>Targeta postal escrita el mar\u00e7 de 1941 a Jaume Creus des de Casablanca \u2013al Marroc franc\u00e8s, on es trobava exiliat-, per Vicen\u00e7 Guarner i Vivanco, que fou responsable dels serveis d\u2019ordre p\u00fablic de la Generalitat, sotssecretari de la Conselleria de Defensa i cap de l\u2019estat major de l\u2019Ex\u00e8ricit de l\u2019Est. L\u2019autor \u2013germ\u00e0 del tamb\u00e9 militar\u00a0<a href=\"https:\/\/www.memoria.cat\/creus\/carta-de-vicenc-guarner\/\">Josep Guarner-<\/a> informa de la situaci\u00f3 de diferents exiliats republicans i li recomana a Jaume Creus de traslladar-se al Marroc franc\u00e8s, on \u201c<em>estareu millor que en Fran\u00e7a<\/em>\u201d. Despr\u00e9s de la rendici\u00f3 francesa davant els alemanys (juny de 1940), Guarner fou detingut per la Gestapo i se salv\u00e0 de ser deportat a Espanya gr\u00e0cies a la intervenci\u00f3 del general franc\u00e8s Verg\u00e8s, que havia estat professor seu. M\u00e9s endavant s\u2019exili\u00e0 a M\u00e8xic, on arrib\u00e0 a ser coronel de l\u2019ex\u00e8rcit.<\/p>\n<p style=\"text-align: center\"><div id=\"jig1\" class=\"justified-image-grid jig-9538e762d1873eafbdb2abe07cd8d42c jig-preset-c2 jig-source-wp-gallery jig-rml-id-18\"><div class=\"jig-clearfix\"><\/div><noscript id=\"jig1-html\" class=\"justified-image-grid-html\" data-lazy-src=\"skiplazyload\" data-src=\"skipunveillazyload\"><ul><li><a href=\"https:\/\/www.memoria.cat\/creus\/wp-content\/uploads\/sites\/159\/2024\/03\/guarner-1.jpg\"><img fetchpriority=\"high\" decoding=\"async\" src=\"https:\/\/www.memoria.cat\/creus\/wp-content\/uploads\/sites\/159\/2024\/03\/guarner-1.jpg\" alt=\"\" width=\"362\" height=\"230\" \/><\/a><\/li><li><a href=\"https:\/\/www.memoria.cat\/creus\/wp-content\/uploads\/sites\/159\/2024\/03\/guarner-2.jpg\"><img decoding=\"async\" src=\"https:\/\/www.memoria.cat\/creus\/wp-content\/uploads\/sites\/159\/2024\/03\/guarner-2.jpg\" alt=\"\" width=\"374\" height=\"230\" \/><\/a><\/li><\/ul><\/noscript><\/div><\/p>\n<p style=\"text-align: center\"><span class=\"text-petit\"><a href=\"https:\/\/www.memoria.cat\/creus\/transcripcio-de-la-carta-de-vicenc-guarner\/\"><strong>Transcripci\u00f3<\/strong> de<strong> la carta<\/strong><\/a><\/span><\/p>\n<p>&nbsp;<\/p>\n<h2>D\u2019on han sorgit aquests documents?<\/h2>\n<p>Arran de la not\u00edcia de l\u2019aparici\u00f3 de les cinc cartes in\u00e8dites de Llu\u00eds Companys i altra documentaci\u00f3 rellevant que havia conservat Jaume Creus i Ventura -que va publicar el nostre web el passat 13 d\u2019octubre-, el Sr. Llu\u00eds Willaert, de Barcelona, es va posar en contacte amb nosaltres i ens va manifestar que havia estat dentista de Jaume Creus, que hi havia mantingut una estreta amistat i que conservava documentaci\u00f3 seva. Immediatament ens vam veure i ens va lliurar diversos documents de Jaume Creus perqu\u00e8 els incorpor\u00e9ssim al web que li hem dedicat i els ingress\u00e9ssim a l\u2019Arxiu Nacional de Catalunya.<\/p>\n<p>La documentaci\u00f3 aportada per Llu\u00eds Willaert t\u00e9 un gran valor hist\u00f2ric. Compr\u00e8n diverses cartes de Pau Casals, Ventura Gassol, Joan Casanovas, Josep M. Batista i Roca, Joan Alavedra, Emili Granier Barrera i Josep Trueta. Tamb\u00e9 n\u2019hi ha de Josep Irla, Carme Ballester, Rovira i Virgili, Carles Card\u00f3 i Heribert Barrera.<\/p>\n<p>Tamb\u00e9 hi ha una dotzena de fotografies de l\u2019enterrament de Joan Casanovas, president del Parlament de Catalunya entre els anys 1933 i 1936, i dues fotografies de l\u2019homenatge que es va tributar a Pompeu Fabra, a Prada de Conflent, el 1948.<\/p>\n<p>&nbsp;<\/p>\n","protected":false},"excerpt":{"rendered":"<p>Targeta postal escrita el mar\u00e7 de 1941 a Jaume Creus des de Casablanca \u2013al Marroc franc\u00e8s, on es trobava exiliat-, per Vicen\u00e7 Guarner i Vivanco, que fou responsable dels serveis d\u2019ordre p\u00fablic de la Generalitat, sotssecretari de la Conselleria de Defensa i cap de l\u2019estat major de l\u2019Ex\u00e8ricit de l\u2019Est. L\u2019autor \u2013germ\u00e0 del tamb\u00e9 militar\u00a0Josep [&hellip;]<\/p>\n","protected":false},"author":66,"featured_media":0,"parent":0,"menu_order":0,"comment_status":"closed","ping_status":"closed","template":"","meta":{"footnotes":""},"class_list":["post-73858","page","type-page","status-publish","hentry"],"_links":{"self":[{"href":"https:\/\/www.memoria.cat\/creus\/wp-json\/wp\/v2\/pages\/73858","targetHints":{"allow":["GET"]}}],"collection":[{"href":"https:\/\/www.memoria.cat\/creus\/wp-json\/wp\/v2\/pages"}],"about":[{"href":"https:\/\/www.memoria.cat\/creus\/wp-json\/wp\/v2\/types\/page"}],"author":[{"embeddable":true,"href":"https:\/\/www.memoria.cat\/creus\/wp-json\/wp\/v2\/users\/66"}],"replies":[{"embeddable":true,"href":"https:\/\/www.memoria.cat\/creus\/wp-json\/wp\/v2\/comments?post=73858"}],"version-history":[{"count":0,"href":"https:\/\/www.memoria.cat\/creus\/wp-json\/wp\/v2\/pages\/73858\/revisions"}],"wp:attachment":[{"href":"https:\/\/www.memoria.cat\/creus\/wp-json\/wp\/v2\/media?parent=73858"}],"curies":[{"name":"wp","href":"https:\/\/api.w.org\/{rel}","templated":true}]}}