{"id":73729,"date":"2024-02-29T09:57:01","date_gmt":"2024-02-29T08:57:01","guid":{"rendered":"https:\/\/www.memoria.cat\/creus\/?page_id=73729"},"modified":"2024-09-16T16:16:23","modified_gmt":"2024-09-16T15:16:23","slug":"carta-dheribert-barrera","status":"publish","type":"page","link":"https:\/\/www.memoria.cat\/creus\/carta-dheribert-barrera\/","title":{"rendered":"Carta d&#8217;Heribert Barrera"},"content":{"rendered":"<p>Heribert Barrera envia a Jaume Creus una c\u00f2pia del reglament del Casal Catal\u00e0 de Montpeller en resposta a la seva sol\u00b7licitud.\u00a0Barrera li desitja &#8220;<em>bona sort en l&#8217;organitzaci\u00f3 del Casal\u00a0<\/em>[a Saint Girons]<em>. Nosaltres aqu\u00ed no ens marxa tan b\u00e9 com voldr\u00edem, entre altres raons perqu\u00e8 no hi ha estufa, hi fa fred i aleshores la gent no hi va<\/em>&#8220;. Tamb\u00e9 transmet a Creus &#8220;molts records&#8221; del seu pare (Mart\u00ed Barrera).<\/p>\n<p style=\"text-align: center\"><div id=\"jig1\" class=\"justified-image-grid jig-656cb745d405a9863134a4dfa4f0534d jig-preset-c2 jig-source-wp-gallery jig-rml-id-6\"><div class=\"jig-clearfix\"><\/div><noscript id=\"jig1-html\" class=\"justified-image-grid-html\" data-lazy-src=\"skiplazyload\" data-src=\"skipunveillazyload\"><ul><li><a href=\"https:\/\/www.memoria.cat\/creus\/wp-content\/uploads\/sites\/159\/2024\/02\/img7518.jpg\" title=\"img7518\"><img decoding=\"async\" src=\"https:\/\/www.memoria.cat\/creus\/wp-content\/uploads\/sites\/159\/2024\/02\/img7518.jpg\" alt=\"img7518\" width=\"146\" height=\"230\" \/><\/a><p class=\"jig-HTMLdescription\">img7518<\/p><\/li><li><a href=\"https:\/\/www.memoria.cat\/creus\/wp-content\/uploads\/sites\/159\/2024\/02\/img7519.jpg\" title=\"img7519\"><img decoding=\"async\" src=\"https:\/\/www.memoria.cat\/creus\/wp-content\/uploads\/sites\/159\/2024\/02\/img7519.jpg\" alt=\"img7519\" width=\"149\" height=\"230\" \/><\/a><p class=\"jig-HTMLdescription\">img7519<\/p><\/li><\/ul><\/noscript><\/div><\/p>\n<p style=\"text-align: center\"><span class=\"text-petit\"><a href=\"https:\/\/www.memoria.cat\/creus\/transcripcio-de-la-carta-dheribert-barrera-a-jaume-creus\/\">Transcripci\u00f3 de la carta<\/a><\/span><\/p>\n<p>&nbsp;<\/p>\n<h2>D\u2019on han sorgit aquests documents?<\/h2>\n<p>Arran de la not\u00edcia de l\u2019aparici\u00f3 de les cinc cartes in\u00e8dites de Llu\u00eds Companys i altra documentaci\u00f3 rellevant que havia conservat Jaume Creus i Ventura -que va publicar el nostre web el passat 13 d\u2019octubre-, el Sr. Llu\u00eds Willaert, de Barcelona, es va posar en contacte amb nosaltres i ens va manifestar que havia estat dentista de Jaume Creus, que hi havia mantingut una estreta amistat i que conservava documentaci\u00f3 seva. Immediatament ens vam veure i ens va lliurar diversos documents de Jaume Creus perqu\u00e8 els incorpor\u00e9ssim al web que li hem dedicat i els ingress\u00e9ssim a l\u2019Arxiu Nacional de Catalunya.<\/p>\n<p>La documentaci\u00f3 aportada per Llu\u00eds Willaert t\u00e9 un gran valor hist\u00f2ric. Compr\u00e8n diverses cartes de Pau Casals, Ventura Gassol, Joan Casanovas, Josep M. Batista i Roca, Joan Alavedra, Emili Granier Barrera i Josep Trueta. Tamb\u00e9 n\u2019hi ha de Josep Irla, Carme Ballester, Rovira i Virgili, Carles Card\u00f3 i Heribert Barrera.<\/p>\n<p>Tamb\u00e9 hi ha una dotzena de fotografies de l\u2019enterrament de Joan Casanovas, president del Parlament de Catalunya entre els anys 1933 i 1936, i dues fotografies de l\u2019homenatge que es va tributar a Pompeu Fabra, a Prada de Conflent, el 1948.<\/p>\n<p>&nbsp;<\/p>\n","protected":false},"excerpt":{"rendered":"<p>Heribert Barrera envia a Jaume Creus una c\u00f2pia del reglament del Casal Catal\u00e0 de Montpeller en resposta a la seva sol\u00b7licitud.\u00a0Barrera li desitja &#8220;bona sort en l&#8217;organitzaci\u00f3 del Casal\u00a0[a Saint Girons]. Nosaltres aqu\u00ed no ens marxa tan b\u00e9 com voldr\u00edem, entre altres raons perqu\u00e8 no hi ha estufa, hi fa fred i aleshores la gent [&hellip;]<\/p>\n","protected":false},"author":66,"featured_media":0,"parent":0,"menu_order":0,"comment_status":"closed","ping_status":"closed","template":"","meta":{"footnotes":""},"class_list":["post-73729","page","type-page","status-publish","hentry"],"_links":{"self":[{"href":"https:\/\/www.memoria.cat\/creus\/wp-json\/wp\/v2\/pages\/73729","targetHints":{"allow":["GET"]}}],"collection":[{"href":"https:\/\/www.memoria.cat\/creus\/wp-json\/wp\/v2\/pages"}],"about":[{"href":"https:\/\/www.memoria.cat\/creus\/wp-json\/wp\/v2\/types\/page"}],"author":[{"embeddable":true,"href":"https:\/\/www.memoria.cat\/creus\/wp-json\/wp\/v2\/users\/66"}],"replies":[{"embeddable":true,"href":"https:\/\/www.memoria.cat\/creus\/wp-json\/wp\/v2\/comments?post=73729"}],"version-history":[{"count":0,"href":"https:\/\/www.memoria.cat\/creus\/wp-json\/wp\/v2\/pages\/73729\/revisions"}],"wp:attachment":[{"href":"https:\/\/www.memoria.cat\/creus\/wp-json\/wp\/v2\/media?parent=73729"}],"curies":[{"name":"wp","href":"https:\/\/api.w.org\/{rel}","templated":true}]}}