{"id":73404,"date":"2019-11-11T13:18:10","date_gmt":"2019-11-11T12:18:10","guid":{"rendered":"https:\/\/www.memoria.cat\/nova-conventsantaclara\/?page_id=73404"},"modified":"2020-10-08T10:16:01","modified_gmt":"2020-10-08T09:16:01","slug":"portada","status":"publish","type":"page","link":"https:\/\/www.memoria.cat\/conventsantaclara\/","title":{"rendered":"Portada"},"content":{"rendered":"<p>En aquest web us oferim les transcripcions de tres documents in\u00e8dits d\u2019una gran rellev\u00e0ncia hist\u00f2rica. Es tracta de tres cr\u00f2niques manuscrites redactades per les monges dominiques del Convent de Santa Clara de Manresa.<\/p>\n<p><a href=\"https:\/\/www.memoria.cat\/nova-conventsantaclara\/wp-content\/uploads\/sites\/50\/2020\/09\/Cro%CC%80nica-del-monestir-de-Santa-Clara.-Vol.-1.pdf\">La primera cr\u00f2nica transcrita \u00e9s la d\u2019un volum de 83 fulls que fou redactat en diferents moments compresos entre els anys 1602 i 1908<\/a>. S\u2019inicia amb la narraci\u00f3 del final de la comunitat de monges clarisses i l\u2019arribada de les monges dominiques el 1602. Posteriorment es van descrivint les diverses obres i millores, les donacions, la gesti\u00f3 econ\u00f2mica i la vida de la comunitat.<\/p>\n<p>Un cap\u00edtol significatiu \u00e9s el que explica els tripijocs \u2013alguns d\u2019ells no massa legals- que van fer el segle XIX per evitar que els b\u00e9ns afectats per les lleis de desamortitzaci\u00f3 passessin a l\u2019Estat<\/p>\n<p>S\u2019hi descriuen fets hist\u00f2rics rellevants com l\u2019incendi de Manresa el 13 d\u2019agost del 1713 (conten que van cremar i es van enderrocar m\u00e9s de 600 cases); la Guerra de Successi\u00f3; les carlinades i, especialment, la Guerra del Franc\u00e8s, quan les monges van haver de sortir del convent diverses vegades per a refugiar-se en llocs segurs i quan el convent i l\u2019esgl\u00e9sia van ser saquejats i es van cremar imatges, altars, orgue i cor.<\/p>\n<p>El text tamb\u00e9 parla de l\u2019epid\u00e8mia de c\u00f2lera del 1854. Explica que el 4 d\u2019agost hi va haver el primer mort a Manresa. De 25 monges de la comunitat, 12 es van veure afectades pel c\u00f2lera i dues d\u2019elles van morir. Tamb\u00e9 parlen d\u2019un segon brot el 1885 i de les processons que van fer per demanar ajuda divina.<\/p>\n<p>Finalment, parlen dels efectes devastadors que va produir l\u2019aiguat del 1907.<\/p>\n<p><a href=\"https:\/\/www.memoria.cat\/nova-conventsantaclara\/wp-content\/uploads\/sites\/50\/2020\/09\/dietari_del_convent_de_santa_clara_de_manresa._setmana_tragica.pdf\">Al segon document es relaten els fets de la Setmana Tr\u00e0gica (1909)<\/a>, que a la capital del Bages tingu\u00e9 una gran incid\u00e8ncia i que va comportar l\u2019exclaustraci\u00f3 de les monges durant cinc dies. S\u2019hi descriu la seva angoixa en veure que els escamots revolucionaris ja havien comen\u00e7at a cremar esgl\u00e9sies, la sortida del convent i el seu refugi en cases de familiars i ve\u00efns. Gr\u00e0cies a aquest document podem saber que el Convent de Santa Clara va acollir les monges de les Caputxines i les de l\u2019Ensenyan\u00e7a, despr\u00e9s de l\u2019incendi.<\/p>\n<p><a href=\"https:\/\/www.memoria.cat\/nova-conventsantaclara\/wp-content\/uploads\/sites\/50\/2020\/09\/dietari_del_convent_de_santa_clara_de_manresa_1922-1958.pdf\">L\u2019altre document \u00e9s el dietari dels fets que afectaren la comunitat entre els anys 1922 i 1958<\/a>. S\u2019hi parla de la seva vida interna: les celebracions religioses, les visites\u00a0 de personalitats eclesi\u00e0stiques, les diferents obres de millora, la malaltia i mort d\u2019algunes monges, les donacions de diners i b\u00e9ns mobles, etc. S\u2019hi constata tamb\u00e9 la \u201cpena\u201d que els produeix la proclamaci\u00f3 de la Rep\u00fablica. El cap\u00edtol m\u00e9s extens, per\u00f2, \u00e9s dedicat als fets succe\u00efts el juliol de 1936, quan es veuen obligades novament a sortir del convent i a refugiar-se en diferents cases, tret de quatre monges que s\u2019instal\u00b7len a casa d\u2019un capell\u00e0, que acabar\u00e0 sent detingut pels revolucionaris. S\u2019hi descriu l\u2019entrada al convent d\u2019un grup armat, les destrosses ocasionades i el progressiu retorn a la normalitat el 1939, amb la recuperaci\u00f3 d\u2019una part de documentaci\u00f3 i de b\u00e9ns salvats durant la guerra.<\/p>\n<p>Els documents presenten un gran inter\u00e8s no nom\u00e9s per con\u00e8ixer la hist\u00f2ria del convent sin\u00f3 tamb\u00e9 la de Manresa, ja que s\u2019hi descriuen diferents fets de gran transcend\u00e8ncia ciutadana. Alguns dels esdeveniments narrats eren completament desconeguts fins ara.<\/p>\n<p>En aquest web podeu llegir tamb\u00e9\u00a0<a href=\"https:\/\/www.memoria.cat\/conventsantaclara\/valoracio-historica-dels-textos\/\">la valoraci\u00f3 que dels tres documents fa Marc Torras, director de l\u2019Arxiu Comarcal del Bages<\/a>. Tamb\u00e9 s\u2019hi inclou\u00a0una tria dels fragments m\u00e9s significatius.<\/p>\n<p>Hem respectat l\u2019ortografia original dels textos. Nom\u00e9s n\u2019hem corregit l\u2019accentuaci\u00f3 i la puntuaci\u00f3 per facilitar-ne la lectura i comprensi\u00f3. A partir del 1939, despr\u00e9s de l\u2019ocupaci\u00f3 franquista, el text apareix redactat en castell\u00e0.<\/p>\n<p>Agra\u00efm a la comunitat del Convent de Santa Clara que ens hagi facilitat la difusi\u00f3 d\u2019aquests documents hist\u00f2rics.<\/p>\n<p>&nbsp;<\/p>\n","protected":false},"excerpt":{"rendered":"<p>En aquest web us oferim les transcripcions de tres documents in\u00e8dits d\u2019una gran rellev\u00e0ncia hist\u00f2rica. Es tracta de tres cr\u00f2niques manuscrites redactades per les monges dominiques del Convent de Santa Clara de Manresa. La primera cr\u00f2nica transcrita \u00e9s la d\u2019un volum de 83 fulls que fou redactat en diferents moments compresos entre els anys 1602 [&hellip;]<\/p>\n","protected":false},"author":1,"featured_media":0,"parent":0,"menu_order":0,"comment_status":"closed","ping_status":"closed","template":"","meta":{"iawp_total_views":20,"footnotes":""},"class_list":["post-73404","page","type-page","status-publish","hentry"],"_links":{"self":[{"href":"https:\/\/www.memoria.cat\/conventsantaclara\/wp-json\/wp\/v2\/pages\/73404","targetHints":{"allow":["GET"]}}],"collection":[{"href":"https:\/\/www.memoria.cat\/conventsantaclara\/wp-json\/wp\/v2\/pages"}],"about":[{"href":"https:\/\/www.memoria.cat\/conventsantaclara\/wp-json\/wp\/v2\/types\/page"}],"author":[{"embeddable":true,"href":"https:\/\/www.memoria.cat\/conventsantaclara\/wp-json\/wp\/v2\/users\/1"}],"replies":[{"embeddable":true,"href":"https:\/\/www.memoria.cat\/conventsantaclara\/wp-json\/wp\/v2\/comments?post=73404"}],"version-history":[{"count":0,"href":"https:\/\/www.memoria.cat\/conventsantaclara\/wp-json\/wp\/v2\/pages\/73404\/revisions"}],"wp:attachment":[{"href":"https:\/\/www.memoria.cat\/conventsantaclara\/wp-json\/wp\/v2\/media?parent=73404"}],"curies":[{"name":"wp","href":"https:\/\/api.w.org\/{rel}","templated":true}]}}